{"id":754893,"date":"2025-08-28T06:24:37","date_gmt":"2025-08-28T03:24:37","guid":{"rendered":"https:\/\/roveyayinevi.com.tr\/index.php\/urun\/terorizm-2\/"},"modified":"2026-04-16T03:08:15","modified_gmt":"2026-04-16T00:08:15","slug":"terorizm-2","status":"publish","type":"product","link":"https:\/\/roveyayinevi.com.tr\/index.php\/urun\/terorizm-2\/","title":{"rendered":"Ter\u00f6rizm"},"content":{"rendered":"<p>Bu \u00e7al\u0131\u015fman\u0131n amac\u0131 siyaset bilimi \u00e7er\u00e7evesinde ter\u00f6rizm \u00fczerinde teorik ve ampirik bir inceleme denemesinde bulunmakt\u0131r. B\u00f6ylece ter\u00f6rizm kavram\u0131na ve tarih\u00ee geli\u015fmesine \u0131\u015f\u0131k tutmakta; ter\u00f6rizmin ge\u00e7mi\u015fle olan ba\u011flant\u0131s\u0131n\u0131, gelece\u011fe y\u00f6nelik e\u011filimlerini ortaya \u00e7\u0131karmaktad\u0131r.   Kitap, ayn\u0131 zamanda 12 Eyl\u00fcl 1980 \u00f6ncesinde genel olarak T\u00fcrkiye, \u00f6zel olarak Fatsa\u2019da ya\u015fanan ter\u00f6r\u00fc ele almaktad\u0131r. T\u00fcrkiye\u2019deki ter\u00f6r tarihinde Fatsa\u2019n\u0131n yerini ve Fatsa\u2019da ter\u00f6r\u00fc ger\u00e7ekle\u015ftiren Devrimci Yol \u00f6rg\u00fct\u00fcn\u00fcn kaynakland\u0131\u011f\u0131 THKP-C ile ayn\u0131 d\u00f6nemin di\u011fer ter\u00f6r \u00f6rg\u00fctlerini tahlil etmektedir.   \u00c7al\u0131\u015fman\u0131n \u00f6zg\u00fcn taraf\u0131, yazar\u0131n b\u00f6lge sakinleri, m\u00fclk\u00ee ve mahall\u00ee idareciler, gazeteciler ve ilgili davaya bakan h\u00e2kimlerle; ter\u00f6r eylemlerini yapan \u00f6rg\u00fcte ve yak\u0131n \u00f6rg\u00fctlere ba\u011fl\u0131 eski ter\u00f6ristlerle derin m\u00fcl\u00e2katlar yaparak Fatsa\u2019daki ter\u00f6r\u00fc a\u00e7\u0131klamakta taraflar\u0131n g\u00f6r\u00fc\u015f, te\u015fhis ve tespitlerini dikkate almas\u0131d\u0131r.   Ter\u00f6rizm: Fatsa\u2019da Ter\u00f6r, T\u00fcrkiye\u2019de ter\u00f6r\u00fcn sebepleri, kaynaklar\u0131 ve \u00f6zellikleri incelenirken, \u00f6nce ter\u00f6r\u00fc ger\u00e7ekle\u015ftiren \u00f6rg\u00fctleri analizle i\u015fe ba\u015flamak, sonra toplumsal ve ekonomik sorunlara, mahall\u00ee ve konjonkt\u00fcrel \u00f6zelliklere do\u011fru gitmek \u015feklinde bir yol haritas\u0131 sunmaktad\u0131r.<\/p>\n","protected":false},"excerpt":{"rendered":"<p>Bu \u00e7al\u0131\u015fman\u0131n amac\u0131 siyaset bilimi \u00e7er\u00e7evesinde ter\u00f6rizm \u00fczerinde teorik ve ampirik bir inceleme denemesinde bulunmakt\u0131r. B\u00f6ylece ter\u00f6rizm kavram\u0131na ve tarih\u00ee geli\u015fmesine \u0131\u015f\u0131k tutmakta; ter\u00f6rizmin ge\u00e7mi\u015fle olan<span class=\"excerpt-hellip\"> [\u2026]<\/span><\/p>\n","protected":false},"featured_media":0,"template":"","meta":{"_monsterinsights_skip_tracking":false,"_monsterinsights_sitenote_active":false,"_monsterinsights_sitenote_note":"","_monsterinsights_sitenote_category":0},"product_brand":[],"product_cat":[13590,12337],"product_tag":[],"class_list":{"0":"post-754893","1":"product","2":"type-product","3":"status-publish","5":"product_cat-arastirma-inceleme-politika-siyaset","6":"product_cat-politika-siyaset","7":"pa_cilt-ciltsiz","8":"pa_tur-kitap","9":"pa_yayinevi-liberte-yayinlari","10":"pa_yazar-atilla-yayla","12":"first","13":"instock","14":"sale","15":"shipping-taxable","16":"purchasable","17":"product-type-simple"},"_links":{"self":[{"href":"https:\/\/roveyayinevi.com.tr\/index.php\/wp-json\/wp\/v2\/product\/754893","targetHints":{"allow":["GET"]}}],"collection":[{"href":"https:\/\/roveyayinevi.com.tr\/index.php\/wp-json\/wp\/v2\/product"}],"about":[{"href":"https:\/\/roveyayinevi.com.tr\/index.php\/wp-json\/wp\/v2\/types\/product"}],"wp:attachment":[{"href":"https:\/\/roveyayinevi.com.tr\/index.php\/wp-json\/wp\/v2\/media?parent=754893"}],"wp:term":[{"taxonomy":"product_brand","embeddable":true,"href":"https:\/\/roveyayinevi.com.tr\/index.php\/wp-json\/wp\/v2\/product_brand?post=754893"},{"taxonomy":"product_cat","embeddable":true,"href":"https:\/\/roveyayinevi.com.tr\/index.php\/wp-json\/wp\/v2\/product_cat?post=754893"},{"taxonomy":"product_tag","embeddable":true,"href":"https:\/\/roveyayinevi.com.tr\/index.php\/wp-json\/wp\/v2\/product_tag?post=754893"}],"curies":[{"name":"wp","href":"https:\/\/api.w.org\/{rel}","templated":true}]}}