{"id":754882,"date":"2025-08-28T06:24:16","date_gmt":"2025-08-28T03:24:16","guid":{"rendered":"https:\/\/roveyayinevi.com.tr\/index.php\/urun\/kizin-hikayesi\/"},"modified":"2026-04-16T03:08:15","modified_gmt":"2026-04-16T00:08:15","slug":"kizin-hikayesi","status":"publish","type":"product","link":"https:\/\/roveyayinevi.com.tr\/index.php\/urun\/kizin-hikayesi\/","title":{"rendered":"K\u0131z\u0131n Hikayesi"},"content":{"rendered":"<p>Nas\u0131l ki son bir sevgili, son bir bahar varsa son bir kitap da mutlaka olacakt\u0131r fakat bunun hangisi oldu\u011funu anlayacak hi\u00e7bir i\u015faret yok. Ba\u015f\u0131ndan beri \u201c58\u2019deki k\u0131z\u201d ad\u0131n\u0131 koydu\u011fum o k\u0131z hakk\u0131nda bir \u015fey yazamadan \u00f6lebilece\u011fim d\u00fc\u015f\u00fcncesi zihnimi kemiriyor. Bir g\u00fcn, onu hat\u0131rlayacak hi\u00e7 kimse kalmayacak. Bir ba\u015fkas\u0131n\u0131n de\u011fil, o k\u0131z\u0131n ya\u015fad\u0131\u011f\u0131 \u015fey a\u00e7\u0131klanmadan kalacak, bir hi\u00e7 u\u011fruna ya\u015fanm\u0131\u015f olacak. 1958 yaz\u0131. On sekiz ya\u015f\u0131ndaki Annie Duchesne, k\u00fc\u00e7\u00fck bir kafe-bakkal i\u015fleten ve varolu\u015flar\u0131yla kendisini utand\u0131ran ailesinin yan\u0131ndan bir yaz kamp\u0131nda e\u011fitmen olarak \u00e7al\u0131\u015fmak \u00fczere ayr\u0131l\u0131r. \u0130lk kez yaln\u0131z ve \u00f6zg\u00fcrd\u00fcr. Sofistike Frans\u0131z gen\u00e7leri aras\u0131nda onlar gibi olmaya, onlar gibi hissetmeye can atan bir gen\u00e7 k\u0131zd\u0131r. \u00c7ok ge\u00e7meden kamptaki ba\u015fe\u011fitmenle ge\u00e7irdi\u011fi ilk gecenin ard\u0131ndan iradesini onunkine teslim edecek ve kendini bir ba\u015fkas\u0131n\u0131n iradesi ve arzusu kar\u015f\u0131s\u0131nda ezilmi\u015f bulacakt\u0131r. Annie Ernaux\u2019nun hayat\u0131 boyunca yazmay\u0131 d\u00fc\u015f\u00fcnd\u00fc\u011f\u00fc kitap olarak tan\u0131mlad\u0131\u011f\u0131 K\u0131z\u0131n Hik\u00e2yesi bug\u00fcn\u00fcn Ernaux\u2019suyla 58\u2019deki gen\u00e7 k\u0131z\u0131 bulu\u015fturan son derece cesur ve a\u00e7\u0131ks\u00f6zl\u00fc bir metin. \u201cZaman\u0131n, \u015fimdiki benli\u011fimiz ile bir zamanlar sahip oldu\u011fumuz benli\u011fin aras\u0131na \u00f6rd\u00fc\u011f\u00fc a\u015f\u0131lmaz duvar\u0131n derin ve g\u00fczel bir incelemesi. Bu duvar\u0131n yaratt\u0131\u011f\u0131 h\u00fcsran\u0131, cazibeyi ve onu a\u015fmaya \u00e7al\u0131\u015f\u0131rken ya\u015fad\u0131\u011f\u0131m\u0131z kalp k\u0131r\u0131kl\u0131klar\u0131n\u0131, \u00f6zlemi bu denli canl\u0131 anlatan ba\u015fka bir kitap daha okumad\u0131m.\u201d Sheila Heti<\/p>\n","protected":false},"excerpt":{"rendered":"<p>Nas\u0131l ki son bir sevgili, son bir bahar varsa son bir kitap da mutlaka olacakt\u0131r fakat bunun hangisi oldu\u011funu anlayacak hi\u00e7bir i\u015faret yok. Ba\u015f\u0131ndan beri \u201c58\u2019deki<span class=\"excerpt-hellip\"> [\u2026]<\/span><\/p>\n","protected":false},"featured_media":0,"template":"","meta":{"_monsterinsights_skip_tracking":false,"_monsterinsights_sitenote_active":false,"_monsterinsights_sitenote_note":"","_monsterinsights_sitenote_category":0},"product_brand":[],"product_cat":[12291,12711],"product_tag":[],"class_list":{"0":"post-754882","1":"product","2":"type-product","3":"status-publish","5":"product_cat-edebiyat","6":"product_cat-roman-oyku","7":"pa_cilt-ciltsiz","8":"pa_tur-kitap","9":"pa_yayinevi-can-yayinlari","10":"pa_yazar-annie-ernaux","12":"first","13":"instock","14":"sale","15":"shipping-taxable","16":"purchasable","17":"product-type-simple"},"_links":{"self":[{"href":"https:\/\/roveyayinevi.com.tr\/index.php\/wp-json\/wp\/v2\/product\/754882","targetHints":{"allow":["GET"]}}],"collection":[{"href":"https:\/\/roveyayinevi.com.tr\/index.php\/wp-json\/wp\/v2\/product"}],"about":[{"href":"https:\/\/roveyayinevi.com.tr\/index.php\/wp-json\/wp\/v2\/types\/product"}],"wp:attachment":[{"href":"https:\/\/roveyayinevi.com.tr\/index.php\/wp-json\/wp\/v2\/media?parent=754882"}],"wp:term":[{"taxonomy":"product_brand","embeddable":true,"href":"https:\/\/roveyayinevi.com.tr\/index.php\/wp-json\/wp\/v2\/product_brand?post=754882"},{"taxonomy":"product_cat","embeddable":true,"href":"https:\/\/roveyayinevi.com.tr\/index.php\/wp-json\/wp\/v2\/product_cat?post=754882"},{"taxonomy":"product_tag","embeddable":true,"href":"https:\/\/roveyayinevi.com.tr\/index.php\/wp-json\/wp\/v2\/product_tag?post=754882"}],"curies":[{"name":"wp","href":"https:\/\/api.w.org\/{rel}","templated":true}]}}