{"id":754867,"date":"2025-08-28T06:23:44","date_gmt":"2025-08-28T03:23:44","guid":{"rendered":"https:\/\/roveyayinevi.com.tr\/index.php\/urun\/cocuk-4\/"},"modified":"2025-11-06T09:38:16","modified_gmt":"2025-11-06T06:38:16","slug":"cocuk-4","status":"publish","type":"product","link":"https:\/\/roveyayinevi.com.tr\/index.php\/urun\/cocuk-4\/","title":{"rendered":"\u00c7ocuk"},"content":{"rendered":"<p>ADIM S\u0130MON. ON YA\u015eINDAYIM VE B\u0130R SER\u0130 KAT\u0130L\u0130M.   Robert Stern eski sevgilisinden gelen tuhaf bir bulu\u015fma iste\u011fini kabul etti\u011finde asl\u0131nda \u00f6l\u00fcmle randevula\u015ft\u0131\u011f\u0131n\u0131n fark\u0131nda de\u011fildir. Onu bekleyenin 1,43 boyunda, spor ayakkab\u0131 giyen ve bo\u015f bir end\u00fcstriyel alanda hayat\u0131na g\u00fcl\u00fcmseyerek giren biri olaca\u011f\u0131 ise akl\u0131n\u0131n ucundan bile ge\u00e7memi\u015ftir. Savunma avukat\u0131 bu gizemli ve terk edilmi\u015f alanda yeni m\u00fc\u015fterisiyle tan\u0131\u015f\u0131nca \u015fa\u015fk\u0131na d\u00f6ner: On ya\u015f\u0131ndaki Simon \u00f6l\u00fcmc\u00fcl evreye ula\u015fm\u0131\u015f bir kanser hastas\u0131d\u0131r ve \u00f6nceki hayat\u0131nda \u00e7ok say\u0131da cinayet i\u015fledi\u011fini iddia etmektedir. Ama Stern\u2019in \u015fa\u015fk\u0131nl\u0131\u011f\u0131, Simon\u2019un tarif etti\u011fi bodrum kat\u0131nda bir insan iskeleti ile baltayla yar\u0131lm\u0131\u015f bir kafatas\u0131 buldu\u011funda deh\u015fete d\u00f6n\u00fc\u015f\u00fcr. Oysaki bu daha ba\u015flang\u0131\u00e7t\u0131r. Simon \u00f6nceki hayat\u0131nda \u00f6ld\u00fcrd\u00fc\u011f\u00fc di\u011fer insanlar\u0131n cesetlerinin yerini de Stern\u2019e s\u00f6yleyecek ve ge\u00e7mi\u015ften gelen bu gizemli cinayetler ikisinin de hayat\u0131n\u0131 tehdit edecektir.     \u201cSebastian Fitzek\u2019in kitaplar\u0131 nefes kesici ve beklenmedik s\u00fcrprizlerle dolu.\u201d Harlan Coben   \u201cKanl\u0131 sahnelerle dolu olmamas\u0131na ra\u011fmen bu roman okura daha gerilimli ve derin bir d\u00fcnya sunuyor.\u201d La Repubblica <\/p>\n","protected":false},"excerpt":{"rendered":"<p>ADIM S\u0130MON. ON YA\u015eINDAYIM VE B\u0130R SER\u0130 KAT\u0130L\u0130M. Robert Stern eski sevgilisinden gelen tuhaf bir bulu\u015fma iste\u011fini kabul etti\u011finde asl\u0131nda \u00f6l\u00fcmle randevula\u015ft\u0131\u011f\u0131n\u0131n fark\u0131nda de\u011fildir. Onu bekleyenin<span class=\"excerpt-hellip\"> [\u2026]<\/span><\/p>\n","protected":false},"featured_media":0,"template":"","meta":{"_monsterinsights_skip_tracking":false,"_monsterinsights_sitenote_active":false,"_monsterinsights_sitenote_note":"","_monsterinsights_sitenote_category":0},"product_brand":[],"product_cat":[12291,17033],"product_tag":[],"class_list":{"0":"post-754867","1":"product","2":"type-product","3":"status-publish","5":"product_cat-edebiyat","6":"product_cat-korku-gerilim","7":"pa_cilt-ciltsiz","8":"pa_tur-kitap","9":"pa_yayinevi-pegasus-yayinlari","10":"pa_yazar-sebastian-fitzek","12":"first","13":"instock","14":"sale","15":"shipping-taxable","16":"purchasable","17":"product-type-simple"},"_links":{"self":[{"href":"https:\/\/roveyayinevi.com.tr\/index.php\/wp-json\/wp\/v2\/product\/754867","targetHints":{"allow":["GET"]}}],"collection":[{"href":"https:\/\/roveyayinevi.com.tr\/index.php\/wp-json\/wp\/v2\/product"}],"about":[{"href":"https:\/\/roveyayinevi.com.tr\/index.php\/wp-json\/wp\/v2\/types\/product"}],"wp:attachment":[{"href":"https:\/\/roveyayinevi.com.tr\/index.php\/wp-json\/wp\/v2\/media?parent=754867"}],"wp:term":[{"taxonomy":"product_brand","embeddable":true,"href":"https:\/\/roveyayinevi.com.tr\/index.php\/wp-json\/wp\/v2\/product_brand?post=754867"},{"taxonomy":"product_cat","embeddable":true,"href":"https:\/\/roveyayinevi.com.tr\/index.php\/wp-json\/wp\/v2\/product_cat?post=754867"},{"taxonomy":"product_tag","embeddable":true,"href":"https:\/\/roveyayinevi.com.tr\/index.php\/wp-json\/wp\/v2\/product_tag?post=754867"}],"curies":[{"name":"wp","href":"https:\/\/api.w.org\/{rel}","templated":true}]}}