{"id":754864,"date":"2025-08-28T06:23:40","date_gmt":"2025-08-28T03:23:40","guid":{"rendered":"https:\/\/roveyayinevi.com.tr\/index.php\/urun\/dinozorlar-minik-uzmanlara-kocaman-kelimeler\/"},"modified":"2026-04-16T03:08:15","modified_gmt":"2026-04-16T00:08:15","slug":"dinozorlar-minik-uzmanlara-kocaman-kelimeler","status":"publish","type":"product","link":"https:\/\/roveyayinevi.com.tr\/index.php\/urun\/dinozorlar-minik-uzmanlara-kocaman-kelimeler\/","title":{"rendered":"Dinozorlar &#8211; Minik Uzmanlara Kocaman Kelimeler"},"content":{"rendered":"<p>\u00c7ocuklar\u0131m\u0131z\u0131n STEM kelimelerini iki dilde \u00f6\u011frenmesi amac\u0131yla haz\u0131rlanm\u0131\u015ft\u0131r.. T\u00fcrk\u00e7e ve \u0130ngilizce olarak haz\u0131rlanan Minik Uzmanlara Kocaman Kelimeler Serisi, \u00e7ocuklar\u0131n STEM alanlar\u0131na kolay bir ba\u015flang\u0131\u00e7 yapmalar\u0131n\u0131 sa\u011flayacak ilk ad\u0131m kitaplar\u0131d\u0131r. Reng\u00e2renk ve ilgi \u00e7ekici \u00e7izimlerle haz\u0131rlanm\u0131\u015f bu kitaplarda minik uzmanlar ilgin\u00e7 kelimelerle tan\u0131\u015facak ve bu kelimeleri \u0130ngilizceleriyle birlikte \u00f6\u011frenecekler. Tabii bir de hakk\u0131nda bol bol konu\u015facaklar\u0131 yeni konular\u0131 olacak\u2026 \u00d6\u011frenme Rehberi \u2022 Dil geli\u015fimine yard\u0131mc\u0131 olur ve \u0130ngilizce literat\u00fcre giri\u015f sa\u011flar. \u2022 Kelime da\u011farc\u0131\u011f\u0131n\u0131 zenginle\u015ftirir, konu bilgisini geli\u015ftirir. \u2022 \u00c7ocuk ile ebeveyn aras\u0131nda daha fazla etkile\u015fim imk\u00e2n\u0131 sunar.<\/p>\n","protected":false},"excerpt":{"rendered":"<p>\u00c7ocuklar\u0131m\u0131z\u0131n STEM kelimelerini iki dilde \u00f6\u011frenmesi amac\u0131yla haz\u0131rlanm\u0131\u015ft\u0131r.. T\u00fcrk\u00e7e ve \u0130ngilizce olarak haz\u0131rlanan Minik Uzmanlara Kocaman Kelimeler Serisi, \u00e7ocuklar\u0131n STEM alanlar\u0131na kolay bir ba\u015flang\u0131\u00e7 yapmalar\u0131n\u0131 sa\u011flayacak<span class=\"excerpt-hellip\"> [\u2026]<\/span><\/p>\n","protected":false},"featured_media":0,"template":"","meta":{"_monsterinsights_skip_tracking":false,"_monsterinsights_sitenote_active":false,"_monsterinsights_sitenote_note":"","_monsterinsights_sitenote_category":0},"product_brand":[],"product_cat":[12274,15842],"product_tag":[],"class_list":{"0":"post-754864","1":"product","2":"type-product","3":"status-publish","5":"product_cat-cocuk-ve-genclik-kitaplari","6":"product_cat-egitici-kitaplar","7":"pa_cilt-ciltsiz","8":"pa_tur-kitap","9":"pa_yayinevi-koc-universitesi-yayinlari","10":"pa_yazar-fran-bromage","12":"first","13":"instock","14":"sale","15":"shipping-taxable","16":"purchasable","17":"product-type-simple"},"_links":{"self":[{"href":"https:\/\/roveyayinevi.com.tr\/index.php\/wp-json\/wp\/v2\/product\/754864","targetHints":{"allow":["GET"]}}],"collection":[{"href":"https:\/\/roveyayinevi.com.tr\/index.php\/wp-json\/wp\/v2\/product"}],"about":[{"href":"https:\/\/roveyayinevi.com.tr\/index.php\/wp-json\/wp\/v2\/types\/product"}],"wp:attachment":[{"href":"https:\/\/roveyayinevi.com.tr\/index.php\/wp-json\/wp\/v2\/media?parent=754864"}],"wp:term":[{"taxonomy":"product_brand","embeddable":true,"href":"https:\/\/roveyayinevi.com.tr\/index.php\/wp-json\/wp\/v2\/product_brand?post=754864"},{"taxonomy":"product_cat","embeddable":true,"href":"https:\/\/roveyayinevi.com.tr\/index.php\/wp-json\/wp\/v2\/product_cat?post=754864"},{"taxonomy":"product_tag","embeddable":true,"href":"https:\/\/roveyayinevi.com.tr\/index.php\/wp-json\/wp\/v2\/product_tag?post=754864"}],"curies":[{"name":"wp","href":"https:\/\/api.w.org\/{rel}","templated":true}]}}