{"id":754854,"date":"2025-08-28T06:23:26","date_gmt":"2025-08-28T03:23:26","guid":{"rendered":"https:\/\/roveyayinevi.com.tr\/index.php\/urun\/neden-cok-fazla-yeriz\/"},"modified":"2026-04-16T03:08:15","modified_gmt":"2026-04-16T00:08:15","slug":"neden-cok-fazla-yeriz","status":"publish","type":"product","link":"https:\/\/roveyayinevi.com.tr\/index.php\/urun\/neden-cok-fazla-yeriz\/","title":{"rendered":"Neden (\u00c7ok Fazla) Yeriz"},"content":{"rendered":"<p>Mucize diyet kitaplar\u0131n\u0131 rafa kald\u0131rmaya haz\u0131r m\u0131s\u0131n\u0131z?Diyet efsanesini ve kal\u0131c\u0131 kilo kayb\u0131n\u0131n s\u0131rr\u0131n\u0131 \u00e7\u00f6zmek i\u00e7inharika bir rehber sizleri bekliyor. Kilo vermekle ilgili inand\u0131\u011f\u0131n\u0131z her \u015fey yanl\u0131\u015f olabilir mi?Tekrar tekrar yapt\u0131\u011f\u0131n\u0131z diyetlerden sonra kilonuzun eski h\u00e2line d\u00f6nmesi ve hatta onu bile a\u015fmas\u0131 sizin su\u00e7unuz mu?Sunday Times \u00e7oksatan listesine girmi\u015f bu kitap en g\u00fcncel ara\u015ft\u0131rmalardan yola \u00e7\u0131karak diyet, egzersiz ve kilo konusundaki t\u00fcm g\u00f6r\u00fc\u015flerinizi k\u00f6k\u00fcnden de\u011fi\u015ftirecek ve kalori saymadan ideal kilonuza ula\u015fman\u0131za yard\u0131mc\u0131 olacak. Yirmi y\u0131ll\u0131k kariyerinde binlerce insan\u0131 diyet tuzaklar\u0131ndan kurtarm\u0131\u015f Dr. Andrew Jenkinson, insanlar\u0131n uzun evrim yolculu\u011fundan ilham alan bu kitab\u0131nda bedeninizin \u015fifrelerini \u00e7\u00f6zmenizi ve kilonuzun kontrol\u00fcn\u00fc elinize alman\u0131z\u0131 sa\u011fl\u0131yor.  \u201cSon derece akla yatk\u0131n ve ikna edici&#8230;Kilo vermeye radikal bir yakla\u015f\u0131m.\u201d -Sunday Times <\/p>\n","protected":false},"excerpt":{"rendered":"<p>Mucize diyet kitaplar\u0131n\u0131 rafa kald\u0131rmaya haz\u0131r m\u0131s\u0131n\u0131z?Diyet efsanesini ve kal\u0131c\u0131 kilo kayb\u0131n\u0131n s\u0131rr\u0131n\u0131 \u00e7\u00f6zmek i\u00e7inharika bir rehber sizleri bekliyor. Kilo vermekle ilgili inand\u0131\u011f\u0131n\u0131z her \u015fey yanl\u0131\u015f<span class=\"excerpt-hellip\"> [\u2026]<\/span><\/p>\n","protected":false},"featured_media":0,"template":"","meta":{"_monsterinsights_skip_tracking":false,"_monsterinsights_sitenote_active":false,"_monsterinsights_sitenote_note":"","_monsterinsights_sitenote_category":0},"product_brand":[],"product_cat":[13402,13365],"product_tag":[],"class_list":{"0":"post-754854","1":"product","2":"type-product","3":"status-publish","5":"product_cat-beslenme-ve-diyet","6":"product_cat-saglik","7":"pa_cilt-ciltsiz","8":"pa_tur-kitap","9":"pa_yayinevi-epsilon-yayinlari","10":"pa_yazar-andrew-jenkinson","12":"first","13":"instock","14":"sale","15":"shipping-taxable","16":"purchasable","17":"product-type-simple"},"_links":{"self":[{"href":"https:\/\/roveyayinevi.com.tr\/index.php\/wp-json\/wp\/v2\/product\/754854","targetHints":{"allow":["GET"]}}],"collection":[{"href":"https:\/\/roveyayinevi.com.tr\/index.php\/wp-json\/wp\/v2\/product"}],"about":[{"href":"https:\/\/roveyayinevi.com.tr\/index.php\/wp-json\/wp\/v2\/types\/product"}],"wp:attachment":[{"href":"https:\/\/roveyayinevi.com.tr\/index.php\/wp-json\/wp\/v2\/media?parent=754854"}],"wp:term":[{"taxonomy":"product_brand","embeddable":true,"href":"https:\/\/roveyayinevi.com.tr\/index.php\/wp-json\/wp\/v2\/product_brand?post=754854"},{"taxonomy":"product_cat","embeddable":true,"href":"https:\/\/roveyayinevi.com.tr\/index.php\/wp-json\/wp\/v2\/product_cat?post=754854"},{"taxonomy":"product_tag","embeddable":true,"href":"https:\/\/roveyayinevi.com.tr\/index.php\/wp-json\/wp\/v2\/product_tag?post=754854"}],"curies":[{"name":"wp","href":"https:\/\/api.w.org\/{rel}","templated":true}]}}