{"id":754849,"date":"2025-08-28T06:23:20","date_gmt":"2025-08-28T03:23:20","guid":{"rendered":"https:\/\/roveyayinevi.com.tr\/index.php\/urun\/sanat-dunyamiz-197-kasim-aralik-2023\/"},"modified":"2026-04-16T03:08:14","modified_gmt":"2026-04-16T00:08:14","slug":"sanat-dunyamiz-197-kasim-aralik-2023","status":"publish","type":"product","link":"https:\/\/roveyayinevi.com.tr\/index.php\/urun\/sanat-dunyamiz-197-kasim-aralik-2023\/","title":{"rendered":"Sanat D\u00fcnyam\u0131z 197 \/ Kas\u0131m \u2013 Aral\u0131k 2023"},"content":{"rendered":"<p>Sanat D\u00fcnyam\u0131z dergisi 197. say\u0131s\u0131nda \u201cEv: Neresi?\u201d ba\u015fl\u0131kl\u0131 dosyas\u0131yla okurla bulu\u015fuyor. Dosya ev kavram\u0131n\u0131n de\u011fi\u015fen anlamlar\u0131na e\u011filen ve kapsaml\u0131 \u015fekilde inceleyen yaz\u0131lardan olu\u015fuyor. Dergide Ozan \u00d6zkan, \u0130\u015fe Yarar Bir \u015eey filminden F\u00fcreya\u2019n\u0131n \u00f6yk\u00fclerine, Ye\u015fil\u00e7am filmlerindeki evlerden, Aaahh Belinda\u2019ya, G\u00fcls\u00fcn Karamustafa, Hale Tenger ve \u00d6zg\u00fcl Arslan\u2019\u0131n eserlerine uzanan bir aksta evin pop\u00fcler k\u00fclt\u00fcrdeki yerini inceliyor. Nora Tataryan, Nevin Alada\u011f, Neriman Polat ve G\u00f6zde \u0130lkin\u2019in eserlerinde perdeleri inceledi\u011fi yaz\u0131s\u0131yla dosyaya katk\u0131da bulunuyor. Monica Papi, oikos kavram\u0131ndan yola \u00e7\u0131karak Gordon Matta-Clark, Rachel Whiteread, Mona Hatoum, Ilya Kabakov, Do Ho Suh ve Etel Adnan\u2019\u0131n eserleri \u00fczerinden ev kavram\u0131n\u0131n g\u00fcncel sanat\u0131n k\u0131sa tarihi i\u00e7indeki anlamlar\u0131n\u0131 ara\u015ft\u0131r\u0131yor. Seda Ni\u011fbolu\u2019nun P\u0131nar \u00d6\u011frenci\u2019nin Gurbet Art\u0131k Bir Ev filmi \u00fczerine denemesi, Eda Berkmen\u2019in Nil Yalter\u2019in eserleri \u00fczerine incelemesi ve \u00d6zg\u00fcn Eyl\u00fcl \u0130\u015fcen\u2019in \u201cEvin \u00d6tesi\u201d sergisi \u00fczerine de\u011ferlendirmesi g\u00f6\u00e7 kavram\u0131n\u0131 feminist perspektiften okuyarak evin anlamlar\u0131n\u0131 a\u00e7\u0131yor. S\u0131n\u0131r\/s\u0131z k\u00fcrat\u00f6r ekibi evin anlamlar\u0131n\u0131 bug\u00fcne dek d\u00fczenledikleri sergilerdeki eserler \u00fczerinden takip ediyor. Didem Yaz\u0131c\u0131 ise evin annelikle de\u011fi\u015fen anlamlar\u0131 \u00fczerine anne olan sanat\u00e7\u0131lar Ekin Sa\u00e7l\u0131o\u011flu, G\u00fcl\u015fah Mursalo\u011flu ve \u00d6zge A\u00e7\u0131kkol\u2019la bir s\u00f6yle\u015fisini sunuyor. B\u00fclent Diken ve Carsten Bagge Laustsen\u2019in \u201cD\u0131\u015flanma Fig\u00fcrleri\u201d makalesinin \u00e7evirisi ise bu say\u0131da d\u0131\u015far\u0131da b\u0131rak\u0131lanlar ve i\u00e7eride yer alanlar \u00fczerinden eve dair d\u00fc\u015f\u00fcnmemizi sa\u011fl\u0131yor. Dosya haricinde Ece Balc\u0131o\u011flu sanat\u0131 ve 23 Kas\u0131m\u2019da a\u00e7\u0131lacak sergisi \u00fczerine Fatma T\u00fclin\u2019le bir s\u00f6yle\u015fi ger\u00e7ekle\u015ftiriyor. S\u00fcreyyya Evren sanat ve anlam \u00e7er\u00e7evesi \u00fczerine yaz\u0131lar\u0131n\u0131 \u201cAnlam \u00c7er\u00e7evesi\u201d serisinin \u00fc\u00e7\u00fcnc\u00fc yaz\u0131s\u0131yla s\u00fcrd\u00fcr\u00fcyor. \u201cG\u00f6rsel Notlar\u201d b\u00f6l\u00fcm\u00fcnde ise Sevil Tunaboylu eser \u00fcretim s\u00fcreci ve at\u00f6lyesi \u00fczerine notlar\u0131yla yer al\u0131yor. Derginin her say\u0131 bir sanat\u00e7\u0131n\u0131n ajandas\u0131na yer veren \u201cAjanda\u201d b\u00f6l\u00fcm\u00fc ise bu say\u0131 Depo \u0130stanbul\u2019da \u201cTeyel, Uzuv, \u0130lizarov\u201d isimli sergisi s\u00fcren \u00c7\u0131nar Eslek\u2019e emanet. <\/p>\n","protected":false},"excerpt":{"rendered":"<p>Sanat D\u00fcnyam\u0131z dergisi 197. say\u0131s\u0131nda \u201cEv: Neresi?\u201d ba\u015fl\u0131kl\u0131 dosyas\u0131yla okurla bulu\u015fuyor. Dosya ev kavram\u0131n\u0131n de\u011fi\u015fen anlamlar\u0131na e\u011filen ve kapsaml\u0131 \u015fekilde inceleyen yaz\u0131lardan olu\u015fuyor. Dergide Ozan \u00d6zkan,<span class=\"excerpt-hellip\"> [\u2026]<\/span><\/p>\n","protected":false},"featured_media":0,"template":"","meta":{"_monsterinsights_skip_tracking":false,"_monsterinsights_sitenote_active":false,"_monsterinsights_sitenote_note":"","_monsterinsights_sitenote_category":0},"product_brand":[],"product_cat":[22066,13527],"product_tag":[],"class_list":{"0":"post-754849","1":"product","2":"type-product","3":"status-publish","5":"product_cat-sanat-sureli-yayinlar","6":"product_cat-sureli-yayinlar","7":"pa_cilt-ciltsiz","8":"pa_tur-dergi","9":"pa_yayinevi-yapi-kredi-yayinlari-dergi","10":"pa_yazar-kolektif","12":"first","13":"instock","14":"sale","15":"shipping-taxable","16":"purchasable","17":"product-type-simple"},"_links":{"self":[{"href":"https:\/\/roveyayinevi.com.tr\/index.php\/wp-json\/wp\/v2\/product\/754849","targetHints":{"allow":["GET"]}}],"collection":[{"href":"https:\/\/roveyayinevi.com.tr\/index.php\/wp-json\/wp\/v2\/product"}],"about":[{"href":"https:\/\/roveyayinevi.com.tr\/index.php\/wp-json\/wp\/v2\/types\/product"}],"wp:attachment":[{"href":"https:\/\/roveyayinevi.com.tr\/index.php\/wp-json\/wp\/v2\/media?parent=754849"}],"wp:term":[{"taxonomy":"product_brand","embeddable":true,"href":"https:\/\/roveyayinevi.com.tr\/index.php\/wp-json\/wp\/v2\/product_brand?post=754849"},{"taxonomy":"product_cat","embeddable":true,"href":"https:\/\/roveyayinevi.com.tr\/index.php\/wp-json\/wp\/v2\/product_cat?post=754849"},{"taxonomy":"product_tag","embeddable":true,"href":"https:\/\/roveyayinevi.com.tr\/index.php\/wp-json\/wp\/v2\/product_tag?post=754849"}],"curies":[{"name":"wp","href":"https:\/\/api.w.org\/{rel}","templated":true}]}}