{"id":754847,"date":"2025-08-28T06:23:17","date_gmt":"2025-08-28T03:23:17","guid":{"rendered":"https:\/\/roveyayinevi.com.tr\/index.php\/urun\/yanlis-kisiler-dogru-keskeler\/"},"modified":"2026-04-16T03:08:14","modified_gmt":"2026-04-16T00:08:14","slug":"yanlis-kisiler-dogru-keskeler","status":"publish","type":"product","link":"https:\/\/roveyayinevi.com.tr\/index.php\/urun\/yanlis-kisiler-dogru-keskeler\/","title":{"rendered":"Yanl\u0131\u015f Ki\u015filer Do\u011fru Ke\u015fkeler"},"content":{"rendered":"<p>Mesela suyu \u00f6rnek alal\u0131m kendimize. Nas\u0131l da yolunu buluyor de\u011filmi? Bazen kendini debiye, bazen bir kaya par\u00e7as\u0131nda k\u0131r\u0131lmaya, bazenr\u00fczg\u00e2ra, bazen de durgunlu\u011fa teslim ediyor. Peki su akarken neredeson bulaca\u011f\u0131n\u0131 biliyor mu? Baz\u0131s\u0131 bir \u0131rma\u011fa kar\u0131\u015f\u0131yor, baz\u0131s\u0131 topra\u011facan veriyor, baz\u0131s\u0131 da ba\u015fka bir canl\u0131ya hayatta kalmas\u0131 i\u00e7in olanaksa\u011fl\u0131yor ama su her haliyle ak\u0131p do\u011fan\u0131n dengesine hizmet ediyor.Bizler de kendi do\u011fam\u0131zla bar\u0131\u015fmal\u0131, kendi kazan\u0131mlar\u0131m\u0131zasar\u0131lmal\u0131y\u0131z. Dans etmeliyiz ilk hangi aya\u011f\u0131m\u0131z\u0131 ataca\u011f\u0131m\u0131z\u0131d\u00fc\u015f\u00fcnmeden, \u015fark\u0131lar s\u00f6ylemeliyiz nota bilmeden ve varolu\u015fumuzu\u015fenlendirmeliyiz. Ak\u0131\u015fta olmak kabullenmekle ba\u015flar ve sevgiyed\u00f6n\u00fc\u015f\u00fcr. Kendini, \u00e7evreni, sosyal ortam\u0131n\u0131, aileni ve senin hayat\u0131n\u0131b\u00fcsb\u00fct\u00fcn olu\u015fturan t\u00fcm yap\u0131ta\u015flar\u0131n\u0131 sevmelisin. Her \u015feye ra\u011fmen&#8230; Murat Tavl\u0131, kabullenmenin ve affetmenin g\u00fcc\u00fcn\u00fcn, de\u011fi\u015fime f\u0131rsatvermenin de\u011ferinin, sakinli\u011fin nas\u0131l k\u0131ymetli oldu\u011funun, ki\u015fininyaln\u0131zl\u0131\u011f\u0131n\u0131n ve kendi k\u0131ymetini bilmesi gerekti\u011finin, gidebilmening\u00fcc\u00fcn\u00fcn, beklentilerin bizi olumsuz etkilemesine izin vermememizgerekti\u011finin, dengede olman\u0131n \u00f6neminin, sevginin her t\u00fcrl\u00fc yaray\u0131iyile\u015ftirebilece\u011finin ve her zaman bir umudun oldu\u011funun alt\u0131n\u0131\u00e7iziyor. Ki\u015fisel geli\u015fim yolculu\u011funda demlenmeye haz\u0131r m\u0131s\u0131n\u0131z?<\/p>\n","protected":false},"excerpt":{"rendered":"<p>Mesela suyu \u00f6rnek alal\u0131m kendimize. Nas\u0131l da yolunu buluyor de\u011filmi? Bazen kendini debiye, bazen bir kaya par\u00e7as\u0131nda k\u0131r\u0131lmaya, bazenr\u00fczg\u00e2ra, bazen de durgunlu\u011fa teslim ediyor. Peki su<span class=\"excerpt-hellip\"> [\u2026]<\/span><\/p>\n","protected":false},"featured_media":0,"template":"","meta":{"_monsterinsights_skip_tracking":false,"_monsterinsights_sitenote_active":false,"_monsterinsights_sitenote_note":"","_monsterinsights_sitenote_category":0},"product_brand":[],"product_cat":[12364,12376],"product_tag":[],"class_list":{"0":"post-754847","1":"product","2":"type-product","3":"status-publish","5":"product_cat-genel-konular","6":"product_cat-kisisel-gelisim","7":"pa_cilt-ciltsiz","8":"pa_tur-kitap","9":"pa_yayinevi-nemesis-kitap","10":"pa_yazar-murat-tavli","12":"first","13":"instock","14":"sale","15":"shipping-taxable","16":"purchasable","17":"product-type-simple"},"_links":{"self":[{"href":"https:\/\/roveyayinevi.com.tr\/index.php\/wp-json\/wp\/v2\/product\/754847","targetHints":{"allow":["GET"]}}],"collection":[{"href":"https:\/\/roveyayinevi.com.tr\/index.php\/wp-json\/wp\/v2\/product"}],"about":[{"href":"https:\/\/roveyayinevi.com.tr\/index.php\/wp-json\/wp\/v2\/types\/product"}],"wp:attachment":[{"href":"https:\/\/roveyayinevi.com.tr\/index.php\/wp-json\/wp\/v2\/media?parent=754847"}],"wp:term":[{"taxonomy":"product_brand","embeddable":true,"href":"https:\/\/roveyayinevi.com.tr\/index.php\/wp-json\/wp\/v2\/product_brand?post=754847"},{"taxonomy":"product_cat","embeddable":true,"href":"https:\/\/roveyayinevi.com.tr\/index.php\/wp-json\/wp\/v2\/product_cat?post=754847"},{"taxonomy":"product_tag","embeddable":true,"href":"https:\/\/roveyayinevi.com.tr\/index.php\/wp-json\/wp\/v2\/product_tag?post=754847"}],"curies":[{"name":"wp","href":"https:\/\/api.w.org\/{rel}","templated":true}]}}