{"id":754841,"date":"2025-08-28T06:23:08","date_gmt":"2025-08-28T03:23:08","guid":{"rendered":"https:\/\/roveyayinevi.com.tr\/index.php\/urun\/gemiler\/"},"modified":"2025-11-21T09:42:36","modified_gmt":"2025-11-21T06:42:36","slug":"gemiler","status":"publish","type":"product","link":"https:\/\/roveyayinevi.com.tr\/index.php\/urun\/gemiler\/","title":{"rendered":"Gemiler"},"content":{"rendered":"<p>Daha \u00f6nce hi\u00e7 deniz feneri g\u00f6rd\u00fcn m\u00fc?E\u011fer cevab\u0131n hay\u0131rsa g\u00f6rmek i\u00e7in nereye gitmen gerekti\u011fini ara\u015ft\u0131rmak ister misin?Kaptan olmak ister miydin?Hangi gemi t\u00fcr\u00fcn\u00fcn kaptan\u0131 olmak ho\u015funa giderdi?Tersaneler ilgini \u00e7ekti mi?Oradaki gemileri ve \u00e7al\u0131\u015fmalar\u0131 yak\u0131ndan incelemek i\u00e7in ailenle tersane ziyareti yapmaya ne dersin?Emin ol en az kitapta okuduklar\u0131n kadar e\u011flenceli vakit ge\u00e7ireceksin.Suyun \u00fczerinde duran tonlarca a\u011f\u0131rl\u0131k, sahi, bu nas\u0131l m\u00fcmk\u00fcn olabiliyor?Kaptan\u0131, m\u00fcrettebat\u0131yla masmavi sular \u00fczerinde y\u00fczen devasa gemiler. Biliyorum, \u00e7ok ilgini \u00e7ekiyor. Gemiler hakk\u0131nda merak etti\u011fin pek \u00e7ok sorunun cevab\u0131n\u0131 \u00f6\u011frenmek i\u00e7in vakit kaybetmeden kitab\u0131 okuyabilirsin.Merakl\u0131 Minikler \u0130lk Okuma Kitaplar\u0131, okul \u00f6ncesi d\u00f6nemdeki \u00e7ocuklara ebeveyn e\u015fli\u011finde okunarak canl\u0131lar ve ya\u015fam d\u00f6ng\u00fcs\u00fcyle ilgili bilgilenmelerine; ilkokul d\u00fczeyinde ise \u00e7ocuklar\u0131n, kitap okuman\u0131n keyifli ve e\u011flenceli bir etkinlik oldu\u011funu kendi g\u00f6zleriyle g\u00f6r\u00fcp i\u00e7selle\u015ftirmelerine ve kendi de\u011ferlendirmelerini yapmalar\u0131na f\u0131rsat yaratmak amac\u0131yla haz\u0131rlanm\u0131\u015ft\u0131r.<\/p>\n","protected":false},"excerpt":{"rendered":"<p>Daha \u00f6nce hi\u00e7 deniz feneri g\u00f6rd\u00fcn m\u00fc?E\u011fer cevab\u0131n hay\u0131rsa g\u00f6rmek i\u00e7in nereye gitmen gerekti\u011fini ara\u015ft\u0131rmak ister misin?Kaptan olmak ister miydin?Hangi gemi t\u00fcr\u00fcn\u00fcn kaptan\u0131 olmak ho\u015funa giderdi?Tersaneler<span class=\"excerpt-hellip\"> [\u2026]<\/span><\/p>\n","protected":false},"featured_media":0,"template":"","meta":{"_monsterinsights_skip_tracking":false,"_monsterinsights_sitenote_active":false,"_monsterinsights_sitenote_note":"","_monsterinsights_sitenote_category":0},"product_brand":[],"product_cat":[12274,12284],"product_tag":[],"class_list":{"0":"post-754841","1":"product","2":"type-product","3":"status-publish","5":"product_cat-cocuk-ve-genclik-kitaplari","6":"product_cat-hikayeler","7":"pa_cilt-ciltsiz","8":"pa_tur-kitap","9":"pa_yayinevi-beyaz-panda-yayinlari","10":"pa_yazar-kolektif","12":"first","13":"instock","14":"sale","15":"shipping-taxable","16":"purchasable","17":"product-type-simple"},"_links":{"self":[{"href":"https:\/\/roveyayinevi.com.tr\/index.php\/wp-json\/wp\/v2\/product\/754841","targetHints":{"allow":["GET"]}}],"collection":[{"href":"https:\/\/roveyayinevi.com.tr\/index.php\/wp-json\/wp\/v2\/product"}],"about":[{"href":"https:\/\/roveyayinevi.com.tr\/index.php\/wp-json\/wp\/v2\/types\/product"}],"wp:attachment":[{"href":"https:\/\/roveyayinevi.com.tr\/index.php\/wp-json\/wp\/v2\/media?parent=754841"}],"wp:term":[{"taxonomy":"product_brand","embeddable":true,"href":"https:\/\/roveyayinevi.com.tr\/index.php\/wp-json\/wp\/v2\/product_brand?post=754841"},{"taxonomy":"product_cat","embeddable":true,"href":"https:\/\/roveyayinevi.com.tr\/index.php\/wp-json\/wp\/v2\/product_cat?post=754841"},{"taxonomy":"product_tag","embeddable":true,"href":"https:\/\/roveyayinevi.com.tr\/index.php\/wp-json\/wp\/v2\/product_tag?post=754841"}],"curies":[{"name":"wp","href":"https:\/\/api.w.org\/{rel}","templated":true}]}}