{"id":754838,"date":"2025-08-28T06:23:03","date_gmt":"2025-08-28T03:23:03","guid":{"rendered":"https:\/\/roveyayinevi.com.tr\/index.php\/urun\/labirent-6\/"},"modified":"2026-04-16T03:08:14","modified_gmt":"2026-04-16T00:08:14","slug":"labirent-6","status":"publish","type":"product","link":"https:\/\/roveyayinevi.com.tr\/index.php\/urun\/labirent-6\/","title":{"rendered":"Labirent"},"content":{"rendered":"<p>DO\u011eRU YA DA YANLI\u015e YOL YOKTUR, SADECE SE\u00c7T\u0130\u011e\u0130N\u0130Z YOL VARDIR.\u201d &#8220;Do\u011far\u0131z, b\u00fcy\u00fcr\u00fcz, okula gideriz, bir yandan hayat\u0131m\u0131z\u0131 idame ettirmeye \u00e7al\u0131\u015f\u0131rken bir yandan da hayaller kurar\u0131z, nihayetinde mezun oluruz ve hemen ard\u0131ndan ger\u00e7eklerle y\u00fczle\u015firiz\u2026 Tam da bu d\u00f6neme\u00e7teyken, i\u00e7ine dalaca\u011f\u0131m\u0131z heng\u00e2meye Jean-Paul Sartre\u2019\u0131n felsefesiyle tan\u0131\u015fmaktan daha iyi bir haz\u0131rl\u0131k yolu olabilir mi?  Varolu\u015f labirentinde kapana k\u0131s\u0131lm\u0131\u015f bir farenin hik\u00e2yesi \u00fczerinden zekice bi\u00e7imlendirilmi\u015f bu alegorik yap\u0131t, Sartre\u2019\u0131n varolu\u015f\u00e7u felsefesinin temel fikirlerini gencinden ya\u015fl\u0131s\u0131na her okuyucunun anlayabilece\u011fi mizahi bir dille sunuyor. \u00dcnl\u00fc \u0130ngiliz filozof Gary Cox ve felsefe profes\u00f6r\u00fc Christine Daigle\u2019\u0131n de\u011ferli katk\u0131lar\u0131yla unutulmaz bir esere d\u00f6n\u00fc\u015fen Labirent, Sartre\u2019\u0131n varolu\u015f\u00e7ulu\u011funu anlamak isteyenler i\u00e7in dolamba\u00e7l\u0131 bir yol olmaktan ziyade alt\u0131n de\u011ferinde bir kestirme.<\/p>\n","protected":false},"excerpt":{"rendered":"<p>DO\u011eRU YA DA YANLI\u015e YOL YOKTUR, SADECE SE\u00c7T\u0130\u011e\u0130N\u0130Z YOL VARDIR.\u201d &#8220;Do\u011far\u0131z, b\u00fcy\u00fcr\u00fcz, okula gideriz, bir yandan hayat\u0131m\u0131z\u0131 idame ettirmeye \u00e7al\u0131\u015f\u0131rken bir yandan da hayaller kurar\u0131z, nihayetinde<span class=\"excerpt-hellip\"> [\u2026]<\/span><\/p>\n","protected":false},"featured_media":0,"template":"","meta":{"_monsterinsights_skip_tracking":false,"_monsterinsights_sitenote_active":false,"_monsterinsights_sitenote_note":"","_monsterinsights_sitenote_category":0},"product_brand":[],"product_cat":[12416,12291],"product_tag":[],"class_list":{"0":"post-754838","1":"product","2":"type-product","3":"status-publish","5":"product_cat-cizgi-roman","6":"product_cat-edebiyat","7":"pa_cilt-ciltsiz","8":"pa_tur-kitap","9":"pa_yayinevi-epsilon-yayinlari","10":"pa_yazar-ben-argon","12":"first","13":"instock","14":"sale","15":"shipping-taxable","16":"purchasable","17":"product-type-simple"},"_links":{"self":[{"href":"https:\/\/roveyayinevi.com.tr\/index.php\/wp-json\/wp\/v2\/product\/754838","targetHints":{"allow":["GET"]}}],"collection":[{"href":"https:\/\/roveyayinevi.com.tr\/index.php\/wp-json\/wp\/v2\/product"}],"about":[{"href":"https:\/\/roveyayinevi.com.tr\/index.php\/wp-json\/wp\/v2\/types\/product"}],"wp:attachment":[{"href":"https:\/\/roveyayinevi.com.tr\/index.php\/wp-json\/wp\/v2\/media?parent=754838"}],"wp:term":[{"taxonomy":"product_brand","embeddable":true,"href":"https:\/\/roveyayinevi.com.tr\/index.php\/wp-json\/wp\/v2\/product_brand?post=754838"},{"taxonomy":"product_cat","embeddable":true,"href":"https:\/\/roveyayinevi.com.tr\/index.php\/wp-json\/wp\/v2\/product_cat?post=754838"},{"taxonomy":"product_tag","embeddable":true,"href":"https:\/\/roveyayinevi.com.tr\/index.php\/wp-json\/wp\/v2\/product_tag?post=754838"}],"curies":[{"name":"wp","href":"https:\/\/api.w.org\/{rel}","templated":true}]}}