{"id":754796,"date":"2025-08-28T06:21:03","date_gmt":"2025-08-28T03:21:03","guid":{"rendered":"https:\/\/roveyayinevi.com.tr\/index.php\/urun\/ingilizce-kelime-kartlari-meyveler-ve-sebzeler\/"},"modified":"2026-04-16T03:08:13","modified_gmt":"2026-04-16T00:08:13","slug":"ingilizce-kelime-kartlari-meyveler-ve-sebzeler","status":"publish","type":"product","link":"https:\/\/roveyayinevi.com.tr\/index.php\/urun\/ingilizce-kelime-kartlari-meyveler-ve-sebzeler\/","title":{"rendered":"\u0130ngilizce Kelime Kartlar\u0131 &#8211; Meyveler ve Sebzeler"},"content":{"rendered":"<p>\u0130ngilizce \u00f6\u011frenmenin en e\u011flenceli yolu! Kelime Kartlar\u0131&#8230; Kartlar\u0131m\u0131z, \u0130ngilizce&#8217;deki en temel kelime ve kavramlar\u0131 ilgi duyan herkese e\u011flenceli bir y\u00f6ntemle sunarak \u00f6\u011fretmeyi hedeflemektedir. Kartlar\u0131m\u0131z 96 adetten olu\u015fmaktad\u0131r. Telaffuz prati\u011fi yapmak, \u0130ngilizce okunu\u015flar\u0131n\u0131 dinlemek i\u00e7in kitab\u0131n arkas\u0131ndaki QR barkodu okutunuz. The most fun way of learning English! Vocabulary Cards&#8230; Aim of these cards is to teach everyone wants the most basic words and concepts in English with an enjoyable method. It consists of 96 cards. Scan the QR code at the back of the book to practice and listen the English pronunciations.<\/p>\n","protected":false},"excerpt":{"rendered":"<p>\u0130ngilizce \u00f6\u011frenmenin en e\u011flenceli yolu! Kelime Kartlar\u0131&#8230; Kartlar\u0131m\u0131z, \u0130ngilizce&#8217;deki en temel kelime ve kavramlar\u0131 ilgi duyan herkese e\u011flenceli bir y\u00f6ntemle sunarak \u00f6\u011fretmeyi hedeflemektedir. Kartlar\u0131m\u0131z 96 adetten<span class=\"excerpt-hellip\"> [\u2026]<\/span><\/p>\n","protected":false},"featured_media":0,"template":"","meta":{"_monsterinsights_skip_tracking":false,"_monsterinsights_sitenote_active":false,"_monsterinsights_sitenote_note":"","_monsterinsights_sitenote_category":0},"product_brand":[],"product_cat":[12274,15842],"product_tag":[],"class_list":{"0":"post-754796","1":"product","2":"type-product","3":"status-publish","5":"product_cat-cocuk-ve-genclik-kitaplari","6":"product_cat-egitici-kitaplar","7":"pa_cilt-ciltsiz","8":"pa_tur-kitap","9":"pa_yayinevi-yeti-kitap","10":"pa_yazar-feyyaz-ulas","12":"first","13":"instock","14":"sale","15":"shipping-taxable","16":"purchasable","17":"product-type-simple"},"_links":{"self":[{"href":"https:\/\/roveyayinevi.com.tr\/index.php\/wp-json\/wp\/v2\/product\/754796","targetHints":{"allow":["GET"]}}],"collection":[{"href":"https:\/\/roveyayinevi.com.tr\/index.php\/wp-json\/wp\/v2\/product"}],"about":[{"href":"https:\/\/roveyayinevi.com.tr\/index.php\/wp-json\/wp\/v2\/types\/product"}],"wp:attachment":[{"href":"https:\/\/roveyayinevi.com.tr\/index.php\/wp-json\/wp\/v2\/media?parent=754796"}],"wp:term":[{"taxonomy":"product_brand","embeddable":true,"href":"https:\/\/roveyayinevi.com.tr\/index.php\/wp-json\/wp\/v2\/product_brand?post=754796"},{"taxonomy":"product_cat","embeddable":true,"href":"https:\/\/roveyayinevi.com.tr\/index.php\/wp-json\/wp\/v2\/product_cat?post=754796"},{"taxonomy":"product_tag","embeddable":true,"href":"https:\/\/roveyayinevi.com.tr\/index.php\/wp-json\/wp\/v2\/product_tag?post=754796"}],"curies":[{"name":"wp","href":"https:\/\/api.w.org\/{rel}","templated":true}]}}