{"id":754779,"date":"2025-08-28T06:20:36","date_gmt":"2025-08-28T03:20:36","guid":{"rendered":"https:\/\/roveyayinevi.com.tr\/index.php\/urun\/interaktif-boyama-kitabi-1\/"},"modified":"2026-04-16T03:07:58","modified_gmt":"2026-04-16T00:07:58","slug":"interaktif-boyama-kitabi-1","status":"publish","type":"product","link":"https:\/\/roveyayinevi.com.tr\/index.php\/urun\/interaktif-boyama-kitabi-1\/","title":{"rendered":"\u0130nteraktif Boyama Kitab\u0131 1"},"content":{"rendered":"<p>\u00c7ocu\u011fun okul ba\u015far\u0131s\u0131, hayatta ba\u015far\u0131l\u0131 olunaca\u011f\u0131na dair bir garanti vermez. Okul hayat\u0131nda ba\u015far\u0131s\u0131z olarak g\u00f6r\u00fclen pek \u00e7ok ki\u015finin, yeti\u015fkin d\u00f6nemde \u00f6nemli ba\u015far\u0131lara imza att\u0131\u011f\u0131 bilinir. Bunun sebebi onlarda farkl\u0131 zek\u00e2 t\u00fcrlerinin geli\u015fmi\u015f olmas\u0131d\u0131r. Peki, sizin \u00e7ocu\u011funuzun zek\u00e2 t\u00fcr\u00fc hangisi?Boyama kitab\u0131 serimiz \u00c7oklu Zeka Kuram\u0131na G\u00f6re haz\u0131rlanm\u0131\u015ft\u0131r.  \u00c7oklu zek\u00e2 kuram\u0131na g\u00f6re her insan\u0131n \u00f6zel yetenek alanlar\u0131 ve zek\u00e2s\u0131n\u0131 kendine \u00f6zg\u00fc kullanma bi\u00e7imi vard\u0131r.Amac\u0131m\u0131z \u00e7ocu\u011funuzun hangi zeka t\u00fcr\u00fcn\u00fcn dinamik oldu\u011funu tesbit etmektir.\u00c7ocuk geli\u015fimi uzman\u0131 Melek Kocaadam  taraf\u0131ndan onaylanm\u0131\u015f \u00c7oklu Zeka testimize QR kodunu okutarak ula\u015fabilirsiniz.<\/p>\n","protected":false},"excerpt":{"rendered":"<p>\u00c7ocu\u011fun okul ba\u015far\u0131s\u0131, hayatta ba\u015far\u0131l\u0131 olunaca\u011f\u0131na dair bir garanti vermez. Okul hayat\u0131nda ba\u015far\u0131s\u0131z olarak g\u00f6r\u00fclen pek \u00e7ok ki\u015finin, yeti\u015fkin d\u00f6nemde \u00f6nemli ba\u015far\u0131lara imza att\u0131\u011f\u0131 bilinir. Bunun<span class=\"excerpt-hellip\"> [\u2026]<\/span><\/p>\n","protected":false},"featured_media":0,"template":"","meta":{"_monsterinsights_skip_tracking":false,"_monsterinsights_sitenote_active":false,"_monsterinsights_sitenote_note":"","_monsterinsights_sitenote_category":0},"product_brand":[],"product_cat":[12644,12274],"product_tag":[],"class_list":{"0":"post-754779","1":"product","2":"type-product","3":"status-publish","5":"product_cat-boyama-kitaplari","6":"product_cat-cocuk-ve-genclik-kitaplari","7":"pa_cilt-ciltsiz","8":"pa_tur-kitap","9":"pa_yayinevi-yeti-kitap","10":"pa_yazar-feyyaz-ulas","12":"first","13":"instock","14":"sale","15":"shipping-taxable","16":"purchasable","17":"product-type-simple"},"_links":{"self":[{"href":"https:\/\/roveyayinevi.com.tr\/index.php\/wp-json\/wp\/v2\/product\/754779","targetHints":{"allow":["GET"]}}],"collection":[{"href":"https:\/\/roveyayinevi.com.tr\/index.php\/wp-json\/wp\/v2\/product"}],"about":[{"href":"https:\/\/roveyayinevi.com.tr\/index.php\/wp-json\/wp\/v2\/types\/product"}],"wp:attachment":[{"href":"https:\/\/roveyayinevi.com.tr\/index.php\/wp-json\/wp\/v2\/media?parent=754779"}],"wp:term":[{"taxonomy":"product_brand","embeddable":true,"href":"https:\/\/roveyayinevi.com.tr\/index.php\/wp-json\/wp\/v2\/product_brand?post=754779"},{"taxonomy":"product_cat","embeddable":true,"href":"https:\/\/roveyayinevi.com.tr\/index.php\/wp-json\/wp\/v2\/product_cat?post=754779"},{"taxonomy":"product_tag","embeddable":true,"href":"https:\/\/roveyayinevi.com.tr\/index.php\/wp-json\/wp\/v2\/product_tag?post=754779"}],"curies":[{"name":"wp","href":"https:\/\/api.w.org\/{rel}","templated":true}]}}