{"id":754750,"date":"2025-08-28T06:19:51","date_gmt":"2025-08-28T03:19:51","guid":{"rendered":"https:\/\/roveyayinevi.com.tr\/index.php\/urun\/iyilesme-zamani\/"},"modified":"2026-04-16T03:07:57","modified_gmt":"2026-04-16T00:07:57","slug":"iyilesme-zamani","status":"publish","type":"product","link":"https:\/\/roveyayinevi.com.tr\/index.php\/urun\/iyilesme-zamani\/","title":{"rendered":"\u0130yile\u015fme Zaman\u0131"},"content":{"rendered":"<p>D\u00fc\u015ft\u00fcm. Hi\u00e7 kalkamayaca\u011f\u0131m\u0131 zannedecek kadar uzun kald\u0131m yerde.   \u201cOysa ba\u015flarda her \u015fey ne de g\u00fczel ba\u015flam\u0131\u015ft\u0131. Benim i\u00e7in t\u00fcm zorluklar\u0131 kolayla\u015ft\u0131r\u0131yor olmas\u0131, her \u015feyin sorumlulu\u011funu alma hevesi \u00e7ok konforluydu itiraf etmeliyim. Ancak zaman ge\u00e7tik\u00e7e evde kar\u0131mla de\u011fil annemle ya\u015f\u0131yormu\u015fum hissine kap\u0131lmaya ba\u015flad\u0131m.&#8221;   Serinin d\u00f6rd\u00fcnc\u00fc ve son kitab\u0131 \u201c\u0130yile\u015fme Zaman\u0131\u201d nda Asfar ve \u00c7olpan&#8217;\u0131n evlilikleri b\u00fcy\u00fck bir s\u0131k\u0131nt\u0131dan ge\u00e7iyor. Asfar evi terk etti ve \u00c7olpan peri\u015fan.   Ama biliyoruz ki b\u00fct\u00fcn ac\u0131lar ge\u00e7er. B\u00fct\u00fcn yang\u0131nlar bir g\u00fcn mutlaka s\u00f6ner.   Asfar ve \u00c7olpan evliliklerini iyile\u015ftirebilecek mi? So\u011fuyan kalpler yeniden birbirine nas\u0131l \u0131s\u0131n\u0131r? Yas duygusuyla nas\u0131l ba\u015f edilir?   Funda U\u00e7uk Er, bir aile dan\u0131\u015fman\u0131 olarak evli \u00e7iftlere vermek istedi\u011fi mesajlar\u0131 \u015fa\u015f\u0131rt\u0131c\u0131 g\u00fczellikte bir kurguyla okuyucuya sunuyor ve kitab\u0131n kapa\u011f\u0131n\u0131 kapatt\u0131\u011f\u0131n\u0131zda i\u00e7inizdeki m\u00fczik \u00e7almaya devam ediyor.   <\/p>\n","protected":false},"excerpt":{"rendered":"<p>D\u00fc\u015ft\u00fcm. Hi\u00e7 kalkamayaca\u011f\u0131m\u0131 zannedecek kadar uzun kald\u0131m yerde. \u201cOysa ba\u015flarda her \u015fey ne de g\u00fczel ba\u015flam\u0131\u015ft\u0131. Benim i\u00e7in t\u00fcm zorluklar\u0131 kolayla\u015ft\u0131r\u0131yor olmas\u0131, her \u015feyin sorumlulu\u011funu alma<span class=\"excerpt-hellip\"> [\u2026]<\/span><\/p>\n","protected":false},"featured_media":0,"template":"","meta":{"_monsterinsights_skip_tracking":false,"_monsterinsights_sitenote_active":false,"_monsterinsights_sitenote_note":"","_monsterinsights_sitenote_category":0},"product_brand":[],"product_cat":[12291,12711],"product_tag":[],"class_list":{"0":"post-754750","1":"product","2":"type-product","3":"status-publish","5":"product_cat-edebiyat","6":"product_cat-roman-oyku","7":"pa_cilt-ciltsiz","8":"pa_tur-kitap","9":"pa_yayinevi-hayykitap","10":"pa_yazar-funda-ucuk-er","12":"first","13":"instock","14":"sale","15":"shipping-taxable","16":"purchasable","17":"product-type-simple"},"_links":{"self":[{"href":"https:\/\/roveyayinevi.com.tr\/index.php\/wp-json\/wp\/v2\/product\/754750","targetHints":{"allow":["GET"]}}],"collection":[{"href":"https:\/\/roveyayinevi.com.tr\/index.php\/wp-json\/wp\/v2\/product"}],"about":[{"href":"https:\/\/roveyayinevi.com.tr\/index.php\/wp-json\/wp\/v2\/types\/product"}],"wp:attachment":[{"href":"https:\/\/roveyayinevi.com.tr\/index.php\/wp-json\/wp\/v2\/media?parent=754750"}],"wp:term":[{"taxonomy":"product_brand","embeddable":true,"href":"https:\/\/roveyayinevi.com.tr\/index.php\/wp-json\/wp\/v2\/product_brand?post=754750"},{"taxonomy":"product_cat","embeddable":true,"href":"https:\/\/roveyayinevi.com.tr\/index.php\/wp-json\/wp\/v2\/product_cat?post=754750"},{"taxonomy":"product_tag","embeddable":true,"href":"https:\/\/roveyayinevi.com.tr\/index.php\/wp-json\/wp\/v2\/product_tag?post=754750"}],"curies":[{"name":"wp","href":"https:\/\/api.w.org\/{rel}","templated":true}]}}