{"id":754749,"date":"2025-08-28T06:19:50","date_gmt":"2025-08-28T03:19:50","guid":{"rendered":"https:\/\/roveyayinevi.com.tr\/index.php\/urun\/veteriner-cerrahinin-esaslari\/"},"modified":"2025-10-01T21:23:49","modified_gmt":"2025-10-01T18:23:49","slug":"veteriner-cerrahinin-esaslari","status":"publish","type":"product","link":"https:\/\/roveyayinevi.com.tr\/index.php\/urun\/veteriner-cerrahinin-esaslari\/","title":{"rendered":"Veteriner Cerrahinin Esaslar\u0131"},"content":{"rendered":"<p>E\u011fitimine ba\u015flad\u0131\u011f\u0131m g\u00fcnden itibaren veteriner cerrahi m\u00fcfredat\u0131n\u0131n y\u0131llar i\u00e7erisinde evrilerek radyoloji, anesteziyoloji-reaminasyon, ortopeditravmatolojinin ayr\u0131 derslere d\u00f6n\u00fc\u015ft\u00fc\u011f\u00fcne tan\u0131k oldum. Art\u0131k bu farkl\u0131 disiplinlerin ayr\u0131 Anabilim Dal\u0131 olmalar\u0131, zaman\u0131 ge\u00e7mekte olan bir zorunluluktur. Son y\u0131llarda pek \u00e7ok veteriner fak\u00fcltesinde klinik e\u011fitim program\u0131n\u0131n hayvan t\u00fcrlerini temel almaya ba\u015flad\u0131\u011f\u0131 da g\u00f6r\u00fclmektedir. Spesifikle\u015fen bu e\u011fitimin daha iyi kavranabilmesi i\u00e7in veteriner cerrahi e\u011fitimine ba\u015flayan bir \u00f6\u011frencinin temel cerrahi konulara h\u00e2kim olmas\u0131 gerekir. Bu d\u00fc\u015f\u00fcnce \u00e7er\u00e7evesinde bu derleme kitab\u0131n ismi \u201cVeteriner Cerrahinin Esaslar\u0131\u201d oldu. Bu kitapta kedi, k\u00f6pek, at ve s\u0131\u011f\u0131r olmak \u00fczere 4 farkl\u0131 hayvan t\u00fcr\u00fcne yer verildi. Bir veteriner klini\u011fine ba\u015fvuran cerrahi hastan\u0131n preoperatif d\u00f6neminden ba\u015flayarak postoperatif d\u00f6nemin tamam\u0131, kar\u015f\u0131la\u015f\u0131labilecek komplikasyonlarda d\u00e2hil olmak kayd\u0131yla b\u00f6l\u00fcmler halinde anlat\u0131ld\u0131. Bu kitab\u0131n yaz\u0131m\u0131nda uluslararas\u0131 ve ulusal yayg\u0131n kabul g\u00f6rm\u00fc\u015f kitaplar, son y\u0131llardaki derlemeler, ara\u015ft\u0131rma makaleleri ve olgu sunumlar\u0131 kaynak olarak kullan\u0131ld\u0131. Ayr\u0131ca konu ile ili\u015fkili \u00e7ok say\u0131da video, metin i\u00e7erisinde link verilerek okuyucuya \u00f6nerildi. Do\u00e7. Dr. Mahir KAYA<\/p>\n","protected":false},"excerpt":{"rendered":"<p>E\u011fitimine ba\u015flad\u0131\u011f\u0131m g\u00fcnden itibaren veteriner cerrahi m\u00fcfredat\u0131n\u0131n y\u0131llar i\u00e7erisinde evrilerek radyoloji, anesteziyoloji-reaminasyon, ortopeditravmatolojinin ayr\u0131 derslere d\u00f6n\u00fc\u015ft\u00fc\u011f\u00fcne tan\u0131k oldum. Art\u0131k bu farkl\u0131 disiplinlerin ayr\u0131 Anabilim Dal\u0131 olmalar\u0131,<span class=\"excerpt-hellip\"> [\u2026]<\/span><\/p>\n","protected":false},"featured_media":0,"template":"","meta":{"_monsterinsights_skip_tracking":false,"_monsterinsights_sitenote_active":false,"_monsterinsights_sitenote_note":"","_monsterinsights_sitenote_category":0},"product_brand":[],"product_cat":[12566],"product_tag":[],"class_list":{"0":"post-754749","1":"product","2":"type-product","3":"status-publish","5":"product_cat-egitim","6":"pa_cilt-ciltsiz","7":"pa_tur-kitap","8":"pa_yayinevi-platanus-publishing","9":"pa_yazar-mahir-kaya","11":"first","12":"instock","13":"sale","14":"shipping-taxable","15":"purchasable","16":"product-type-simple"},"_links":{"self":[{"href":"https:\/\/roveyayinevi.com.tr\/index.php\/wp-json\/wp\/v2\/product\/754749","targetHints":{"allow":["GET"]}}],"collection":[{"href":"https:\/\/roveyayinevi.com.tr\/index.php\/wp-json\/wp\/v2\/product"}],"about":[{"href":"https:\/\/roveyayinevi.com.tr\/index.php\/wp-json\/wp\/v2\/types\/product"}],"wp:attachment":[{"href":"https:\/\/roveyayinevi.com.tr\/index.php\/wp-json\/wp\/v2\/media?parent=754749"}],"wp:term":[{"taxonomy":"product_brand","embeddable":true,"href":"https:\/\/roveyayinevi.com.tr\/index.php\/wp-json\/wp\/v2\/product_brand?post=754749"},{"taxonomy":"product_cat","embeddable":true,"href":"https:\/\/roveyayinevi.com.tr\/index.php\/wp-json\/wp\/v2\/product_cat?post=754749"},{"taxonomy":"product_tag","embeddable":true,"href":"https:\/\/roveyayinevi.com.tr\/index.php\/wp-json\/wp\/v2\/product_tag?post=754749"}],"curies":[{"name":"wp","href":"https:\/\/api.w.org\/{rel}","templated":true}]}}