{"id":754745,"date":"2025-08-28T06:19:44","date_gmt":"2025-08-28T03:19:44","guid":{"rendered":"https:\/\/roveyayinevi.com.tr\/index.php\/urun\/dunyanin-egzersizi-deprem\/"},"modified":"2026-04-16T03:07:57","modified_gmt":"2026-04-16T00:07:57","slug":"dunyanin-egzersizi-deprem","status":"publish","type":"product","link":"https:\/\/roveyayinevi.com.tr\/index.php\/urun\/dunyanin-egzersizi-deprem\/","title":{"rendered":"D\u00fcnya\u2019n\u0131n Egzersizi Deprem"},"content":{"rendered":"<p>D\u00fcnya bizim evimiz, bunu hepimizbiliyoruz. Peki, evimizin canl\u0131 oldu\u011funubiliyor muydunuz? D\u00fcnya hem nefesal\u0131yor hem de hareket ediyor! Ama \u00f6yleyava\u015f hareket ediyor ki egzersiz yapmayaihtiya\u00e7 duyuyor. D\u00fcnya kocaman, bizk\u00fc\u00e7\u00fcc\u00fc\u011f\u00fcz, o y\u00fczden bu egzersizler bazenbizi korkutabiliyor. D\u00fcnya\u2019n\u0131n egzersizidepremden korkmamak i\u00e7in D\u00fcnya ileoyun oynamaya haz\u0131r m\u0131s\u0131n\u0131z?<\/p>\n","protected":false},"excerpt":{"rendered":"<p>D\u00fcnya bizim evimiz, bunu hepimizbiliyoruz. Peki, evimizin canl\u0131 oldu\u011funubiliyor muydunuz? D\u00fcnya hem nefesal\u0131yor hem de hareket ediyor! Ama \u00f6yleyava\u015f hareket ediyor ki egzersiz yapmayaihtiya\u00e7 duyuyor. D\u00fcnya<span class=\"excerpt-hellip\"> [\u2026]<\/span><\/p>\n","protected":false},"featured_media":0,"template":"","meta":{"_monsterinsights_skip_tracking":false,"_monsterinsights_sitenote_active":false,"_monsterinsights_sitenote_note":"","_monsterinsights_sitenote_category":0},"product_brand":[],"product_cat":[12274],"product_tag":[],"class_list":{"0":"post-754745","1":"product","2":"type-product","3":"status-publish","5":"product_cat-cocuk-ve-genclik-kitaplari","6":"pa_cilt-ciltsiz","7":"pa_tur-kitap","8":"pa_yayinevi-masalperest-ozel-urun","9":"pa_yazar-esat-zorkirisci","11":"first","12":"instock","13":"sale","14":"shipping-taxable","15":"purchasable","16":"product-type-simple"},"_links":{"self":[{"href":"https:\/\/roveyayinevi.com.tr\/index.php\/wp-json\/wp\/v2\/product\/754745","targetHints":{"allow":["GET"]}}],"collection":[{"href":"https:\/\/roveyayinevi.com.tr\/index.php\/wp-json\/wp\/v2\/product"}],"about":[{"href":"https:\/\/roveyayinevi.com.tr\/index.php\/wp-json\/wp\/v2\/types\/product"}],"wp:attachment":[{"href":"https:\/\/roveyayinevi.com.tr\/index.php\/wp-json\/wp\/v2\/media?parent=754745"}],"wp:term":[{"taxonomy":"product_brand","embeddable":true,"href":"https:\/\/roveyayinevi.com.tr\/index.php\/wp-json\/wp\/v2\/product_brand?post=754745"},{"taxonomy":"product_cat","embeddable":true,"href":"https:\/\/roveyayinevi.com.tr\/index.php\/wp-json\/wp\/v2\/product_cat?post=754745"},{"taxonomy":"product_tag","embeddable":true,"href":"https:\/\/roveyayinevi.com.tr\/index.php\/wp-json\/wp\/v2\/product_tag?post=754745"}],"curies":[{"name":"wp","href":"https:\/\/api.w.org\/{rel}","templated":true}]}}