{"id":754744,"date":"2025-08-28T06:19:42","date_gmt":"2025-08-28T03:19:42","guid":{"rendered":"https:\/\/roveyayinevi.com.tr\/index.php\/urun\/kalpsiz-2\/"},"modified":"2026-04-16T03:07:57","modified_gmt":"2026-04-16T00:07:57","slug":"kalpsiz-2","status":"publish","type":"product","link":"https:\/\/roveyayinevi.com.tr\/index.php\/urun\/kalpsiz-2\/","title":{"rendered":"Kalpsiz"},"content":{"rendered":"<p>\u201cSana kar\u015f\u0131 durmaktan b\u0131kt\u0131m.Hi\u00e7bir yere gitmiyorsun. Sen buraya, bana aitsin.\u201d   Cade Eaton, d\u00fcnyan\u0131n en huysuz ancak en sorumlu bek\u00e2rbabalar\u0131ndan biridir. Ailesinin her zaman ba\u015fvurdu\u011fu ki\u015fi odurve yard\u0131ma hep haz\u0131rd\u0131r. K\u00fc\u00e7\u00fckl\u00fc\u011f\u00fcnden itibaren iyi g\u00fcnde vek\u00f6t\u00fc g\u00fcnde yan\u0131n\u0131zda olan, kendisi i\u00e7in hi\u00e7bir \u015fey istemeyenki\u015fidir. Cade, o\u011flu Luke ve ailesiyle birlikte mutludur, \u00e7al\u0131\u015fmay\u0131\u00e7ok sevdi\u011fi b\u00fcy\u00fck \u00e7iftli\u011finin hayat\u0131 i\u00e7in yeterli oldu\u011fundanemindir. Ta ki bu yaz Luke\u2019un dad\u0131s\u0131 emekli olana ve yeni birdad\u0131 aramak zorunda kalana kadar&#8230; Willa Grant, yirmilerindeki her gen\u00e7 kad\u0131n\u0131n yapaca\u011f\u0131 gibi yaz\u0131\u015fehirde, arkada\u015flar\u0131yla partilere kat\u0131l\u0131p e\u011flenerek ge\u00e7irmeyiplanlar. Fakat bir noktada bu, s\u0131k\u0131c\u0131 bir plan haline gelir. En iyiarkada\u015f\u0131 Summer\u2019\u0131n ya\u015fad\u0131\u011f\u0131 Dilek Kuyusu \u00c7iftli\u011fi\u2019nde do\u011fan\u0131nve sessizli\u011fin tad\u0131n\u0131 \u00e7\u0131karmaya karar verir. Ne istedi\u011fini herzaman bilen Willa daima k\u00fcstahl\u0131\u011f\u0131 kadar zek\u00e2s\u0131yla da dikkat\u00e7ekmi\u015ftir. D\u00fcnyan\u0131n en huysuz bek\u00e2r babas\u0131 i\u00e7in dad\u0131 olarak\u00e7al\u0131\u015fmak ona g\u00f6re olduk\u00e7a kolayd\u0131r. Ancak bir gece, \u201cdo\u011fruluk mucesaret mi\u201d oyunu onlar\u0131 jakuziye sokmu\u015f ve aralar\u0131ndaki iddia,Willa\u2019n\u0131n g\u00f6zlerini Cade\u2019den bir t\u00fcrl\u00fc ay\u0131ramamas\u0131yla sonu\u00e7lanm\u0131\u015ft\u0131r.Gen\u00e7 kad\u0131n\u0131n i\u015f anla\u015fmas\u0131 sadece iki ay ge\u00e7erlidir. Ancak kalbi,sonsuza kadar kalmak isteyece\u011fi yeri bulmu\u015ftur.<\/p>\n","protected":false},"excerpt":{"rendered":"<p>\u201cSana kar\u015f\u0131 durmaktan b\u0131kt\u0131m.Hi\u00e7bir yere gitmiyorsun. Sen buraya, bana aitsin.\u201d Cade Eaton, d\u00fcnyan\u0131n en huysuz ancak en sorumlu bek\u00e2rbabalar\u0131ndan biridir. Ailesinin her zaman ba\u015fvurdu\u011fu ki\u015fi odurve<span class=\"excerpt-hellip\"> [\u2026]<\/span><\/p>\n","protected":false},"featured_media":0,"template":"","meta":{"_monsterinsights_skip_tracking":false,"_monsterinsights_sitenote_active":false,"_monsterinsights_sitenote_note":"","_monsterinsights_sitenote_category":0},"product_brand":[],"product_cat":[12291,12711],"product_tag":[],"class_list":{"0":"post-754744","1":"product","2":"type-product","3":"status-publish","5":"product_cat-edebiyat","6":"product_cat-roman-oyku","7":"pa_cilt-ciltsiz","8":"pa_tur-kitap","9":"pa_yayinevi-nemesis-kitap","10":"pa_yazar-elsie-silver","12":"first","13":"instock","14":"sale","15":"shipping-taxable","16":"purchasable","17":"product-type-simple"},"_links":{"self":[{"href":"https:\/\/roveyayinevi.com.tr\/index.php\/wp-json\/wp\/v2\/product\/754744","targetHints":{"allow":["GET"]}}],"collection":[{"href":"https:\/\/roveyayinevi.com.tr\/index.php\/wp-json\/wp\/v2\/product"}],"about":[{"href":"https:\/\/roveyayinevi.com.tr\/index.php\/wp-json\/wp\/v2\/types\/product"}],"wp:attachment":[{"href":"https:\/\/roveyayinevi.com.tr\/index.php\/wp-json\/wp\/v2\/media?parent=754744"}],"wp:term":[{"taxonomy":"product_brand","embeddable":true,"href":"https:\/\/roveyayinevi.com.tr\/index.php\/wp-json\/wp\/v2\/product_brand?post=754744"},{"taxonomy":"product_cat","embeddable":true,"href":"https:\/\/roveyayinevi.com.tr\/index.php\/wp-json\/wp\/v2\/product_cat?post=754744"},{"taxonomy":"product_tag","embeddable":true,"href":"https:\/\/roveyayinevi.com.tr\/index.php\/wp-json\/wp\/v2\/product_tag?post=754744"}],"curies":[{"name":"wp","href":"https:\/\/api.w.org\/{rel}","templated":true}]}}