{"id":754743,"date":"2025-08-28T06:19:40","date_gmt":"2025-08-28T03:19:40","guid":{"rendered":"https:\/\/roveyayinevi.com.tr\/index.php\/urun\/kaybolus-3\/"},"modified":"2026-04-16T03:07:57","modified_gmt":"2026-04-16T00:07:57","slug":"kaybolus-3","status":"publish","type":"product","link":"https:\/\/roveyayinevi.com.tr\/index.php\/urun\/kaybolus-3\/","title":{"rendered":"Kaybolu\u015f"},"content":{"rendered":"<p>Bir insan kendini bildi\u011fi g\u00fcnden kaybetti\u011fi g\u00fcne kadar neler ya\u015far? Ya\u015fad\u0131klar\u0131n\u0131n ne kadar\u0131n\u0131, nas\u0131l hat\u0131rlar? Bir t\u00fcrl\u00fc unutulamay\u0131p zihnin en derin dehlizlerinde biriktirilen hat\u0131ralar \u015fu anki ya\u015fant\u0131ya nas\u0131l tesir eder? Ger\u00e7eklik dedi\u011fimiz \u015feyin s\u0131n\u0131r\u0131 nerede ba\u015flar? \u0130nsan ne zaman ger\u00e7eklerden kopmaya, kendi ger\u00e7eklerini yaratmaya ba\u015flar? Ya\u015fam\u0131 zorla\u015ft\u0131ran \u015feyler hayattan m\u0131, yoksa insandan m\u0131 beslenir?   Kahraman\u0131m\u0131z g\u00f6zlerini a\u00e7t\u0131\u011f\u0131nda kendini ruh ve sinir hastal\u0131klar\u0131 hastanesinde, hi\u00e7bir \u015fey hat\u0131rlam\u0131yorken bulur. Ge\u00e7mi\u015fi hat\u0131rlamad\u0131\u011f\u0131ndan tamamen \u015fimdiki zamana odaklan\u0131r ve i\u00e7inde bulundu\u011fu naho\u015f durumdan kurtulabilmek i\u00e7in bir an \u00f6nce her \u015feyi hat\u0131rlamak ister. Ya\u015fad\u0131\u011f\u0131 sorunu psikiyatri kaynakl\u0131 g\u00f6rmedi\u011finden haf\u0131za sorunu ya\u015fayan hastalarda ba\u015far\u0131l\u0131 bir \u015fekilde uyguland\u0131\u011f\u0131n\u0131 \u00f6\u011frendi\u011fi hipnoz tedavisinin kendisine de uygulanmas\u0131n\u0131 ister. Bu tedavi y\u00f6ntemini kahraman\u0131m\u0131z i\u00e7in tehlikeli bulan hastanenin ba\u015fhekimi, her ne kadar bunu uygulamak istemese de adli bir vakada bilgisine ihtiya\u00e7 duyuldu\u011fundan gelen bask\u0131lara dayanamaz ve kabul etmek zorunda kal\u0131r. G\u00f6rd\u00fc\u011f\u00fc hipnoz seanslar\u0131yla ge\u00e7mi\u015fini \u00e7ocukluk y\u0131llar\u0131ndan itibaren par\u00e7a par\u00e7a hat\u0131rlamaya ba\u015flayan kahraman\u0131m\u0131z, ya\u015fant\u0131s\u0131n\u0131n travmalarla dolu oldu\u011funu \u00f6\u011frenmeye, hat\u0131rlad\u0131\u011f\u0131 her yeni olayla yeni bir uyum sorunu ya\u015famaya ba\u015flar. Zaman ilerledik\u00e7e kahraman\u0131m\u0131z\u0131n hat\u0131rlama arzusu yerini i\u00e7inden \u00e7\u0131k\u0131lmaz bir gizeme, \u00e7ok daha \u00e7etin bir m\u00fccadeleye b\u0131rak\u0131r.<\/p>\n","protected":false},"excerpt":{"rendered":"<p>Bir insan kendini bildi\u011fi g\u00fcnden kaybetti\u011fi g\u00fcne kadar neler ya\u015far? Ya\u015fad\u0131klar\u0131n\u0131n ne kadar\u0131n\u0131, nas\u0131l hat\u0131rlar? Bir t\u00fcrl\u00fc unutulamay\u0131p zihnin en derin dehlizlerinde biriktirilen hat\u0131ralar \u015fu anki<span class=\"excerpt-hellip\"> [\u2026]<\/span><\/p>\n","protected":false},"featured_media":0,"template":"","meta":{"_monsterinsights_skip_tracking":false,"_monsterinsights_sitenote_active":false,"_monsterinsights_sitenote_note":"","_monsterinsights_sitenote_category":0},"product_brand":[],"product_cat":[12291,12711],"product_tag":[],"class_list":{"0":"post-754743","1":"product","2":"type-product","3":"status-publish","5":"product_cat-edebiyat","6":"product_cat-roman-oyku","7":"pa_cilt-ciltsiz","8":"pa_tur-kitap","9":"pa_yayinevi-perseus","10":"pa_yazar-murat-tezcan","12":"first","13":"instock","14":"sale","15":"shipping-taxable","16":"purchasable","17":"product-type-simple"},"_links":{"self":[{"href":"https:\/\/roveyayinevi.com.tr\/index.php\/wp-json\/wp\/v2\/product\/754743","targetHints":{"allow":["GET"]}}],"collection":[{"href":"https:\/\/roveyayinevi.com.tr\/index.php\/wp-json\/wp\/v2\/product"}],"about":[{"href":"https:\/\/roveyayinevi.com.tr\/index.php\/wp-json\/wp\/v2\/types\/product"}],"wp:attachment":[{"href":"https:\/\/roveyayinevi.com.tr\/index.php\/wp-json\/wp\/v2\/media?parent=754743"}],"wp:term":[{"taxonomy":"product_brand","embeddable":true,"href":"https:\/\/roveyayinevi.com.tr\/index.php\/wp-json\/wp\/v2\/product_brand?post=754743"},{"taxonomy":"product_cat","embeddable":true,"href":"https:\/\/roveyayinevi.com.tr\/index.php\/wp-json\/wp\/v2\/product_cat?post=754743"},{"taxonomy":"product_tag","embeddable":true,"href":"https:\/\/roveyayinevi.com.tr\/index.php\/wp-json\/wp\/v2\/product_tag?post=754743"}],"curies":[{"name":"wp","href":"https:\/\/api.w.org\/{rel}","templated":true}]}}