{"id":754705,"date":"2025-08-28T06:18:38","date_gmt":"2025-08-28T03:18:38","guid":{"rendered":"https:\/\/roveyayinevi.com.tr\/index.php\/urun\/guller-ve-sevdalar\/"},"modified":"2026-04-16T03:07:56","modified_gmt":"2026-04-16T00:07:56","slug":"guller-ve-sevdalar","status":"publish","type":"product","link":"https:\/\/roveyayinevi.com.tr\/index.php\/urun\/guller-ve-sevdalar\/","title":{"rendered":"G\u00fcller ve Sevdalar"},"content":{"rendered":"<p>G\u00fcl a\u00e7arken sevdas\u0131ndan, Sevda ona \u201cg\u00fcl\u00fcm\u201d dedi. G\u00fcl kokarken sevgisinden, Sevda ona \u201cyolum\u201d dedi.   G\u00fcl b\u00fcy\u00fcd\u00fc, yola d\u00fc\u015ft\u00fc, Sevda arkas\u0131ndan ko\u015ftu, Da\u011flar dere olup ta\u015ft\u0131, Sevda ona \u201cdal\u0131m\u201d dedi.   Hak emretti, g\u00fcller koktu, \u00c7ay\u0131r \u00e7imen, ku\u015flar u\u00e7tu, Herkes sevdi\u011fine ko\u015ftu, Rabbim ona \u201ckulum\u201d dedi.   \u0130\u015fte sevda, i\u015fte sonu, B\u00fclb\u00fcl sevdas\u0131na kondu. Karami\u2019nin kalbi dondu, Yolun sonu \u201c\u00f6l\u00fcm\u201d dedi.<\/p>\n","protected":false},"excerpt":{"rendered":"<p>G\u00fcl a\u00e7arken sevdas\u0131ndan, Sevda ona \u201cg\u00fcl\u00fcm\u201d dedi. G\u00fcl kokarken sevgisinden, Sevda ona \u201cyolum\u201d dedi. G\u00fcl b\u00fcy\u00fcd\u00fc, yola d\u00fc\u015ft\u00fc, Sevda arkas\u0131ndan ko\u015ftu, Da\u011flar dere olup ta\u015ft\u0131, Sevda<span class=\"excerpt-hellip\"> [\u2026]<\/span><\/p>\n","protected":false},"featured_media":0,"template":"","meta":{"_monsterinsights_skip_tracking":false,"_monsterinsights_sitenote_active":false,"_monsterinsights_sitenote_note":"","_monsterinsights_sitenote_category":0},"product_brand":[],"product_cat":[12291,12509],"product_tag":[],"class_list":{"0":"post-754705","1":"product","2":"type-product","3":"status-publish","5":"product_cat-edebiyat","6":"product_cat-siir","7":"pa_cilt-ciltsiz","8":"pa_tur-kitap","9":"pa_yayinevi-luna-yayinlari","10":"pa_yazar-mehmet-karatas","12":"first","13":"instock","14":"sale","15":"shipping-taxable","16":"purchasable","17":"product-type-simple"},"_links":{"self":[{"href":"https:\/\/roveyayinevi.com.tr\/index.php\/wp-json\/wp\/v2\/product\/754705","targetHints":{"allow":["GET"]}}],"collection":[{"href":"https:\/\/roveyayinevi.com.tr\/index.php\/wp-json\/wp\/v2\/product"}],"about":[{"href":"https:\/\/roveyayinevi.com.tr\/index.php\/wp-json\/wp\/v2\/types\/product"}],"wp:attachment":[{"href":"https:\/\/roveyayinevi.com.tr\/index.php\/wp-json\/wp\/v2\/media?parent=754705"}],"wp:term":[{"taxonomy":"product_brand","embeddable":true,"href":"https:\/\/roveyayinevi.com.tr\/index.php\/wp-json\/wp\/v2\/product_brand?post=754705"},{"taxonomy":"product_cat","embeddable":true,"href":"https:\/\/roveyayinevi.com.tr\/index.php\/wp-json\/wp\/v2\/product_cat?post=754705"},{"taxonomy":"product_tag","embeddable":true,"href":"https:\/\/roveyayinevi.com.tr\/index.php\/wp-json\/wp\/v2\/product_tag?post=754705"}],"curies":[{"name":"wp","href":"https:\/\/api.w.org\/{rel}","templated":true}]}}