{"id":754688,"date":"2025-08-28T06:18:10","date_gmt":"2025-08-28T03:18:10","guid":{"rendered":"https:\/\/roveyayinevi.com.tr\/index.php\/urun\/mehmed-sakir-kesebir-1889-1966\/"},"modified":"2026-04-16T03:07:56","modified_gmt":"2026-04-16T00:07:56","slug":"mehmed-sakir-kesebir-1889-1966","status":"publish","type":"product","link":"https:\/\/roveyayinevi.com.tr\/index.php\/urun\/mehmed-sakir-kesebir-1889-1966\/","title":{"rendered":"Mehmed \u015eakir Kesebir (1889-1966)"},"content":{"rendered":"<p>I. Balkan Sava\u015f\u0131 ve I. D\u00fcnya Sava\u015f\u0131 s\u0131ras\u0131nda vatan\u0131na ve milletine say\u0131s\u0131z hizmetlerde bulunan Mehmed \u015eakir Kesebir\u2019in, Mill\u00ee M\u00fccadele s\u0131ras\u0131nda Trakya\u2019da ger\u00e7ekle\u015ftirdi\u011fi faaliyetler Do\u011fu Trakya\u2019n\u0131n kurtulu\u015funda hayat\u00ee \u00f6neme sahiptir. \u0130stanbul\u2019un i\u015fgalinden sadece iki hafta sonra L\u00fcleburgaz Kongresi\u2019ni toplam\u0131\u015f ve ba\u015fkanl\u0131\u011f\u0131n\u0131 yapm\u0131\u015ft\u0131r. Ola\u011fan\u00fcst\u00fc Edirne Kongresi\u2019nde Trakya\u2019n\u0131n i\u015fgal edilmesi durumunda t\u00fcm imk\u00e2nlar kullan\u0131larak m\u00fcdafaa edilmesi gerekti\u011fi fikrini sonuna kadar savunmu\u015ftur. Mill\u00ee M\u00fccadele\u2019nin ard\u0131ndan Do\u011fu Trakya\u2019n\u0131n devir ve teslimine bizzat kat\u0131lm\u0131\u015f ve b\u00f6lgede m\u00fclk\u00ee idareyi yeniden tesis etmi\u015ftir. Cumhuriyet d\u00f6neminde iki kez \u0130ktisat Vekilli\u011fi, bir kez Ziraat Vekilli\u011fi yapan \u015eakir Kesebir, 1930 y\u0131l\u0131nda \u201c\u015eakir Kesebir Plan\u0131\u201d olarak da an\u0131lan, \u0130ktisad\u00ee Vaziyetimize Dair Rapor\u2019u haz\u0131rlam\u0131\u015f ve T\u00fcrkiye\u2019nin iktisad\u00ee a\u00e7\u0131dan kalk\u0131nmas\u0131nda \u00f6nemli rol oynam\u0131\u015ft\u0131r <\/p>\n","protected":false},"excerpt":{"rendered":"<p>I. Balkan Sava\u015f\u0131 ve I. D\u00fcnya Sava\u015f\u0131 s\u0131ras\u0131nda vatan\u0131na ve milletine say\u0131s\u0131z hizmetlerde bulunan Mehmed \u015eakir Kesebir\u2019in, Mill\u00ee M\u00fccadele s\u0131ras\u0131nda Trakya\u2019da ger\u00e7ekle\u015ftirdi\u011fi faaliyetler Do\u011fu Trakya\u2019n\u0131n kurtulu\u015funda<span class=\"excerpt-hellip\"> [\u2026]<\/span><\/p>\n","protected":false},"featured_media":0,"template":"","meta":{"_monsterinsights_skip_tracking":false,"_monsterinsights_sitenote_active":false,"_monsterinsights_sitenote_note":"","_monsterinsights_sitenote_category":0},"product_brand":[],"product_cat":[13946,12304],"product_tag":[],"class_list":{"0":"post-754688","1":"product","2":"type-product","3":"status-publish","5":"product_cat-biyografi-otobiyografi","6":"product_cat-tarih","7":"pa_cilt-ciltsiz","8":"pa_tur-kitap","9":"pa_yayinevi-altinordu-yayinlari","10":"pa_yazar-aysegul-inginar-kemaloglu","12":"first","13":"instock","14":"sale","15":"shipping-taxable","16":"purchasable","17":"product-type-simple"},"_links":{"self":[{"href":"https:\/\/roveyayinevi.com.tr\/index.php\/wp-json\/wp\/v2\/product\/754688","targetHints":{"allow":["GET"]}}],"collection":[{"href":"https:\/\/roveyayinevi.com.tr\/index.php\/wp-json\/wp\/v2\/product"}],"about":[{"href":"https:\/\/roveyayinevi.com.tr\/index.php\/wp-json\/wp\/v2\/types\/product"}],"wp:attachment":[{"href":"https:\/\/roveyayinevi.com.tr\/index.php\/wp-json\/wp\/v2\/media?parent=754688"}],"wp:term":[{"taxonomy":"product_brand","embeddable":true,"href":"https:\/\/roveyayinevi.com.tr\/index.php\/wp-json\/wp\/v2\/product_brand?post=754688"},{"taxonomy":"product_cat","embeddable":true,"href":"https:\/\/roveyayinevi.com.tr\/index.php\/wp-json\/wp\/v2\/product_cat?post=754688"},{"taxonomy":"product_tag","embeddable":true,"href":"https:\/\/roveyayinevi.com.tr\/index.php\/wp-json\/wp\/v2\/product_tag?post=754688"}],"curies":[{"name":"wp","href":"https:\/\/api.w.org\/{rel}","templated":true}]}}