{"id":754683,"date":"2025-08-28T06:18:03","date_gmt":"2025-08-28T03:18:03","guid":{"rendered":"https:\/\/roveyayinevi.com.tr\/index.php\/urun\/kaybolan-bacak\/"},"modified":"2026-04-16T03:07:56","modified_gmt":"2026-04-16T00:07:56","slug":"kaybolan-bacak","status":"publish","type":"product","link":"https:\/\/roveyayinevi.com.tr\/index.php\/urun\/kaybolan-bacak\/","title":{"rendered":"Kaybolan Bacak"},"content":{"rendered":"<p>Karel \u00c7apek, 20. y\u00fczy\u0131la damgas\u0131n\u0131 vuran en \u00f6nemli \u00c7ek edebiyat\u00e7\u0131lar\u0131ndan biridir. Fantastik ve bilim kurgu eserleriyle \u00fcnlenmi\u015f; bunlardan, insan ya\u015fam\u0131n\u0131 kolayla\u015ft\u0131rmalar\u0131 i\u00e7in yarat\u0131lan fakat sonunda t\u00fcm yery\u00fcz\u00fcn\u00fc ele ge\u00e7iren makineleri tasvir etti\u011fi yap\u0131t\u0131yla \u201crobot\u201d kavram\u0131n\u0131 d\u00fcnyaya tan\u0131tm\u0131\u015ft\u0131r. Dili esprili ve bir o kadar da ele\u015ftireldir. Kaybolan Bacak ad\u0131yla bu kitapta toplanan hik\u00e2yelerinde ise \u00c7apek, insanl\u0131\u011f\u0131n en temel meselelerinden adalet aray\u0131\u015f\u0131na kafa yormakta ve burjuva toplumundaki \u00e7eli\u015fkileri sade ve e\u011flenceli bir dille hicvetmektedir. Mizah\u0131n ve hicvin d\u0131\u015f\u0131nda neredeyse t\u00fcm hik\u00e2yelerinin bir di\u011fer ortak \u00f6zelli\u011fi de i\u00e7lerinde daima mucizevi bir taraf bulunmas\u0131d\u0131r. Karel \u00c7apek\u2019in birbirinden g\u00fczel 16 hik\u00e2yesini bir araya getiren Kaybolan Bacak\u2019\u0131, usta \u00e7evirmen Hasan \u00c2li Ediz\u2019in ak\u0131c\u0131 T\u00fcrk\u00e7esiyle sunuyoruz. <\/p>\n","protected":false},"excerpt":{"rendered":"<p>Karel \u00c7apek, 20. y\u00fczy\u0131la damgas\u0131n\u0131 vuran en \u00f6nemli \u00c7ek edebiyat\u00e7\u0131lar\u0131ndan biridir. Fantastik ve bilim kurgu eserleriyle \u00fcnlenmi\u015f; bunlardan, insan ya\u015fam\u0131n\u0131 kolayla\u015ft\u0131rmalar\u0131 i\u00e7in yarat\u0131lan fakat sonunda t\u00fcm<span class=\"excerpt-hellip\"> [\u2026]<\/span><\/p>\n","protected":false},"featured_media":0,"template":"","meta":{"_monsterinsights_skip_tracking":false,"_monsterinsights_sitenote_active":false,"_monsterinsights_sitenote_note":"","_monsterinsights_sitenote_category":0},"product_brand":[],"product_cat":[12291,12711],"product_tag":[],"class_list":{"0":"post-754683","1":"product","2":"type-product","3":"status-publish","5":"product_cat-edebiyat","6":"product_cat-roman-oyku","7":"pa_cilt-ciltsiz","8":"pa_tur-kitap","9":"pa_yayinevi-yordam-kitap","10":"pa_yazar-karel-capek","12":"first","13":"instock","14":"sale","15":"shipping-taxable","16":"purchasable","17":"product-type-simple"},"_links":{"self":[{"href":"https:\/\/roveyayinevi.com.tr\/index.php\/wp-json\/wp\/v2\/product\/754683","targetHints":{"allow":["GET"]}}],"collection":[{"href":"https:\/\/roveyayinevi.com.tr\/index.php\/wp-json\/wp\/v2\/product"}],"about":[{"href":"https:\/\/roveyayinevi.com.tr\/index.php\/wp-json\/wp\/v2\/types\/product"}],"wp:attachment":[{"href":"https:\/\/roveyayinevi.com.tr\/index.php\/wp-json\/wp\/v2\/media?parent=754683"}],"wp:term":[{"taxonomy":"product_brand","embeddable":true,"href":"https:\/\/roveyayinevi.com.tr\/index.php\/wp-json\/wp\/v2\/product_brand?post=754683"},{"taxonomy":"product_cat","embeddable":true,"href":"https:\/\/roveyayinevi.com.tr\/index.php\/wp-json\/wp\/v2\/product_cat?post=754683"},{"taxonomy":"product_tag","embeddable":true,"href":"https:\/\/roveyayinevi.com.tr\/index.php\/wp-json\/wp\/v2\/product_tag?post=754683"}],"curies":[{"name":"wp","href":"https:\/\/api.w.org\/{rel}","templated":true}]}}