{"id":754671,"date":"2025-08-28T06:17:44","date_gmt":"2025-08-28T03:17:44","guid":{"rendered":"https:\/\/roveyayinevi.com.tr\/index.php\/urun\/amazon-kadinlarina-ic-huzur-saglama-rehberi\/"},"modified":"2026-04-16T03:07:55","modified_gmt":"2026-04-16T00:07:55","slug":"amazon-kadinlarina-ic-huzur-saglama-rehberi","status":"publish","type":"product","link":"https:\/\/roveyayinevi.com.tr\/index.php\/urun\/amazon-kadinlarina-ic-huzur-saglama-rehberi\/","title":{"rendered":"Amazon Kad\u0131nlar\u0131na \u0130\u00e7 Huzur Sa\u011flama Rehberi"},"content":{"rendered":"<p>Onlar ba\u015far\u0131l\u0131, h\u0131rsl\u0131, becerikli kad\u0131nlar\u2026  Azla yetinmiyorlar, talepk\u00e2r, m\u00fccadeleci,ba\u015far\u0131 odakl\u0131lar&#8230; Hepsi birer sava\u015f\u00e7\u0131; evde, i\u015fte, ili\u015fkilerinde,hi\u00e7 durmadan m\u00fccadele ediyorlar\u2026 Hayatta en iyi versiyonlar\u0131n\u0131 deneyimlemek istiyorlar\u2026 Onlar efsane hemcinslerinin karakterinita\u015f\u0131yan g\u00fcn\u00fcm\u00fcz\u00fcn Amazon kad\u0131nlar\u0131\u2026 Hayat\u0131n her alan\u0131nda ba\u015far\u0131l\u0131 olmak i\u00e7in ku\u015fand\u0131klar\u0131 silahlar\u0131 var: m\u00fckemmeliyet\u00e7i bir yap\u0131, belirsizlikten ho\u015flanmayan kontrolc\u00fc bir miza\u00e7, duygular\u0131n\u0131 kendinden bile saklama yetene\u011fi, \u00e7at\u0131\u015fmadan ka\u00e7\u0131nma ve insanlar\u0131 memnun etme gayreti\u2026   Art\u0131k Amazon kad\u0131n\u0131 \u00f6yle bir noktaya geldi ki i\u00e7 huzuru kayboldu. \u00c7at\u0131\u015fmadan ka\u00e7\u0131n\u0131p \u201chay\u0131r\u201d diyemedi\u011fi i\u00e7in kendini t\u00fcketen bir sorumluluk ve i\u015f y\u00fck\u00fc alt\u0131na girdi. Romantik ili\u015fkilerinde zorlanmaya ba\u015flad\u0131. Fedak\u00e2r anne rol\u00fcne saplan\u0131p kald\u0131. Sa\u011fl\u0131kl\u0131 m\u00fckemmeliyet\u00e7ili\u011fi sa\u011fl\u0131ks\u0131z m\u00fckemmeliyet\u00e7ili\u011fe d\u00f6n\u00fc\u015ft\u00fc\u2026 Yoruldu\u2026 \u00c7areyi bazen k\u0131sa yoldan rahatlama sa\u011flayan ama uzun vadede davran\u0131\u015fsal bir ba\u011f\u0131ml\u0131l\u0131\u011fa d\u00f6n\u00fc\u015fen al\u0131\u015fkanl\u0131klarda arad\u0131. Bazen de kendine ac\u0131ma, ba\u015fkalar\u0131yla hayat\u0131n\u0131 kar\u015f\u0131la\u015ft\u0131rma ve kafada kurma gibi daha da can ac\u0131t\u0131c\u0131 tuzaklar i\u00e7eren kurban psikolojisi i\u00e7ine d\u00fc\u015ft\u00fc. \u00c7\u00fcnk\u00fc hayat\u0131n kontrol edilemez bir taraf\u0131 oldu\u011funu unuttu\u2026 \u015eimdi Amazon kad\u0131n\u0131 i\u00e7in yeniden g\u00fc\u00e7 kazanma, ruhsal b\u00fct\u00fcnl\u00fc\u011f\u00fcn\u00fc sa\u011flama, silahlar\u0131n\u0131 daha iyi kullanma ve yeniden toparlanma zaman\u0131Kendisi de bir Amazon kad\u0131n\u0131 olan Prof. Dr. Asl\u0131han D\u00f6nmez, Amazon kad\u0131nlar\u0131n\u0131 kendileri \u00fczerine d\u00fc\u015f\u00fcnmeye davet ediyor. Bu kitap sayesindee\u011fer bir Amazon kad\u0131n\u0131ysan\u0131z kendinizi anlay\u0131p y\u00fcklerinizden kurtulabilir,bir Amazon kad\u0131n\u0131n\u0131n yak\u0131n\u0131ysan\u0131z onu anlay\u0131p potansiyelini ger\u00e7ekle\u015ftirmesi i\u00e7in kanatlar\u0131 alt\u0131ndaki r\u00fczg\u00e2r olabilirsiniz. <\/p>\n","protected":false},"excerpt":{"rendered":"<p>Onlar ba\u015far\u0131l\u0131, h\u0131rsl\u0131, becerikli kad\u0131nlar\u2026 Azla yetinmiyorlar, talepk\u00e2r, m\u00fccadeleci,ba\u015far\u0131 odakl\u0131lar&#8230; Hepsi birer sava\u015f\u00e7\u0131; evde, i\u015fte, ili\u015fkilerinde,hi\u00e7 durmadan m\u00fccadele ediyorlar\u2026 Hayatta en iyi versiyonlar\u0131n\u0131 deneyimlemek istiyorlar\u2026 Onlar<span class=\"excerpt-hellip\"> [\u2026]<\/span><\/p>\n","protected":false},"featured_media":0,"template":"","meta":{"_monsterinsights_skip_tracking":false,"_monsterinsights_sitenote_active":false,"_monsterinsights_sitenote_note":"","_monsterinsights_sitenote_category":0},"product_brand":[],"product_cat":[12357],"product_tag":[],"class_list":{"0":"post-754671","1":"product","2":"type-product","3":"status-publish","5":"product_cat-psikoloji","6":"pa_cilt-ciltsiz","7":"pa_tur-kitap","8":"pa_yayinevi-dogan-novus","9":"pa_yazar-aslihan-donmez","11":"first","12":"instock","13":"sale","14":"shipping-taxable","15":"purchasable","16":"product-type-simple"},"_links":{"self":[{"href":"https:\/\/roveyayinevi.com.tr\/index.php\/wp-json\/wp\/v2\/product\/754671","targetHints":{"allow":["GET"]}}],"collection":[{"href":"https:\/\/roveyayinevi.com.tr\/index.php\/wp-json\/wp\/v2\/product"}],"about":[{"href":"https:\/\/roveyayinevi.com.tr\/index.php\/wp-json\/wp\/v2\/types\/product"}],"wp:attachment":[{"href":"https:\/\/roveyayinevi.com.tr\/index.php\/wp-json\/wp\/v2\/media?parent=754671"}],"wp:term":[{"taxonomy":"product_brand","embeddable":true,"href":"https:\/\/roveyayinevi.com.tr\/index.php\/wp-json\/wp\/v2\/product_brand?post=754671"},{"taxonomy":"product_cat","embeddable":true,"href":"https:\/\/roveyayinevi.com.tr\/index.php\/wp-json\/wp\/v2\/product_cat?post=754671"},{"taxonomy":"product_tag","embeddable":true,"href":"https:\/\/roveyayinevi.com.tr\/index.php\/wp-json\/wp\/v2\/product_tag?post=754671"}],"curies":[{"name":"wp","href":"https:\/\/api.w.org\/{rel}","templated":true}]}}