{"id":754655,"date":"2025-08-28T06:17:15","date_gmt":"2025-08-28T03:17:15","guid":{"rendered":"https:\/\/roveyayinevi.com.tr\/index.php\/urun\/hormonal-zeka\/"},"modified":"2026-04-16T03:07:55","modified_gmt":"2026-04-16T00:07:55","slug":"hormonal-zeka","status":"publish","type":"product","link":"https:\/\/roveyayinevi.com.tr\/index.php\/urun\/hormonal-zeka\/","title":{"rendered":"Hormonal Zeka"},"content":{"rendered":"<p>Kad\u0131nlar\u0131n ya\u015famlar\u0131 boyunca \u00e7e\u015fitli hormonal de\u011fi\u015fiklikler ya\u015famalar\u0131 do\u011fald\u0131r ancak pek \u00e7ok kad\u0131n hormonlardan kaynaklanan regl d\u00fczensizlikleri, \u015fiddetli a\u011fr\u0131, PKOS, endometriozis, do\u011furganl\u0131k problemleri, uyku sorunlar\u0131, akne, \u015fi\u015fkinlik, s\u0131cak basmas\u0131 gibi dertlerle m\u00fccadele ederken arad\u0131klar\u0131 cevaplar\u0131 bulamaz. Sorular\u0131n\u0131n kar\u015f\u0131l\u0131\u011f\u0131nda hayat kalitesini art\u0131racak \u00f6neriler sunulmas\u0131ndan ziyade, zaten bildikleri o ger\u00e7ek \u201ctespit\u201d edilip ge\u00e7ilir: \u201cHormonlardand\u0131r.\u201d   Bu laf\u0131 duydu\u011fumuz anda ne anlama geldi\u011fini biliriz.   Oysa bozuk de\u011filsiniz. Kad\u0131n olmak, bir \u201cte\u015fhis\u201d de\u011fil!   Yale \u00dcniversitesi\u2019nden kad\u0131n sa\u011fl\u0131\u011f\u0131 uzman\u0131 Dr. Aviva Romm, Hormonal Zek\u00e2\u2019da kar\u015f\u0131la\u015ft\u0131\u011f\u0131n\u0131z semptomlar\u0131n temel nedenlerini belirlemenize yard\u0131mc\u0131 oluyor ve hem hormonal hem de jinekolojik sa\u011fl\u0131\u011fa kavu\u015fman\u0131z i\u00e7in alt\u0131 haftal\u0131k bir programla size rehberlik ediyor.   Diyet ve ya\u015fam tarz\u0131n\u0131 de\u011fi\u015ftiren b\u00fct\u00fcnsel bir yakla\u015f\u0131m\u0131 temel alan Hormonal Zek\u00e2, hangi yiyecekleri t\u00fcketmeniz, \u00e7evresel hormon bozucular\u0131 nas\u0131l te\u015fhis edece\u011finiz, v\u00fccudunuzun do\u011fal detoks sistemlerini nas\u0131l devreye sokaca\u011f\u0131n\u0131z gibi bir\u00e7ok konuda tavsiyeler sunarak sadece semptomlar\u0131 gidermenin \u00f6tesine ge\u00e7iyor ve kad\u0131n sa\u011fl\u0131\u011f\u0131n\u0131 etkileyen daha derin fakt\u00f6rleri g\u00f6zler \u00f6n\u00fcne seriyor.   Dr. Aviva Romm, sizi v\u00fccudunuz ve hormonlar\u0131n\u0131zla yepyeni bir ili\u015fki kurmaya, nihayet rahat bir nefes almaya ve te\u015fhislerin kaderiniz olmad\u0131\u011f\u0131n\u0131 anlayaca\u011f\u0131n\u0131z bir yolculu\u011fa davet ediyor.<\/p>\n","protected":false},"excerpt":{"rendered":"<p>Kad\u0131nlar\u0131n ya\u015famlar\u0131 boyunca \u00e7e\u015fitli hormonal de\u011fi\u015fiklikler ya\u015famalar\u0131 do\u011fald\u0131r ancak pek \u00e7ok kad\u0131n hormonlardan kaynaklanan regl d\u00fczensizlikleri, \u015fiddetli a\u011fr\u0131, PKOS, endometriozis, do\u011furganl\u0131k problemleri, uyku sorunlar\u0131, akne, \u015fi\u015fkinlik,<span class=\"excerpt-hellip\"> [\u2026]<\/span><\/p>\n","protected":false},"featured_media":0,"template":"","meta":{"_monsterinsights_skip_tracking":false,"_monsterinsights_sitenote_active":false,"_monsterinsights_sitenote_note":"","_monsterinsights_sitenote_category":0},"product_brand":[],"product_cat":[13365],"product_tag":[],"class_list":{"0":"post-754655","1":"product","2":"type-product","3":"status-publish","5":"product_cat-saglik","6":"pa_cilt-ciltsiz","7":"pa_tur-kitap","8":"pa_yayinevi-mundi","9":"pa_yazar-aviva-romm","11":"first","12":"instock","13":"sale","14":"shipping-taxable","15":"purchasable","16":"product-type-simple"},"_links":{"self":[{"href":"https:\/\/roveyayinevi.com.tr\/index.php\/wp-json\/wp\/v2\/product\/754655","targetHints":{"allow":["GET"]}}],"collection":[{"href":"https:\/\/roveyayinevi.com.tr\/index.php\/wp-json\/wp\/v2\/product"}],"about":[{"href":"https:\/\/roveyayinevi.com.tr\/index.php\/wp-json\/wp\/v2\/types\/product"}],"wp:attachment":[{"href":"https:\/\/roveyayinevi.com.tr\/index.php\/wp-json\/wp\/v2\/media?parent=754655"}],"wp:term":[{"taxonomy":"product_brand","embeddable":true,"href":"https:\/\/roveyayinevi.com.tr\/index.php\/wp-json\/wp\/v2\/product_brand?post=754655"},{"taxonomy":"product_cat","embeddable":true,"href":"https:\/\/roveyayinevi.com.tr\/index.php\/wp-json\/wp\/v2\/product_cat?post=754655"},{"taxonomy":"product_tag","embeddable":true,"href":"https:\/\/roveyayinevi.com.tr\/index.php\/wp-json\/wp\/v2\/product_tag?post=754655"}],"curies":[{"name":"wp","href":"https:\/\/api.w.org\/{rel}","templated":true}]}}