{"id":754648,"date":"2025-08-28T06:17:06","date_gmt":"2025-08-28T03:17:06","guid":{"rendered":"https:\/\/roveyayinevi.com.tr\/index.php\/urun\/resimli-osmanli-fal-kitabi\/"},"modified":"2026-04-16T03:07:55","modified_gmt":"2026-04-16T00:07:55","slug":"resimli-osmanli-fal-kitabi","status":"publish","type":"product","link":"https:\/\/roveyayinevi.com.tr\/index.php\/urun\/resimli-osmanli-fal-kitabi\/","title":{"rendered":"Resimli Osmanl\u0131 Fal Kitab\u0131"},"content":{"rendered":"<p>\u0130nsan do\u011fa ile b\u00fct\u00fcnle\u015fti\u011fi andan itibaren gelece\u011fi hep merak etmi\u015ftir. \u015eamanist gelenekten g\u00fcn\u00fcm\u00fcze ate\u015fin \u00e7\u0131kard\u0131\u011f\u0131 sese, ans\u0131z\u0131n kar\u015f\u0131la\u015f\u0131lan kara bir kediye, g\u00f6\u011f\u00fcn k\u0131z\u0131l rengine, el i\u00e7indeki \u00e7izgilerin y\u00f6nlerine, kahve telvelerinin izlerine anlamlar y\u00fckleyip semboller iyiye veya k\u00f6t\u00fcye yorumlanm\u0131\u015ft\u0131r. Zamanla s\u00f6zl\u00fc ve sembol gelene\u011finin yerini yaz\u0131l\u0131 t\u00fcrler alm\u0131\u015ft\u0131r. Edebi dilde fal ve gelecekle ilgili derlenen eserlerin genel ad\u0131 \u201cfaln\u00e2me\u201d olarak bilinmektedir. Yaz\u0131l\u0131 gelenekte gelece\u011fin hayra ve \u015ferre yorumlar\u0131 \u015fiir mecmualar\u0131nda, a\u015fk hikayelerinde, kutsal kitaplarda, mesnevilerde aranm\u0131\u015f; eserlerin her bir sat\u0131r\u0131ndan anlamlar \u00e7\u0131kar\u0131lmaya \u00e7al\u0131\u015f\u0131lm\u0131\u015ft\u0131r. Okuyucu ile bulu\u015fturdu\u011fumuz bu kitapta T\u00fcrk ve \u0130slam sanat\u0131nda resimli fal n\u00fcshalar\u0131ndan \u00f6rnekler sunularak hayvanlar\u0131n, harflerin, gezegenlerin, kutsal isimlerin zincir halinde yorumlad\u0131\u011f\u0131 gelece\u011fi anlamland\u0131rma \u00e7abas\u0131 sizlere aktar\u0131lmaya \u00e7al\u0131\u015f\u0131lm\u0131\u015ft\u0131r.  Osmanl\u0131 k\u00fclt\u00fcr\u00fcnde gelece\u011fi yorumlamak i\u00e7in kullan\u0131lan fal metinleri neler anlat\u0131yordu? Fal\u0131n\u0131zda \u00e7\u0131kan Deccal, Dabbe, G\u00fcne\u015f, Hz. S\u00fcleyman ve Belk\u0131s, At, Turna, Fil, Mars vb. tasvirler, sizlerin gelece\u011fi hakk\u0131nda nas\u0131l bir y\u00f6nlendirme yap\u0131yordu? XVI Y\u00fczy\u0131la tarihlenen ve g\u00fcn\u00fcm\u00fczde Ankara Yazma Eserler Kurumu Ba\u015fkanl\u0131\u011f\u0131\u2019nda \u201cGizli \u0130limler\u201d ba\u015fl\u0131\u011f\u0131 alt\u0131nda 06 Mil Yz A 5179 numaral\u0131 Resimli Fal Kitab\u0131 \u00d6rne\u011fi olan Hur\u015fidn\u00e2me\u2019nin transkripsiyonu yap\u0131lm\u0131\u015ft\u0131r. Osmanl\u0131\u2019n\u0131n gizemli d\u00fcnyas\u0131na sembollerin yorumu ile hep birlikte bakal\u0131m\u2026 <\/p>\n","protected":false},"excerpt":{"rendered":"<p>\u0130nsan do\u011fa ile b\u00fct\u00fcnle\u015fti\u011fi andan itibaren gelece\u011fi hep merak etmi\u015ftir. \u015eamanist gelenekten g\u00fcn\u00fcm\u00fcze ate\u015fin \u00e7\u0131kard\u0131\u011f\u0131 sese, ans\u0131z\u0131n kar\u015f\u0131la\u015f\u0131lan kara bir kediye, g\u00f6\u011f\u00fcn k\u0131z\u0131l rengine, el i\u00e7indeki<span class=\"excerpt-hellip\"> [\u2026]<\/span><\/p>\n","protected":false},"featured_media":0,"template":"","meta":{"_monsterinsights_skip_tracking":false,"_monsterinsights_sitenote_active":false,"_monsterinsights_sitenote_note":"","_monsterinsights_sitenote_category":0},"product_brand":[],"product_cat":[13517,12304],"product_tag":[],"class_list":{"0":"post-754648","1":"product","2":"type-product","3":"status-publish","5":"product_cat-osmanli-tarihi","6":"product_cat-tarih","7":"pa_cilt-ciltsiz","8":"pa_tur-kitap","9":"pa_yayinevi-yeditepe-yayinevi","10":"pa_yazar-anonim","12":"first","13":"instock","14":"sale","15":"shipping-taxable","16":"purchasable","17":"product-type-simple"},"_links":{"self":[{"href":"https:\/\/roveyayinevi.com.tr\/index.php\/wp-json\/wp\/v2\/product\/754648","targetHints":{"allow":["GET"]}}],"collection":[{"href":"https:\/\/roveyayinevi.com.tr\/index.php\/wp-json\/wp\/v2\/product"}],"about":[{"href":"https:\/\/roveyayinevi.com.tr\/index.php\/wp-json\/wp\/v2\/types\/product"}],"wp:attachment":[{"href":"https:\/\/roveyayinevi.com.tr\/index.php\/wp-json\/wp\/v2\/media?parent=754648"}],"wp:term":[{"taxonomy":"product_brand","embeddable":true,"href":"https:\/\/roveyayinevi.com.tr\/index.php\/wp-json\/wp\/v2\/product_brand?post=754648"},{"taxonomy":"product_cat","embeddable":true,"href":"https:\/\/roveyayinevi.com.tr\/index.php\/wp-json\/wp\/v2\/product_cat?post=754648"},{"taxonomy":"product_tag","embeddable":true,"href":"https:\/\/roveyayinevi.com.tr\/index.php\/wp-json\/wp\/v2\/product_tag?post=754648"}],"curies":[{"name":"wp","href":"https:\/\/api.w.org\/{rel}","templated":true}]}}