{"id":754645,"date":"2025-08-28T06:17:01","date_gmt":"2025-08-28T03:17:01","guid":{"rendered":"https:\/\/roveyayinevi.com.tr\/index.php\/urun\/evliya-celebi-seyahatnamesi-8-kitap-2-cilt-kutulu\/"},"modified":"2026-04-16T03:07:55","modified_gmt":"2026-04-16T00:07:55","slug":"evliya-celebi-seyahatnamesi-8-kitap-2-cilt-kutulu","status":"publish","type":"product","link":"https:\/\/roveyayinevi.com.tr\/index.php\/urun\/evliya-celebi-seyahatnamesi-8-kitap-2-cilt-kutulu\/","title":{"rendered":"Evliya \u00c7elebi Seyahatnamesi 8. Kitap 2 Cilt (Kutulu)"},"content":{"rendered":"<p>Evliy\u00e2 \u00c7elebi, Seyahatn\u00e2mesi\u2019nin sekizinci cildinde K\u0131r\u0131m\u2019dan d\u00f6nerek Edirne\u2019de Sultan IV. Mehmed ile bulu\u015fur. Ava ve avc\u0131 ku\u015flara \u00e7ok d\u00fc\u015fk\u00fcnl\u00fc\u011f\u00fcyle bilinen padi\u015faha, getirdi\u011fi \u00e7ok de\u011ferli avc\u0131 ku\u015flar\u0131n\u0131 verir. Sadaret Kaymakam\u0131 Kara Mustafa Pa\u015fa ile g\u00f6r\u00fc\u015f\u00fcp ona \u00e7ok merak etti\u011fi Viyana ve Avusturya ordusu ile ilgili bilgiler verir. Daha sonra Bat\u0131 Trakya \u00fczerinden Mora yar\u0131madas\u0131na ge\u00e7er. Orada Girit seferi i\u00e7in asker toplay\u0131p Girit\u2019e ge\u00e7er. \u00dc\u00e7 y\u0131l s\u00fcrecek olan uzun sava\u015f s\u0131ras\u0131nda Girit\u2019te kal\u0131r ve Osmanl\u0131ya \u00e7ok pahal\u0131ya mal olan Girit fethine dair b\u00fct\u00fcn sava\u015f sahnelerini bize anlat\u0131r. Ayr\u0131nt\u0131lar\u0131n\u0131 hi\u00e7bir yerde bulamayaca\u011f\u0131m\u0131z bu sava\u015fa ait bilgiler tarih\u00e7iler a\u00e7\u0131s\u0131ndan \u015f\u00fcphesiz \u00e7ok \u00f6nemlidir. D\u00f6n\u00fc\u015fte Arnavutluk\u2019a ge\u00e7er, oradan da Tekirda\u011f \u00fczerinden \u0130stanbul\u2019a d\u00f6ner. Bu ciltte gezdi\u011fi yerler: \u00d6nce Azak\u2019tan Edirne\u2019ye gelir. Oradan hareket ederek \u0130stanbul\u2019a gelinceye kadar gezip g\u00f6rd\u00fc\u011f\u00fc yerler; Dimetoka, Ferecik Kalesi, G\u00fcm\u00fclcine Kalesi, Kavala Kalesi, Siroz Kalesi, Sel\u00e2nik Kalesi, Alasonya Kalesi, T\u0131rhala Kalesi, Atina Kalesi, Mora Yar\u0131madas\u0131, Kefalonya Kalesi, Anavarin Kalesi, Moton Kalesi, Koron Kalesi, Mizistre Kalesi, Anapoli Kalesi, Girit Adas\u0131, Hanya, Kandiye, Sudak, Arnavutluk, Elbasan, Ohri, \u0130\u015ftib, Tikve\u015f, Usturum\u00e7a Kalesi, Cisr-i Mustafa Pa\u015fa, Edirne, Hayrabolu ve Tekirda\u011f\u0131. <\/p>\n","protected":false},"excerpt":{"rendered":"<p>Evliy\u00e2 \u00c7elebi, Seyahatn\u00e2mesi\u2019nin sekizinci cildinde K\u0131r\u0131m\u2019dan d\u00f6nerek Edirne\u2019de Sultan IV. Mehmed ile bulu\u015fur. Ava ve avc\u0131 ku\u015flara \u00e7ok d\u00fc\u015fk\u00fcnl\u00fc\u011f\u00fcyle bilinen padi\u015faha, getirdi\u011fi \u00e7ok de\u011ferli avc\u0131 ku\u015flar\u0131n\u0131<span class=\"excerpt-hellip\"> [\u2026]<\/span><\/p>\n","protected":false},"featured_media":0,"template":"","meta":{"_monsterinsights_skip_tracking":false,"_monsterinsights_sitenote_active":false,"_monsterinsights_sitenote_note":"","_monsterinsights_sitenote_category":0},"product_brand":[],"product_cat":[18545,12291],"product_tag":[],"class_list":{"0":"post-754645","1":"product","2":"type-product","3":"status-publish","5":"product_cat-anlati","6":"product_cat-edebiyat","7":"pa_cilt-ciltsiz","8":"pa_tur-kitap","9":"pa_yayinevi-yeditepe-yayinevi","10":"pa_yazar-evliya-celebi","12":"first","13":"instock","14":"sale","15":"shipping-taxable","16":"purchasable","17":"product-type-simple"},"_links":{"self":[{"href":"https:\/\/roveyayinevi.com.tr\/index.php\/wp-json\/wp\/v2\/product\/754645","targetHints":{"allow":["GET"]}}],"collection":[{"href":"https:\/\/roveyayinevi.com.tr\/index.php\/wp-json\/wp\/v2\/product"}],"about":[{"href":"https:\/\/roveyayinevi.com.tr\/index.php\/wp-json\/wp\/v2\/types\/product"}],"wp:attachment":[{"href":"https:\/\/roveyayinevi.com.tr\/index.php\/wp-json\/wp\/v2\/media?parent=754645"}],"wp:term":[{"taxonomy":"product_brand","embeddable":true,"href":"https:\/\/roveyayinevi.com.tr\/index.php\/wp-json\/wp\/v2\/product_brand?post=754645"},{"taxonomy":"product_cat","embeddable":true,"href":"https:\/\/roveyayinevi.com.tr\/index.php\/wp-json\/wp\/v2\/product_cat?post=754645"},{"taxonomy":"product_tag","embeddable":true,"href":"https:\/\/roveyayinevi.com.tr\/index.php\/wp-json\/wp\/v2\/product_tag?post=754645"}],"curies":[{"name":"wp","href":"https:\/\/api.w.org\/{rel}","templated":true}]}}