{"id":754639,"date":"2025-08-28T06:16:50","date_gmt":"2025-08-28T03:16:50","guid":{"rendered":"https:\/\/roveyayinevi.com.tr\/index.php\/urun\/emma-ciltli-2\/"},"modified":"2026-04-16T03:07:55","modified_gmt":"2026-04-16T00:07:55","slug":"emma-ciltli-2","status":"publish","type":"product","link":"https:\/\/roveyayinevi.com.tr\/index.php\/urun\/emma-ciltli-2\/","title":{"rendered":"Emma (Ciltli)"},"content":{"rendered":"<p>Emma Woodhouse, Hartfield Malik\u00e2nesi\u2019nde babas\u0131yla birlikte ya\u015fayan, rahat bir evi ve mutlu bir tabiat\u0131 olan g\u00fczel, zeki, varl\u0131kl\u0131 bir gen\u00e7 k\u0131zd\u0131r. Ablas\u0131 ve \u00e7ok sevdi\u011fi m\u00fcrebbiyesi Bayan Taylor evlendikten sonra, babayla k\u0131z b\u00fcy\u00fck bir bo\u015flu\u011fa d\u00fc\u015fer. Ya\u015fl\u0131 Bay Woodhouse bu bo\u015flu\u011fu, kendine yeni hastal\u0131klar \u00fcretip yan\u0131nda kalan k\u0131z\u0131na g\u00fcn ge\u00e7tik\u00e7e daha \u00e7ok ba\u011flanarak, Emma ise etraf\u0131ndaki gen\u00e7 han\u0131mlar i\u00e7in \u00e7\u00f6p\u00e7atanl\u0131k yaparak doldurmaya \u00e7al\u0131\u015f\u0131r. Ancak \u00e7\u00f6p\u00e7atanl\u0131k konusundaki bu u\u011fra\u015flar\u0131yla birlikte kimsenin ele\u015ftirmeye cesaret edemedi\u011fi bir\u00e7ok \u00f6zelli\u011fi, aile dostlar\u0131 Bay Knightley taraf\u0131ndan s\u0131kl\u0131kla ele\u015ftirilir. Nitekim gen\u00e7 Emma\u2019n\u0131n da fikirlerine y\u00fcrekten sayg\u0131 duydu\u011fu tek insan, Bay Knightley\u2019dir. Evlili\u011fe inanmayan ve asla evlenmeyece\u011fini her f\u0131rsatta dile getiren Emma, \u00e7ok ge\u00e7meden kendini, evlendirmeye \u00e7al\u0131\u015ft\u0131\u011f\u0131 gen\u00e7 arkada\u015f\u0131 Harriet \u00fczerinden ya\u015fanan tuhaf olaylar\u0131n i\u00e7inde bulur. Bay Knightley\u2019nin ele\u015ftirilerinde ve daha bir\u00e7ok konuda ne kadar hakl\u0131 \u00e7\u0131kt\u0131\u011f\u0131n\u0131 zaman i\u00e7inde anlayacakt\u0131r. Ak\u0131c\u0131 dili ve n\u00fcktedanl\u0131\u011f\u0131yla her d\u00f6neme hitap edebilmi\u015f b\u00fcy\u00fck yazar Jane Austen, 1815 y\u0131l\u0131nda kaleme ald\u0131\u011f\u0131 Emma\u2019n\u0131n, en sevdi\u011fi roman\u0131 oldu\u011funu dile getirmi\u015ftir.<\/p>\n","protected":false},"excerpt":{"rendered":"<p>Emma Woodhouse, Hartfield Malik\u00e2nesi\u2019nde babas\u0131yla birlikte ya\u015fayan, rahat bir evi ve mutlu bir tabiat\u0131 olan g\u00fczel, zeki, varl\u0131kl\u0131 bir gen\u00e7 k\u0131zd\u0131r. Ablas\u0131 ve \u00e7ok sevdi\u011fi m\u00fcrebbiyesi<span class=\"excerpt-hellip\"> [\u2026]<\/span><\/p>\n","protected":false},"featured_media":0,"template":"","meta":{"_monsterinsights_skip_tracking":false,"_monsterinsights_sitenote_active":false,"_monsterinsights_sitenote_note":"","_monsterinsights_sitenote_category":0},"product_brand":[],"product_cat":[12291,12711],"product_tag":[],"class_list":{"0":"post-754639","1":"product","2":"type-product","3":"status-publish","5":"product_cat-edebiyat","6":"product_cat-roman-oyku","7":"pa_cilt-ciltli","8":"pa_tur-kitap","9":"pa_yayinevi-ren-kitap","10":"pa_yazar-jane-austen","12":"first","13":"instock","14":"sale","15":"shipping-taxable","16":"purchasable","17":"product-type-simple"},"_links":{"self":[{"href":"https:\/\/roveyayinevi.com.tr\/index.php\/wp-json\/wp\/v2\/product\/754639","targetHints":{"allow":["GET"]}}],"collection":[{"href":"https:\/\/roveyayinevi.com.tr\/index.php\/wp-json\/wp\/v2\/product"}],"about":[{"href":"https:\/\/roveyayinevi.com.tr\/index.php\/wp-json\/wp\/v2\/types\/product"}],"wp:attachment":[{"href":"https:\/\/roveyayinevi.com.tr\/index.php\/wp-json\/wp\/v2\/media?parent=754639"}],"wp:term":[{"taxonomy":"product_brand","embeddable":true,"href":"https:\/\/roveyayinevi.com.tr\/index.php\/wp-json\/wp\/v2\/product_brand?post=754639"},{"taxonomy":"product_cat","embeddable":true,"href":"https:\/\/roveyayinevi.com.tr\/index.php\/wp-json\/wp\/v2\/product_cat?post=754639"},{"taxonomy":"product_tag","embeddable":true,"href":"https:\/\/roveyayinevi.com.tr\/index.php\/wp-json\/wp\/v2\/product_tag?post=754639"}],"curies":[{"name":"wp","href":"https:\/\/api.w.org\/{rel}","templated":true}]}}