{"id":754637,"date":"2025-08-28T06:16:47","date_gmt":"2025-08-28T03:16:47","guid":{"rendered":"https:\/\/roveyayinevi.com.tr\/index.php\/urun\/bir-bulut-ne-kadar-agirdir\/"},"modified":"2026-04-16T03:07:55","modified_gmt":"2026-04-16T00:07:55","slug":"bir-bulut-ne-kadar-agirdir","status":"publish","type":"product","link":"https:\/\/roveyayinevi.com.tr\/index.php\/urun\/bir-bulut-ne-kadar-agirdir\/","title":{"rendered":"Bir Bulut Ne Kadar A\u011f\u0131rd\u0131r?"},"content":{"rendered":"<p>B\u0130R BULUT NE KADAR A\u011eIRDIR? HANG\u0130 A\u011eA\u00c7 YA\u015eAYAN FOS\u0130LD\u0130R? K\u0130M, NEDEN EKMEKTEN \u015eAPKA P\u0130\u015e\u0130R\u0130R? BU HAR\u0130KA K\u0130TAP ARKADA\u015eLARINIZLA PAYLA\u015eMAK \u0130STEYECE\u011e\u0130N\u0130Z B\u0130RB\u0130R\u0130NDEN \u0130LG\u0130N\u00c7 KONULARLA DOLU. TAR\u0130H, CO\u011eRAFYA VE FARKLI K\u00dcLT\u00dcRLERLE \u0130LG\u0130L\u0130 TUHAF GER\u00c7EKLER VE DAHA ONLARCA B\u0130LG\u0130 S\u0130Z\u0130 BEKL\u0130YOR! <\/p>\n","protected":false},"excerpt":{"rendered":"<p>B\u0130R BULUT NE KADAR A\u011eIRDIR? HANG\u0130 A\u011eA\u00c7 YA\u015eAYAN FOS\u0130LD\u0130R? K\u0130M, NEDEN EKMEKTEN \u015eAPKA P\u0130\u015e\u0130R\u0130R? BU HAR\u0130KA K\u0130TAP ARKADA\u015eLARINIZLA PAYLA\u015eMAK \u0130STEYECE\u011e\u0130N\u0130Z B\u0130RB\u0130R\u0130NDEN \u0130LG\u0130N\u00c7 KONULARLA DOLU. TAR\u0130H, CO\u011eRAFYA<span class=\"excerpt-hellip\"> [\u2026]<\/span><\/p>\n","protected":false},"featured_media":0,"template":"","meta":{"_monsterinsights_skip_tracking":false,"_monsterinsights_sitenote_active":false,"_monsterinsights_sitenote_note":"","_monsterinsights_sitenote_category":0},"product_brand":[],"product_cat":[12274,12518],"product_tag":[],"class_list":{"0":"post-754637","1":"product","2":"type-product","3":"status-publish","5":"product_cat-cocuk-ve-genclik-kitaplari","6":"product_cat-okul-oncesi-kitaplar","7":"pa_cilt-ciltsiz","8":"pa_tur-kitap","9":"pa_yayinevi-is-bankasi-kultur-yayinlari","10":"pa_yazar-helen-otway-william-potter","12":"first","13":"instock","14":"sale","15":"shipping-taxable","16":"purchasable","17":"product-type-simple"},"_links":{"self":[{"href":"https:\/\/roveyayinevi.com.tr\/index.php\/wp-json\/wp\/v2\/product\/754637","targetHints":{"allow":["GET"]}}],"collection":[{"href":"https:\/\/roveyayinevi.com.tr\/index.php\/wp-json\/wp\/v2\/product"}],"about":[{"href":"https:\/\/roveyayinevi.com.tr\/index.php\/wp-json\/wp\/v2\/types\/product"}],"wp:attachment":[{"href":"https:\/\/roveyayinevi.com.tr\/index.php\/wp-json\/wp\/v2\/media?parent=754637"}],"wp:term":[{"taxonomy":"product_brand","embeddable":true,"href":"https:\/\/roveyayinevi.com.tr\/index.php\/wp-json\/wp\/v2\/product_brand?post=754637"},{"taxonomy":"product_cat","embeddable":true,"href":"https:\/\/roveyayinevi.com.tr\/index.php\/wp-json\/wp\/v2\/product_cat?post=754637"},{"taxonomy":"product_tag","embeddable":true,"href":"https:\/\/roveyayinevi.com.tr\/index.php\/wp-json\/wp\/v2\/product_tag?post=754637"}],"curies":[{"name":"wp","href":"https:\/\/api.w.org\/{rel}","templated":true}]}}