{"id":754636,"date":"2025-08-28T06:16:45","date_gmt":"2025-08-28T03:16:45","guid":{"rendered":"https:\/\/roveyayinevi.com.tr\/index.php\/urun\/rachel-carson-dunyayi-degistiren-bilimciler\/"},"modified":"2026-04-16T03:07:55","modified_gmt":"2026-04-16T00:07:55","slug":"rachel-carson-dunyayi-degistiren-bilimciler","status":"publish","type":"product","link":"https:\/\/roveyayinevi.com.tr\/index.php\/urun\/rachel-carson-dunyayi-degistiren-bilimciler\/","title":{"rendered":"Rachel Carson &#8211; D\u00fcnyay\u0131 De\u011fi\u015ftiren Bilimciler"},"content":{"rendered":"<p>Amerikal\u0131 biyolog Rachel Carson, \u00e7evre duyarl\u0131\u011f\u0131n\u0131n geli\u015fmesi i\u00e7in emek vermi\u015f, yol g\u00f6sterici bir bilimcidir. Bu kitapta, Carson\u2019\u0131n \u00e7evre kirlili\u011fine dikkat \u00e7ekmek i\u00e7in yapt\u0131\u011f\u0131 \u00e7al\u0131\u015fmalar\u0131 \u00f6\u011frenecek, bu \u00f6nemli biyolo\u011fun ya\u015fam\u0131 hakk\u0131nda ilgin\u00e7 bilgiler edineceksin. K\u00fc\u00e7\u00fck bir bilim etkinli\u011fi de kitab\u0131n sonunda seni bekliyor.<\/p>\n","protected":false},"excerpt":{"rendered":"<p>Amerikal\u0131 biyolog Rachel Carson, \u00e7evre duyarl\u0131\u011f\u0131n\u0131n geli\u015fmesi i\u00e7in emek vermi\u015f, yol g\u00f6sterici bir bilimcidir. Bu kitapta, Carson\u2019\u0131n \u00e7evre kirlili\u011fine dikkat \u00e7ekmek i\u00e7in yapt\u0131\u011f\u0131 \u00e7al\u0131\u015fmalar\u0131 \u00f6\u011frenecek, bu<span class=\"excerpt-hellip\"> [\u2026]<\/span><\/p>\n","protected":false},"featured_media":0,"template":"","meta":{"_monsterinsights_skip_tracking":false,"_monsterinsights_sitenote_active":false,"_monsterinsights_sitenote_note":"","_monsterinsights_sitenote_category":0},"product_brand":[],"product_cat":[13829,12274],"product_tag":[],"class_list":{"0":"post-754636","1":"product","2":"type-product","3":"status-publish","5":"product_cat-bilimsel-kitaplar","6":"product_cat-cocuk-ve-genclik-kitaplari","7":"pa_cilt-ciltsiz","8":"pa_tur-kitap","9":"pa_yayinevi-is-bankasi-kultur-yayinlari","10":"pa_yazar-alix-wood","12":"first","13":"instock","14":"sale","15":"shipping-taxable","16":"purchasable","17":"product-type-simple"},"_links":{"self":[{"href":"https:\/\/roveyayinevi.com.tr\/index.php\/wp-json\/wp\/v2\/product\/754636","targetHints":{"allow":["GET"]}}],"collection":[{"href":"https:\/\/roveyayinevi.com.tr\/index.php\/wp-json\/wp\/v2\/product"}],"about":[{"href":"https:\/\/roveyayinevi.com.tr\/index.php\/wp-json\/wp\/v2\/types\/product"}],"wp:attachment":[{"href":"https:\/\/roveyayinevi.com.tr\/index.php\/wp-json\/wp\/v2\/media?parent=754636"}],"wp:term":[{"taxonomy":"product_brand","embeddable":true,"href":"https:\/\/roveyayinevi.com.tr\/index.php\/wp-json\/wp\/v2\/product_brand?post=754636"},{"taxonomy":"product_cat","embeddable":true,"href":"https:\/\/roveyayinevi.com.tr\/index.php\/wp-json\/wp\/v2\/product_cat?post=754636"},{"taxonomy":"product_tag","embeddable":true,"href":"https:\/\/roveyayinevi.com.tr\/index.php\/wp-json\/wp\/v2\/product_tag?post=754636"}],"curies":[{"name":"wp","href":"https:\/\/api.w.org\/{rel}","templated":true}]}}