{"id":754631,"date":"2025-08-28T06:16:36","date_gmt":"2025-08-28T03:16:36","guid":{"rendered":"https:\/\/roveyayinevi.com.tr\/index.php\/urun\/stephen-hawking-dunyayi-degistiren-bilimciler\/"},"modified":"2026-04-16T03:07:54","modified_gmt":"2026-04-16T00:07:54","slug":"stephen-hawking-dunyayi-degistiren-bilimciler","status":"publish","type":"product","link":"https:\/\/roveyayinevi.com.tr\/index.php\/urun\/stephen-hawking-dunyayi-degistiren-bilimciler\/","title":{"rendered":"Stephen Hawking &#8211; D\u00fcnyay\u0131 De\u011fi\u015ftiren Bilimciler"},"content":{"rendered":"<p>Bilim d\u00fcnyas\u0131na, evrene dair yeni bir bak\u0131\u015f a\u00e7\u0131s\u0131 kazand\u0131ran \u00fcnl\u00fc fizik\u00e7i Stephen Hawking\u2019i tan\u0131yor musun? Bu kitapta, gen\u00e7 ya\u015fta yakaland\u0131\u011f\u0131 ALS hastal\u0131\u011f\u0131na ra\u011fmen astrofizik, evrenbilim ve teorik fizik alanlar\u0131na b\u00fcy\u00fck katk\u0131lar sunan Hawking\u2019in ya\u015fam\u0131 hakk\u0131nda ilgin\u00e7 bilgiler edineceksin. K\u00fc\u00e7\u00fck bir bilim etkinli\u011fi de kitab\u0131n sonunda seni bekliyor. <\/p>\n","protected":false},"excerpt":{"rendered":"<p>Bilim d\u00fcnyas\u0131na, evrene dair yeni bir bak\u0131\u015f a\u00e7\u0131s\u0131 kazand\u0131ran \u00fcnl\u00fc fizik\u00e7i Stephen Hawking\u2019i tan\u0131yor musun? Bu kitapta, gen\u00e7 ya\u015fta yakaland\u0131\u011f\u0131 ALS hastal\u0131\u011f\u0131na ra\u011fmen astrofizik, evrenbilim ve<span class=\"excerpt-hellip\"> [\u2026]<\/span><\/p>\n","protected":false},"featured_media":0,"template":"","meta":{"_monsterinsights_skip_tracking":false,"_monsterinsights_sitenote_active":false,"_monsterinsights_sitenote_note":"","_monsterinsights_sitenote_category":0},"product_brand":[],"product_cat":[13829,12274],"product_tag":[],"class_list":{"0":"post-754631","1":"product","2":"type-product","3":"status-publish","5":"product_cat-bilimsel-kitaplar","6":"product_cat-cocuk-ve-genclik-kitaplari","7":"pa_cilt-ciltsiz","8":"pa_tur-kitap","9":"pa_yayinevi-is-bankasi-kultur-yayinlari","10":"pa_yazar-alix-wood","12":"first","13":"instock","14":"sale","15":"shipping-taxable","16":"purchasable","17":"product-type-simple"},"_links":{"self":[{"href":"https:\/\/roveyayinevi.com.tr\/index.php\/wp-json\/wp\/v2\/product\/754631","targetHints":{"allow":["GET"]}}],"collection":[{"href":"https:\/\/roveyayinevi.com.tr\/index.php\/wp-json\/wp\/v2\/product"}],"about":[{"href":"https:\/\/roveyayinevi.com.tr\/index.php\/wp-json\/wp\/v2\/types\/product"}],"wp:attachment":[{"href":"https:\/\/roveyayinevi.com.tr\/index.php\/wp-json\/wp\/v2\/media?parent=754631"}],"wp:term":[{"taxonomy":"product_brand","embeddable":true,"href":"https:\/\/roveyayinevi.com.tr\/index.php\/wp-json\/wp\/v2\/product_brand?post=754631"},{"taxonomy":"product_cat","embeddable":true,"href":"https:\/\/roveyayinevi.com.tr\/index.php\/wp-json\/wp\/v2\/product_cat?post=754631"},{"taxonomy":"product_tag","embeddable":true,"href":"https:\/\/roveyayinevi.com.tr\/index.php\/wp-json\/wp\/v2\/product_tag?post=754631"}],"curies":[{"name":"wp","href":"https:\/\/api.w.org\/{rel}","templated":true}]}}