{"id":754624,"date":"2025-08-28T06:16:20","date_gmt":"2025-08-28T03:16:20","guid":{"rendered":"https:\/\/roveyayinevi.com.tr\/index.php\/urun\/dijital-cehennem-bir-likein-ucuna-yolculuk\/"},"modified":"2026-04-16T03:07:54","modified_gmt":"2026-04-16T00:07:54","slug":"dijital-cehennem-bir-likein-ucuna-yolculuk","status":"publish","type":"product","link":"https:\/\/roveyayinevi.com.tr\/index.php\/urun\/dijital-cehennem-bir-likein-ucuna-yolculuk\/","title":{"rendered":"Dijital Cehennem &#8211; Bir Like&#8217;\u0131n Ucuna Yolculuk"},"content":{"rendered":"<p>\u201c\u0130nan\u0131lmaz bir soru\u015fturma.\u201d -France Inter \u201cD\u00f6n\u00fcm noktas\u0131 niteli\u011finde bir kitap.\u201d -Le Figaro \u201cKablolu d\u00fcnyan\u0131n maddi etkileri, ekonomik ve jeopolitik meseleleri hakk\u0131nda g\u00f6zlerimizi a\u00e7an, gerilim filmi gibi s\u00fcr\u00fckleyici bir ara\u015ft\u0131rma.\u201d -L\u2019ADN \u201cGuillaume Pitron, internetin s\u00f6zde gayrimaddili\u011finin, teknoloji simsarlar\u0131n\u0131n en tehlikeli masallar\u0131ndan biri oldu\u011funu ortaya koyuyor. Dijital d\u00fcnya bizi kapitalizmin y\u0131k\u0131c\u0131 e\u011filimlerinden kurtarmak bir yana, bu e\u011filimleri daha da yo\u011funla\u015ft\u0131r\u0131yor; teknoloji \u015firketleri \u00e7evre \u00fczerindeki etkilerine ald\u0131rmaks\u0131z\u0131n katlanarak h\u0131zlanan, plans\u0131z bir b\u00fcy\u00fcmeye kendilerini adam\u0131\u015f durumdalar. \u00c7oktan berbat hale getirdi\u011fimiz analog d\u00fcnyam\u0131zdan dijital bir alternatife ka\u00e7amayaca\u011f\u0131m\u0131z\u0131 ikna edici bir \u015fekilde g\u00f6steren bir kitap. Sorunlar\u0131m\u0131z maddi ve maddi \u00e7\u00f6z\u00fcmler gerektiriyor.\u201d -Jeff Sparrow, The Saturday Paper \u00dcnl\u00fc bir gazeteci ve program yap\u0131mc\u0131s\u0131 olan Pitron iki y\u0131l boyunca d\u00f6rt k\u0131tada s\u00fcrd\u00fcrd\u00fc\u011f\u00fc titiz ara\u015ft\u0131rmas\u0131yla dijital d\u00fcnya serab\u0131n\u0131n ard\u0131ndaki karanl\u0131k ger\u00e7e\u011fi, sadece ad\u0131 sanal olan bir teknolojinin anatomisini g\u00f6zler \u00f6n\u00fcne seriyor. \u0130leti\u015fim kurmak, \u00e7al\u0131\u015fmak ve t\u00fcketmek i\u00e7in kulland\u0131\u011f\u0131m\u0131z dijital teknolojinin sand\u0131\u011f\u0131m\u0131zdan \u00e7ok daha somut oldu\u011funu ve \u00f6n\u00fcm\u00fczdeki ony\u0131llarda d\u00fcnyan\u0131n biyofizik s\u0131n\u0131rlar\u0131n\u0131n a\u015f\u0131lmas\u0131nda ba\u015frol\u00fc oynayaca\u011f\u0131n\u0131 \u00f6ne s\u00fcr\u00fcyor. \u201cEkolojik ayakizinin en iyi \u015fekilde k\u00fc\u00e7\u00fclt\u00fclmesini sa\u011flayan ara\u00e7 olarak g\u00f6klere \u00e7\u0131kart\u0131lan dijital ya\u015fam tarz\u0131, k\u00fcresel \u0131s\u0131nmaya en b\u00fcy\u00fck katk\u0131da bulunan ve en kal\u0131c\u0131 damgay\u0131 vuran malzemeleri oburca t\u00fcketmektedir.\u201d<\/p>\n","protected":false},"excerpt":{"rendered":"<p>\u201c\u0130nan\u0131lmaz bir soru\u015fturma.\u201d -France Inter \u201cD\u00f6n\u00fcm noktas\u0131 niteli\u011finde bir kitap.\u201d -Le Figaro \u201cKablolu d\u00fcnyan\u0131n maddi etkileri, ekonomik ve jeopolitik meseleleri hakk\u0131nda g\u00f6zlerimizi a\u00e7an, gerilim filmi gibi<span class=\"excerpt-hellip\"> [\u2026]<\/span><\/p>\n","protected":false},"featured_media":0,"template":"","meta":{"_monsterinsights_skip_tracking":false,"_monsterinsights_sitenote_active":false,"_monsterinsights_sitenote_note":"","_monsterinsights_sitenote_category":0},"product_brand":[],"product_cat":[12364],"product_tag":[],"class_list":{"0":"post-754624","1":"product","2":"type-product","3":"status-publish","5":"product_cat-genel-konular","6":"pa_cilt-ciltsiz","7":"pa_tur-kitap","8":"pa_yayinevi-is-bankasi-kultur-yayinlari","9":"pa_yazar-guillaume-pitron","11":"first","12":"instock","13":"sale","14":"shipping-taxable","15":"purchasable","16":"product-type-simple"},"_links":{"self":[{"href":"https:\/\/roveyayinevi.com.tr\/index.php\/wp-json\/wp\/v2\/product\/754624","targetHints":{"allow":["GET"]}}],"collection":[{"href":"https:\/\/roveyayinevi.com.tr\/index.php\/wp-json\/wp\/v2\/product"}],"about":[{"href":"https:\/\/roveyayinevi.com.tr\/index.php\/wp-json\/wp\/v2\/types\/product"}],"wp:attachment":[{"href":"https:\/\/roveyayinevi.com.tr\/index.php\/wp-json\/wp\/v2\/media?parent=754624"}],"wp:term":[{"taxonomy":"product_brand","embeddable":true,"href":"https:\/\/roveyayinevi.com.tr\/index.php\/wp-json\/wp\/v2\/product_brand?post=754624"},{"taxonomy":"product_cat","embeddable":true,"href":"https:\/\/roveyayinevi.com.tr\/index.php\/wp-json\/wp\/v2\/product_cat?post=754624"},{"taxonomy":"product_tag","embeddable":true,"href":"https:\/\/roveyayinevi.com.tr\/index.php\/wp-json\/wp\/v2\/product_tag?post=754624"}],"curies":[{"name":"wp","href":"https:\/\/api.w.org\/{rel}","templated":true}]}}