{"id":754611,"date":"2025-08-28T06:15:56","date_gmt":"2025-08-28T03:15:56","guid":{"rendered":"https:\/\/roveyayinevi.com.tr\/index.php\/urun\/haci-murat-9\/"},"modified":"2026-04-16T03:07:54","modified_gmt":"2026-04-16T00:07:54","slug":"haci-murat-9","status":"publish","type":"product","link":"https:\/\/roveyayinevi.com.tr\/index.php\/urun\/haci-murat-9\/","title":{"rendered":"Hac\u0131 Murat"},"content":{"rendered":"<p>Tolstoy\u2019un derin insanl\u0131k analizleri, sava\u015f\u0131n y\u0131k\u0131c\u0131 etkileri ve etik de\u011ferlerin sorgulanmas\u0131 gibi temalar\u0131n i\u015flendi\u011fi, Kafkasya\u2019da \u00c7e\u00e7enistan-Da\u011f\u0131stan b\u00f6lgesinde efsanele\u015fmi\u015f bir sava\u015f\u00e7\u0131n\u0131n hik\u00e2yesi olan Hac\u0131 Murat, \u015eeyh \u015eamil-Hac\u0131 Murat \u00e7eki\u015fmesini ve bu \u00e7eki\u015fme s\u0131ras\u0131nda zarar g\u00f6ren Kafkas halk\u0131n\u0131n dram\u0131n\u0131 g\u00f6zler \u00f6n\u00fcne seriyor.<\/p>\n","protected":false},"excerpt":{"rendered":"<p>Tolstoy\u2019un derin insanl\u0131k analizleri, sava\u015f\u0131n y\u0131k\u0131c\u0131 etkileri ve etik de\u011ferlerin sorgulanmas\u0131 gibi temalar\u0131n i\u015flendi\u011fi, Kafkasya\u2019da \u00c7e\u00e7enistan-Da\u011f\u0131stan b\u00f6lgesinde efsanele\u015fmi\u015f bir sava\u015f\u00e7\u0131n\u0131n hik\u00e2yesi olan Hac\u0131 Murat, \u015eeyh \u015eamil-Hac\u0131<span class=\"excerpt-hellip\"> [\u2026]<\/span><\/p>\n","protected":false},"featured_media":0,"template":"","meta":{"_monsterinsights_skip_tracking":false,"_monsterinsights_sitenote_active":false,"_monsterinsights_sitenote_note":"","_monsterinsights_sitenote_category":0},"product_brand":[],"product_cat":[12291,12711],"product_tag":[],"class_list":{"0":"post-754611","1":"product","2":"type-product","3":"status-publish","5":"product_cat-edebiyat","6":"product_cat-roman-oyku","7":"pa_cilt-ciltsiz","8":"pa_tur-kitap","9":"pa_yayinevi-turkuvaz-kitap","10":"pa_yazar-lev-nikolayevic-tolstoy","12":"first","13":"instock","14":"sale","15":"shipping-taxable","16":"purchasable","17":"product-type-simple"},"_links":{"self":[{"href":"https:\/\/roveyayinevi.com.tr\/index.php\/wp-json\/wp\/v2\/product\/754611","targetHints":{"allow":["GET"]}}],"collection":[{"href":"https:\/\/roveyayinevi.com.tr\/index.php\/wp-json\/wp\/v2\/product"}],"about":[{"href":"https:\/\/roveyayinevi.com.tr\/index.php\/wp-json\/wp\/v2\/types\/product"}],"wp:attachment":[{"href":"https:\/\/roveyayinevi.com.tr\/index.php\/wp-json\/wp\/v2\/media?parent=754611"}],"wp:term":[{"taxonomy":"product_brand","embeddable":true,"href":"https:\/\/roveyayinevi.com.tr\/index.php\/wp-json\/wp\/v2\/product_brand?post=754611"},{"taxonomy":"product_cat","embeddable":true,"href":"https:\/\/roveyayinevi.com.tr\/index.php\/wp-json\/wp\/v2\/product_cat?post=754611"},{"taxonomy":"product_tag","embeddable":true,"href":"https:\/\/roveyayinevi.com.tr\/index.php\/wp-json\/wp\/v2\/product_tag?post=754611"}],"curies":[{"name":"wp","href":"https:\/\/api.w.org\/{rel}","templated":true}]}}