{"id":754609,"date":"2025-08-28T06:15:52","date_gmt":"2025-08-28T03:15:52","guid":{"rendered":"https:\/\/roveyayinevi.com.tr\/index.php\/urun\/sen-sarkina-devam-et\/"},"modified":"2026-04-16T03:07:54","modified_gmt":"2026-04-16T00:07:54","slug":"sen-sarkina-devam-et","status":"publish","type":"product","link":"https:\/\/roveyayinevi.com.tr\/index.php\/urun\/sen-sarkina-devam-et\/","title":{"rendered":"Sen \u015eark\u0131na Devam Et"},"content":{"rendered":"<p>sizden gitti\u011fim merdivenden inerken, kendimden indim geriye d\u00f6n\u00fcp bakt\u0131m kap\u0131 aral\u0131\u011f\u0131nda g\u00f6zleriniz bana kap\u0131 aral\u0131\u011f\u0131n\u0131 g\u00f6steren g\u00f6zleriniz elimle kapat\u0131n dedim kap\u0131y\u0131, bazen eliyle konu\u015fur dilini yutunca insan biliyorum, \u00e7\u0131kt\u0131\u011f\u0131m merdivenlerden kederle inmeyi de biliyorum, ben biliyorum s\u0131kmay\u0131n can\u0131n\u0131z\u0131 \u00f6yle kap\u0131 aral\u0131\u011f\u0131ndan d\u00fcnyaya bakarken, merdivenden ini\u015fime s\u0131kmay\u0131n can\u0131n\u0131z\u0131, ben s\u0131kar\u0131m sizin yerinize di\u015flerimi biter \u00e7o\u011fu \u015fey gibi bu merdiven hen\u00fcz ba\u015flam\u0131\u015f bitmi\u015f bir yolculuk, ucundan kopmu\u015f yar\u0131s\u0131ndan \u00e7o\u011fu kalm\u0131\u015f bir hevesti gitsin bitsin merdivenden inince, kap\u0131dan \u00e7\u0131k\u0131nca i\u00e7imde uyuyanlar\u0131 ta\u015fa d\u00f6kece\u011fim zaten <\/p>\n","protected":false},"excerpt":{"rendered":"<p>sizden gitti\u011fim merdivenden inerken, kendimden indim geriye d\u00f6n\u00fcp bakt\u0131m kap\u0131 aral\u0131\u011f\u0131nda g\u00f6zleriniz bana kap\u0131 aral\u0131\u011f\u0131n\u0131 g\u00f6steren g\u00f6zleriniz elimle kapat\u0131n dedim kap\u0131y\u0131, bazen eliyle konu\u015fur dilini yutunca<span class=\"excerpt-hellip\"> [\u2026]<\/span><\/p>\n","protected":false},"featured_media":0,"template":"","meta":{"_monsterinsights_skip_tracking":false,"_monsterinsights_sitenote_active":false,"_monsterinsights_sitenote_note":"","_monsterinsights_sitenote_category":0},"product_brand":[],"product_cat":[12291,12509],"product_tag":[],"class_list":{"0":"post-754609","1":"product","2":"type-product","3":"status-publish","5":"product_cat-edebiyat","6":"product_cat-siir","7":"pa_cilt-ciltsiz","8":"pa_tur-kitap","9":"pa_yayinevi-everest-yayinlari","10":"pa_yazar-turkan-elci","12":"first","13":"instock","14":"sale","15":"shipping-taxable","16":"purchasable","17":"product-type-simple"},"_links":{"self":[{"href":"https:\/\/roveyayinevi.com.tr\/index.php\/wp-json\/wp\/v2\/product\/754609","targetHints":{"allow":["GET"]}}],"collection":[{"href":"https:\/\/roveyayinevi.com.tr\/index.php\/wp-json\/wp\/v2\/product"}],"about":[{"href":"https:\/\/roveyayinevi.com.tr\/index.php\/wp-json\/wp\/v2\/types\/product"}],"wp:attachment":[{"href":"https:\/\/roveyayinevi.com.tr\/index.php\/wp-json\/wp\/v2\/media?parent=754609"}],"wp:term":[{"taxonomy":"product_brand","embeddable":true,"href":"https:\/\/roveyayinevi.com.tr\/index.php\/wp-json\/wp\/v2\/product_brand?post=754609"},{"taxonomy":"product_cat","embeddable":true,"href":"https:\/\/roveyayinevi.com.tr\/index.php\/wp-json\/wp\/v2\/product_cat?post=754609"},{"taxonomy":"product_tag","embeddable":true,"href":"https:\/\/roveyayinevi.com.tr\/index.php\/wp-json\/wp\/v2\/product_tag?post=754609"}],"curies":[{"name":"wp","href":"https:\/\/api.w.org\/{rel}","templated":true}]}}