{"id":754575,"date":"2025-08-28T06:14:54","date_gmt":"2025-08-28T03:14:54","guid":{"rendered":"https:\/\/roveyayinevi.com.tr\/index.php\/urun\/ciya-ulkesine-yolculuk\/"},"modified":"2026-04-16T03:07:53","modified_gmt":"2026-04-16T00:07:53","slug":"ciya-ulkesine-yolculuk","status":"publish","type":"product","link":"https:\/\/roveyayinevi.com.tr\/index.php\/urun\/ciya-ulkesine-yolculuk\/","title":{"rendered":"\u00c7iya \u00dclkesine Yolculuk"},"content":{"rendered":"<p>Kabilesiyle s\u0131cak bir \u00fclkeye g\u00f6\u00e7 etmeyi reddeden Koma\u00e7i,bir g\u00fcn kul\u00fcbesinde kitap okurken duydu\u011fu a\u011flama sesiyle irkilir. Merakla kap\u0131ya ko\u015far ama g\u00f6rd\u00fcklerine inanamaz. Evin h\u0131rkas\u0131n\u0131n cebinde bir bebek kollar\u0131n\u0131 a\u00e7m\u0131\u015f umutla ona g\u00fcl\u00fcmsemektedir. Akl\u0131nda bir dolu soruyla onu al\u0131p i\u00e7eri girer. Ancak bu karda k\u0131\u015fta nas\u0131l geldi\u011fini \u00e7\u00f6zemez. Bu s\u0131rada \u00c7iya \u00fclkesindeki bebek ta\u015f\u0131ma yar\u0131\u015f\u0131nda yolunu kaybedenBenek Kanat, \u00e7at\u0131da kendine gelir ve bebe\u011fi kaybetti\u011fini d\u00fc\u015f\u00fcn\u00fcr. Bu e\u011flenceli ve fark\u0131ndal\u0131k dolu hik\u00e2yedeyer al\u0131p tortilla bebe\u011fin ailesine kavu\u015fmas\u0131nayard\u0131m edebilirsin. Unutamayaca\u011f\u0131n bir macerayaat\u0131lmaya haz\u0131r m\u0131s\u0131n?<\/p>\n","protected":false},"excerpt":{"rendered":"<p>Kabilesiyle s\u0131cak bir \u00fclkeye g\u00f6\u00e7 etmeyi reddeden Koma\u00e7i,bir g\u00fcn kul\u00fcbesinde kitap okurken duydu\u011fu a\u011flama sesiyle irkilir. Merakla kap\u0131ya ko\u015far ama g\u00f6rd\u00fcklerine inanamaz. Evin h\u0131rkas\u0131n\u0131n cebinde bir<span class=\"excerpt-hellip\"> [\u2026]<\/span><\/p>\n","protected":false},"featured_media":0,"template":"","meta":{"_monsterinsights_skip_tracking":false,"_monsterinsights_sitenote_active":false,"_monsterinsights_sitenote_note":"","_monsterinsights_sitenote_category":0},"product_brand":[],"product_cat":[12274,12284],"product_tag":[],"class_list":{"0":"post-754575","1":"product","2":"type-product","3":"status-publish","5":"product_cat-cocuk-ve-genclik-kitaplari","6":"product_cat-hikayeler","7":"pa_cilt-ciltsiz","8":"pa_tur-kitap","9":"pa_yayinevi-epsilon-ozel-urun","10":"pa_yazar-banu-bozdemir","12":"first","13":"instock","14":"sale","15":"shipping-taxable","16":"purchasable","17":"product-type-simple"},"_links":{"self":[{"href":"https:\/\/roveyayinevi.com.tr\/index.php\/wp-json\/wp\/v2\/product\/754575","targetHints":{"allow":["GET"]}}],"collection":[{"href":"https:\/\/roveyayinevi.com.tr\/index.php\/wp-json\/wp\/v2\/product"}],"about":[{"href":"https:\/\/roveyayinevi.com.tr\/index.php\/wp-json\/wp\/v2\/types\/product"}],"wp:attachment":[{"href":"https:\/\/roveyayinevi.com.tr\/index.php\/wp-json\/wp\/v2\/media?parent=754575"}],"wp:term":[{"taxonomy":"product_brand","embeddable":true,"href":"https:\/\/roveyayinevi.com.tr\/index.php\/wp-json\/wp\/v2\/product_brand?post=754575"},{"taxonomy":"product_cat","embeddable":true,"href":"https:\/\/roveyayinevi.com.tr\/index.php\/wp-json\/wp\/v2\/product_cat?post=754575"},{"taxonomy":"product_tag","embeddable":true,"href":"https:\/\/roveyayinevi.com.tr\/index.php\/wp-json\/wp\/v2\/product_tag?post=754575"}],"curies":[{"name":"wp","href":"https:\/\/api.w.org\/{rel}","templated":true}]}}