{"id":754571,"date":"2025-08-28T06:14:46","date_gmt":"2025-08-28T03:14:46","guid":{"rendered":"https:\/\/roveyayinevi.com.tr\/index.php\/urun\/guvercine-agit\/"},"modified":"2026-04-16T03:07:53","modified_gmt":"2026-04-16T00:07:53","slug":"guvercine-agit","status":"publish","type":"product","link":"https:\/\/roveyayinevi.com.tr\/index.php\/urun\/guvercine-agit\/","title":{"rendered":"G\u00fcvercine  A\u011f\u0131t"},"content":{"rendered":"<p>D\u00fc\u015fsel zamanlar\u0131n yazar\u0131 G\u00fcrsel Korat\u2019tan, Kapadokya D\u00f6rtl\u00fcs\u00fc\u2019n\u00fcn ikinci kitab\u0131: G\u00fcvercine A\u011f\u0131t. Bir kad\u0131n \u015feyhin, bir Venedikli t\u00fcccar\u0131n ve Mo\u011follar\u0131n yolunun kesi\u015fti\u011fi Anadolu\u2019da, 13. y\u00fczy\u0131l sonunday\u0131z. Korat\u2019\u0131n kalemi aslanlar\u0131n ve g\u00fcvercinlerin g\u00f6lgesinde; zaman\u0131n, korkular\u0131n, umudun ve a\u015fk\u0131n besledi\u011fi bir ge\u00e7mi\u015fi yeniden kurmaya devam ediyor.   Anl\u0131yordu ki say\u0131s\u0131z insan\u0131n y\u00fcz\u00fcnde g\u00f6rd\u00fc\u011f\u00fc \u00f6l\u00fcm, ya\u015fayan ki\u015fiye bir hayal gibi g\u00f6r\u00fcn\u00fcr. \u0130nsan i\u00e7in yaln\u0131zca kendi varl\u0131\u011f\u0131 di\u011ferlerinden ayr\u0131, \u00f6l\u00fcms\u00fcz, sonsuz, temiz ve tiksinilmezdir. Ba\u015fkalar\u0131n\u0131n can kafesindeki ruh da herkes gibi di\u011fer \u00f6l\u00fcml\u00fcleri g\u00f6zleyip kendini \u00f6l\u00fcms\u00fcz, sonsuz, temiz ve tiksinilmez bulmu\u015ftur elbet. Fakat bu anlad\u0131\u011f\u0131 \u015feyi kendine uzak, pek de ba\u015f\u0131na gelmeyecek bir \u015fey gibi g\u00f6rm\u00fc\u015ft\u00fcr. \u201cNe b\u00fcy\u00fck bir yan\u0131lg\u0131!\u201d <\/p>\n","protected":false},"excerpt":{"rendered":"<p>D\u00fc\u015fsel zamanlar\u0131n yazar\u0131 G\u00fcrsel Korat\u2019tan, Kapadokya D\u00f6rtl\u00fcs\u00fc\u2019n\u00fcn ikinci kitab\u0131: G\u00fcvercine A\u011f\u0131t. Bir kad\u0131n \u015feyhin, bir Venedikli t\u00fcccar\u0131n ve Mo\u011follar\u0131n yolunun kesi\u015fti\u011fi Anadolu\u2019da, 13. y\u00fczy\u0131l sonunday\u0131z. Korat\u2019\u0131n<span class=\"excerpt-hellip\"> [\u2026]<\/span><\/p>\n","protected":false},"featured_media":0,"template":"","meta":{"_monsterinsights_skip_tracking":false,"_monsterinsights_sitenote_active":false,"_monsterinsights_sitenote_note":"","_monsterinsights_sitenote_category":0},"product_brand":[],"product_cat":[12291,12711],"product_tag":[],"class_list":{"0":"post-754571","1":"product","2":"type-product","3":"status-publish","5":"product_cat-edebiyat","6":"product_cat-roman-oyku","7":"pa_cilt-ciltsiz","8":"pa_tur-kitap","9":"pa_yayinevi-everest-yayinlari","10":"pa_yazar-gursel-korat","12":"first","13":"instock","14":"sale","15":"shipping-taxable","16":"purchasable","17":"product-type-simple"},"_links":{"self":[{"href":"https:\/\/roveyayinevi.com.tr\/index.php\/wp-json\/wp\/v2\/product\/754571","targetHints":{"allow":["GET"]}}],"collection":[{"href":"https:\/\/roveyayinevi.com.tr\/index.php\/wp-json\/wp\/v2\/product"}],"about":[{"href":"https:\/\/roveyayinevi.com.tr\/index.php\/wp-json\/wp\/v2\/types\/product"}],"wp:attachment":[{"href":"https:\/\/roveyayinevi.com.tr\/index.php\/wp-json\/wp\/v2\/media?parent=754571"}],"wp:term":[{"taxonomy":"product_brand","embeddable":true,"href":"https:\/\/roveyayinevi.com.tr\/index.php\/wp-json\/wp\/v2\/product_brand?post=754571"},{"taxonomy":"product_cat","embeddable":true,"href":"https:\/\/roveyayinevi.com.tr\/index.php\/wp-json\/wp\/v2\/product_cat?post=754571"},{"taxonomy":"product_tag","embeddable":true,"href":"https:\/\/roveyayinevi.com.tr\/index.php\/wp-json\/wp\/v2\/product_tag?post=754571"}],"curies":[{"name":"wp","href":"https:\/\/api.w.org\/{rel}","templated":true}]}}