{"id":754553,"date":"2025-08-28T06:14:16","date_gmt":"2025-08-28T03:14:16","guid":{"rendered":"https:\/\/roveyayinevi.com.tr\/index.php\/urun\/100-yila-bakis-1923-2023\/"},"modified":"2026-04-16T03:07:52","modified_gmt":"2026-04-16T00:07:52","slug":"100-yila-bakis-1923-2023","status":"publish","type":"product","link":"https:\/\/roveyayinevi.com.tr\/index.php\/urun\/100-yila-bakis-1923-2023\/","title":{"rendered":"100 Y\u0131la Bak\u0131\u015f 1923-2023"},"content":{"rendered":"<p>\u201cAtar\u00fck\u2019\u00fcn sonsuza dek ya\u015fayacak dedi\u011fi Cumhuriyet \u00fc\u00e7 haneli rakamlarla tan\u0131\u015f\u0131yor.   Cumhuriyet\u2019in 100. y\u0131l\u0131 kutlu olsun!   1923\u2019te tarih sahnesine \u00e7\u0131kan T\u00fcrkiye Cumhuriyeti\u2019nin temelleri o kadar sa\u011flam at\u0131ld\u0131 ki, o temellerin her s\u00fctunu \u00e2deta her cumhuriyet\u00e7i yurtta\u015f\u0131n y\u00fcre\u011finden f\u0131rlay\u0131p \u00f6teki s\u00fctunla bulu\u015fuyor. Bunca s\u00fctunu ortadan kald\u0131rabilir misiniz? Bunun i\u00e7in bir milleti t\u00fcm\u00fcyle yok etmeniz gerekir.\u201d   \u201cKorkacak bir \u015fey yok. U\u011fruna m\u00fccadele edilecek \u00e7ok \u015fey var.\u201d Cumhuriyet\u2019in 100 y\u0131ll\u0131k tarihini k\u0131r\u0131lma noktalar\u0131yla ele alan bu kitap, devrimlerle ekilen tohumlar\u0131n darbelerle sars\u0131lan bir toplumda nas\u0131l ye\u015ferdi\u011fini, Cumhuriyet a\u011fac\u0131n\u0131n k\u00f6klerinin nas\u0131l sa\u011flam oldu\u011funu anlat\u0131yor. Bir as\u0131rl\u0131k toplumsal d\u00f6n\u00fc\u015f\u00fcm tarihini sosyal, siyasal ve k\u00fclt\u00fcrel yans\u0131malara bakarak okuyan Mustafa Balbay, \u201cTarih, toplumlar\u0131n oksijenidir. Ona ne kadar \u00e7ok sahipse, onu ne kadar iyi bilirse, o kadar sa\u011fl\u0131kl\u0131 ya\u015far\u201d diyerek okurlara Cumhuriyet\u2019e sahip \u00e7\u0131kma sorumlulu\u011funu hat\u0131rlat\u0131yor.<\/p>\n","protected":false},"excerpt":{"rendered":"<p>\u201cAtar\u00fck\u2019\u00fcn sonsuza dek ya\u015fayacak dedi\u011fi Cumhuriyet \u00fc\u00e7 haneli rakamlarla tan\u0131\u015f\u0131yor. Cumhuriyet\u2019in 100. y\u0131l\u0131 kutlu olsun! 1923\u2019te tarih sahnesine \u00e7\u0131kan T\u00fcrkiye Cumhuriyeti\u2019nin temelleri o kadar sa\u011flam at\u0131ld\u0131<span class=\"excerpt-hellip\"> [\u2026]<\/span><\/p>\n","protected":false},"featured_media":0,"template":"","meta":{"_monsterinsights_skip_tracking":false,"_monsterinsights_sitenote_active":false,"_monsterinsights_sitenote_note":"","_monsterinsights_sitenote_category":0},"product_brand":[],"product_cat":[12370,12304],"product_tag":[],"class_list":{"0":"post-754553","1":"product","2":"type-product","3":"status-publish","5":"product_cat-arastirma-inceleme","6":"product_cat-tarih","7":"pa_cilt-ciltsiz","8":"pa_tur-kitap","9":"pa_yayinevi-bilgi-yayinevi","10":"pa_yazar-mustafa-balbay","12":"first","13":"instock","14":"sale","15":"shipping-taxable","16":"purchasable","17":"product-type-simple"},"_links":{"self":[{"href":"https:\/\/roveyayinevi.com.tr\/index.php\/wp-json\/wp\/v2\/product\/754553","targetHints":{"allow":["GET"]}}],"collection":[{"href":"https:\/\/roveyayinevi.com.tr\/index.php\/wp-json\/wp\/v2\/product"}],"about":[{"href":"https:\/\/roveyayinevi.com.tr\/index.php\/wp-json\/wp\/v2\/types\/product"}],"wp:attachment":[{"href":"https:\/\/roveyayinevi.com.tr\/index.php\/wp-json\/wp\/v2\/media?parent=754553"}],"wp:term":[{"taxonomy":"product_brand","embeddable":true,"href":"https:\/\/roveyayinevi.com.tr\/index.php\/wp-json\/wp\/v2\/product_brand?post=754553"},{"taxonomy":"product_cat","embeddable":true,"href":"https:\/\/roveyayinevi.com.tr\/index.php\/wp-json\/wp\/v2\/product_cat?post=754553"},{"taxonomy":"product_tag","embeddable":true,"href":"https:\/\/roveyayinevi.com.tr\/index.php\/wp-json\/wp\/v2\/product_tag?post=754553"}],"curies":[{"name":"wp","href":"https:\/\/api.w.org\/{rel}","templated":true}]}}