{"id":754528,"date":"2025-08-28T06:13:35","date_gmt":"2025-08-28T03:13:35","guid":{"rendered":"https:\/\/roveyayinevi.com.tr\/index.php\/urun\/hilal-3\/"},"modified":"2026-04-16T03:07:52","modified_gmt":"2026-04-16T00:07:52","slug":"hilal-3","status":"publish","type":"product","link":"https:\/\/roveyayinevi.com.tr\/index.php\/urun\/hilal-3\/","title":{"rendered":"Hilal 3"},"content":{"rendered":"<p>\u201cDeli dolu, disiplinsiz, \u015feytan\u0131n bile ba\u015ftan \u00e7\u0131karamad\u0131\u011f\u0131 melek y\u00fczl\u00fc asi yarat\u0131k Hilal!\u201d   Serinin bu \u00fc\u00e7\u00fcnc\u00fc kitab\u0131nda Hilal\u2019in ailesiyle ilgili b\u00fcy\u00fck bir s\u0131r g\u00fcn y\u00fcz\u00fcne \u00e7\u0131karken, hayat\u0131na yeni karakterler de ekleniyor. Ek\u00fcrisi Kezban, ekonomik kriz y\u00fcz\u00fcnden ailesiyle k\u00f6y\u00fcne d\u00f6nerken yerini kara para aklayan bir mafya babas\u0131n\u0131n nemfomani e\u011filimleri g\u00f6steren k\u0131z\u0131 Tek G\u00f6z M\u00fcge al\u0131yor. B\u00fct\u00fcn bunlara ek Lucifer\u2019\u0131n, Hilal\u2019in kalbine ve bedenine sahip olmak i\u00e7in \u00e7evirdi\u011fi bin bir t\u00fcrl\u00fc entrika ve d\u00fcmeni de ekleyince ger\u00e7eklik ile d\u00fc\u015fler aras\u0131ndaki ince \u00e7izgi silikle\u015fiyor, ortaya da hezeyanlarla dolu bu ola\u011fan\u00fcst\u00fc hik\u00e2yeler \u00e7\u0131k\u0131yor.   Usta \u00e7izer Kenan Yarar\u2019\u0131n k\u00fcltle\u015fmi\u015f \u00e7izgi roman serisi Hilal\u2019in \u00fc\u00e7\u00fcnc\u00fc cildinde Lombak d\u00f6neminde yay\u0131mlanm\u0131\u015f hik\u00e2yeleri tekrar bir araya getiriliyor. Her bir sayfas\u0131n\u0131n \u00e7izer taraf\u0131ndan b\u00fcy\u00fck bir \u00f6zenle elden ge\u00e7irildi\u011fi, renklendirildi\u011fi ve d\u00fczenlendi\u011fi bu yeni edisyonda \u00e7izerin Hilal kitaplar\u0131n\u0131n yap\u0131m a\u015famas\u0131ndan notlar\u0131n\u0131 aktard\u0131\u011f\u0131 bir \u00f6ns\u00f6z\u00fcn yan\u0131 s\u0131ra ilk dergi bask\u0131lar\u0131ndan \u00f6rnek sayfalar ve orijinal sayfa \u00e7izimleri de okurlar\u0131n be\u011fenisine sunuluyor. <\/p>\n","protected":false},"excerpt":{"rendered":"<p>\u201cDeli dolu, disiplinsiz, \u015feytan\u0131n bile ba\u015ftan \u00e7\u0131karamad\u0131\u011f\u0131 melek y\u00fczl\u00fc asi yarat\u0131k Hilal!\u201d Serinin bu \u00fc\u00e7\u00fcnc\u00fc kitab\u0131nda Hilal\u2019in ailesiyle ilgili b\u00fcy\u00fck bir s\u0131r g\u00fcn y\u00fcz\u00fcne \u00e7\u0131karken, hayat\u0131na<span class=\"excerpt-hellip\"> [\u2026]<\/span><\/p>\n","protected":false},"featured_media":0,"template":"","meta":{"_monsterinsights_skip_tracking":false,"_monsterinsights_sitenote_active":false,"_monsterinsights_sitenote_note":"","_monsterinsights_sitenote_category":0},"product_brand":[],"product_cat":[12416,12291],"product_tag":[],"class_list":{"0":"post-754528","1":"product","2":"type-product","3":"status-publish","5":"product_cat-cizgi-roman","6":"product_cat-edebiyat","7":"pa_cilt-ciltsiz","8":"pa_tur-kitap","9":"pa_yayinevi-ithaki-yayinlari","10":"pa_yazar-kenan-yarar","12":"first","13":"instock","14":"sale","15":"shipping-taxable","16":"purchasable","17":"product-type-simple"},"_links":{"self":[{"href":"https:\/\/roveyayinevi.com.tr\/index.php\/wp-json\/wp\/v2\/product\/754528","targetHints":{"allow":["GET"]}}],"collection":[{"href":"https:\/\/roveyayinevi.com.tr\/index.php\/wp-json\/wp\/v2\/product"}],"about":[{"href":"https:\/\/roveyayinevi.com.tr\/index.php\/wp-json\/wp\/v2\/types\/product"}],"wp:attachment":[{"href":"https:\/\/roveyayinevi.com.tr\/index.php\/wp-json\/wp\/v2\/media?parent=754528"}],"wp:term":[{"taxonomy":"product_brand","embeddable":true,"href":"https:\/\/roveyayinevi.com.tr\/index.php\/wp-json\/wp\/v2\/product_brand?post=754528"},{"taxonomy":"product_cat","embeddable":true,"href":"https:\/\/roveyayinevi.com.tr\/index.php\/wp-json\/wp\/v2\/product_cat?post=754528"},{"taxonomy":"product_tag","embeddable":true,"href":"https:\/\/roveyayinevi.com.tr\/index.php\/wp-json\/wp\/v2\/product_tag?post=754528"}],"curies":[{"name":"wp","href":"https:\/\/api.w.org\/{rel}","templated":true}]}}