{"id":754523,"date":"2025-08-28T06:13:25","date_gmt":"2025-08-28T03:13:25","guid":{"rendered":"https:\/\/roveyayinevi.com.tr\/index.php\/urun\/zincirler-hanesi-malazan-yitikler-kitabi-4\/"},"modified":"2026-04-16T03:07:52","modified_gmt":"2026-04-16T00:07:52","slug":"zincirler-hanesi-malazan-yitikler-kitabi-4","status":"publish","type":"product","link":"https:\/\/roveyayinevi.com.tr\/index.php\/urun\/zincirler-hanesi-malazan-yitikler-kitabi-4\/","title":{"rendered":"Zincirler Hanesi\/ Malazan Yitikler Kitab\u0131 4"},"content":{"rendered":"<p>\u201cYA\u015eAMA \u00d6L\u00dcM CEVAP VER\u0130R. KARANLI\u011eA I\u015eIK. EZ\u0130C\u0130 BA\u015eARIYA YIKICI BA\u015eARISIZLIK. DEH\u015eETENG\u0130Z BEDDUAYA NEFES KES\u0130C\u0130 TAKD\u0130S.\u201d   Teblorlar\u0131n Uryd kabilesinden Karsa Orlong Kuzey Genabackis da\u011flar\u0131ndan g\u00fcneydeki d\u00fczl\u00fcklere inerken sadece tek bir \u015feyi ama\u00e7l\u0131yordu: Kendi halk\u0131n\u0131n kaderini yeniden \u015fekillendirerek ad\u0131n\u0131 efsanelere kaz\u0131mak. Yan\u0131ndak sava\u015f\u00e7\u0131lar\u0131na liderlik ederken, horg\u00f6rd\u00fckleri oval\u0131lara \u00f6l\u00fcm da\u011f\u0131tacak, kendilerine yadig\u00e2r ziyafeti \u00e7ekecek ve k\u00f6ylerine gururla d\u00f6neceklerdi. Ancak Kayadaki Suratlar\u2019\u0131n Karsa Orlong i\u00e7in bamba\u015fka planlar\u0131 vard\u0131. \u00c7\u0131kt\u0131\u011f\u0131 yolculuk onu Yedi \u015eehir ve Genabackis boyunca s\u00fcr\u00fcklerken kehanetlerin ve rekabetlerin \u00f6rd\u00fc\u011f\u00fc bir a\u011fa dolanacak, zincirlere vurulacakt\u0131.   K\u00f6pekler Zinciri\u2019nin ard\u0131ndan \u0130mparatori\u00e7e\u2019nin Muavin\u2019i Tavore ise son kale Yedi \u015eehir\u2019e varm\u0131\u015ft\u0131. Coltaine\u2019in efsanevi y\u00fcr\u00fcy\u00fc\u015f\u00fcnden kalma bir avu\u00e7 gazi d\u0131\u015f\u0131nda, \u00e7o\u011fu acemi on iki bin askerin bulundu\u011fu ordusunu \u00f6nlerindeki b\u00fcy\u00fck sava\u015fa haz\u0131rlamak ise Tavore\u2019un en zorlu g\u00f6reviydi. Kadim \u00c7\u00f6l\u2019\u00fcn y\u00fcre\u011finde ise intikam tanr\u0131\u00e7as\u0131n\u0131n g\u00fcc\u00fc yava\u015f yava\u015f ruhunu t\u00fcketirken Sha\u2019ik pusuda bekliyordu. Ama entrikalarla \u00e7evrelenmi\u015f Sha\u2019ik i\u00e7in beklemek kolay olmayacakt\u0131.   Raraku \u00c7\u00f6l\u00fc\u2019n\u00fcn kayalara g\u00f6m\u00fcl\u00fc h\u00fclasalar\u0131 tekrar d\u00fcnyada y\u00fcr\u00fcmeye ba\u015flad\u0131\u011f\u0131nda faniler, tanr\u0131lar ve yepyeni oyuncular kozlar\u0131n\u0131 payla\u015facak, t\u00fcm kartlar ba\u015ftan da\u011f\u0131t\u0131lacakt\u0131.   \u201cDaha fazlas\u0131 i\u00e7in \u00e7\u0131rp\u0131naca\u011f\u0131n\u0131z t\u00fcrden epik bir anlat\u0131.\u201d \u2014Stephen R. Donaldson   \u201cKarma\u015f\u0131k ve zorlay\u0131c\u0131&#8230; Erikson\u2019un g\u00fc\u00e7l\u00fc yanlar\u0131 olgun karakterleri ve bizim d\u00fcnyam\u0131z kadar derin ve \u00e7etrefilli bir d\u00fcnya yaratma becerisi.\u201d \u2014J. V. Jones<\/p>\n","protected":false},"excerpt":{"rendered":"<p>\u201cYA\u015eAMA \u00d6L\u00dcM CEVAP VER\u0130R. KARANLI\u011eA I\u015eIK. EZ\u0130C\u0130 BA\u015eARIYA YIKICI BA\u015eARISIZLIK. DEH\u015eETENG\u0130Z BEDDUAYA NEFES KES\u0130C\u0130 TAKD\u0130S.\u201d Teblorlar\u0131n Uryd kabilesinden Karsa Orlong Kuzey Genabackis da\u011flar\u0131ndan g\u00fcneydeki d\u00fczl\u00fcklere inerken<span class=\"excerpt-hellip\"> [\u2026]<\/span><\/p>\n","protected":false},"featured_media":0,"template":"","meta":{"_monsterinsights_skip_tracking":false,"_monsterinsights_sitenote_active":false,"_monsterinsights_sitenote_note":"","_monsterinsights_sitenote_category":0},"product_brand":[],"product_cat":[12291,14777],"product_tag":[],"class_list":{"0":"post-754523","1":"product","2":"type-product","3":"status-publish","5":"product_cat-edebiyat","6":"product_cat-fantastik","7":"pa_cilt-ciltsiz","8":"pa_tur-kitap","9":"pa_yayinevi-ithaki-yayinlari","10":"pa_yazar-steven-erikson","12":"first","13":"instock","14":"sale","15":"shipping-taxable","16":"purchasable","17":"product-type-simple"},"_links":{"self":[{"href":"https:\/\/roveyayinevi.com.tr\/index.php\/wp-json\/wp\/v2\/product\/754523","targetHints":{"allow":["GET"]}}],"collection":[{"href":"https:\/\/roveyayinevi.com.tr\/index.php\/wp-json\/wp\/v2\/product"}],"about":[{"href":"https:\/\/roveyayinevi.com.tr\/index.php\/wp-json\/wp\/v2\/types\/product"}],"wp:attachment":[{"href":"https:\/\/roveyayinevi.com.tr\/index.php\/wp-json\/wp\/v2\/media?parent=754523"}],"wp:term":[{"taxonomy":"product_brand","embeddable":true,"href":"https:\/\/roveyayinevi.com.tr\/index.php\/wp-json\/wp\/v2\/product_brand?post=754523"},{"taxonomy":"product_cat","embeddable":true,"href":"https:\/\/roveyayinevi.com.tr\/index.php\/wp-json\/wp\/v2\/product_cat?post=754523"},{"taxonomy":"product_tag","embeddable":true,"href":"https:\/\/roveyayinevi.com.tr\/index.php\/wp-json\/wp\/v2\/product_tag?post=754523"}],"curies":[{"name":"wp","href":"https:\/\/api.w.org\/{rel}","templated":true}]}}