{"id":754516,"date":"2025-08-28T06:13:10","date_gmt":"2025-08-28T03:13:10","guid":{"rendered":"https:\/\/roveyayinevi.com.tr\/index.php\/urun\/masa\/"},"modified":"2026-04-16T03:07:51","modified_gmt":"2026-04-16T00:07:51","slug":"masa","status":"publish","type":"product","link":"https:\/\/roveyayinevi.com.tr\/index.php\/urun\/masa\/","title":{"rendered":"Masa"},"content":{"rendered":"<p>T\u00fcrkiye, Meral Ak\u015fener\u2019in masadan ayr\u0131laca\u011f\u0131n\u0131 3 Mart sabah\u0131 Aytun\u00e7 Erkin\u2019in yaz\u0131s\u0131ndan \u00f6\u011frendi. Alt\u0131l\u0131 Masa o g\u00fcn Ak\u015fener\u2019in a\u00e7\u0131klamas\u0131na kilitlendi. Peki 2 Mart-6 Mart aras\u0131ndaki 96 saatte neler ya\u015fand\u0131? \u2022          2 Mart\u2019ta Saadet Partisi\u2019ndeki toplant\u0131 \u00f6ncesinde Ak\u015fener partisinden hangi yetkiyi ald\u0131? \u2022          Ak\u015fener 4 Mart\u2019ta Aytun\u00e7 Erkin\u2019e neler s\u00f6yledi? \u2022          5 Mart Pazar g\u00fcn\u00fc CHP\u2019den \u0130Y\u0130 Parti\u2019ye hangi teklif, kim arac\u0131l\u0131\u011f\u0131yla ula\u015ft\u0131r\u0131ld\u0131? Ak\u015fener\u2019in talebi ne oldu? \u2022          5 Mart ak\u015fam\u0131 saat 20.10\u2019da yap\u0131lan a\u00e7\u0131klama neydi ve o a\u00e7\u0131klama g\u00fcndemi nas\u0131l belirledi? \u2022          5 Mart gecesi \u0130mamo\u011flu ve Yava\u015f, Ak\u015fener\u2019in evinde ne konu\u015ftular? Ak\u015fener ne teklif etti, belediye ba\u015fkanlar\u0131 ne dedi? \u2022          K\u0131l\u0131\u00e7daro\u011flu, Ak\u015fener\u2019e verdi\u011fi hangi s\u00f6z\u00fc tutmad\u0131? \u2022          6 Mart sabah\u0131 \u0130Y\u0130 Parti\u2019de yap\u0131lan zoom toplant\u0131s\u0131nda al\u0131nan karar neydi? \u2022          6 Mart \u00f6\u011fle saatlerinde Marriott Otel\u2019deki toplant\u0131da K\u0131l\u0131\u00e7daro\u011flu hangi metni imzalamad\u0131? \u2022          CHP Genel Merkezi\u2019nin ocak ay\u0131nda \u201c\u00f6zel mutfak \u00e7al\u0131\u015fmas\u0131\u201d ad\u0131 alt\u0131nda yapt\u0131rd\u0131\u011f\u0131 ankette \u0130mamo\u011flu-Yava\u015f detay\u0131 neydi? \u2022          \u0130ki belediye ba\u015fkan\u0131n\u0131n cumhurba\u015fkan\u0131 yard\u0131mc\u0131s\u0131 olma form\u00fcl\u00fc aylar \u00f6ncesinden mi olu\u015fturulmu\u015ftu? \u2022          CHP-\u0130Y\u0130 Parti aras\u0131nda \u201cBe\u015fli \u00c7ete\u201d krizi nas\u0131l \u00e7\u0131kt\u0131? Kim, nas\u0131l mesaj verdi? \u2022          Ahlatl\u0131bel\u2019de K\u0131l\u0131\u00e7daro\u011flu-Ak\u015fener aras\u0131nda ne konu\u015fuldu? Adayl\u0131k g\u00fcndeme geldi mi? \u2022          K\u0131l\u0131\u00e7daro\u011flu, \u201cBizim i\u00e7in \u00f6zel masa kuruldu\u201d dedi, hangi \u015fema bunu kan\u0131tl\u0131yordu? \u2022          Devlet, \u201cKazanacak adaydan kazand\u0131racak form\u00fcle\u201d ge\u00e7i\u015fi nas\u0131l de\u011ferlendirdi? \u2022          D\u00f6nemin \u0130\u00e7i\u015fleri Bakan\u0131 Soylu\u2019nun \u201cCHP ile b\u00fcy\u00fckel\u00e7i aras\u0131ndaki\u201d ses kaseti iddias\u0131n\u0131n perde arkas\u0131nda ne var? \u2022          \u0130Y\u0130 Parti\u2019deki Alt\u0131l\u0131 Masa toplant\u0131s\u0131ndan sonra a\u00e7\u0131klanan bildiriye konulan \u00fc\u00e7 kelimenin s\u0131rr\u0131 neydi? <\/p>\n","protected":false},"excerpt":{"rendered":"<p>T\u00fcrkiye, Meral Ak\u015fener\u2019in masadan ayr\u0131laca\u011f\u0131n\u0131 3 Mart sabah\u0131 Aytun\u00e7 Erkin\u2019in yaz\u0131s\u0131ndan \u00f6\u011frendi. Alt\u0131l\u0131 Masa o g\u00fcn Ak\u015fener\u2019in a\u00e7\u0131klamas\u0131na kilitlendi. Peki 2 Mart-6 Mart aras\u0131ndaki 96 saatte<span class=\"excerpt-hellip\"> [\u2026]<\/span><\/p>\n","protected":false},"featured_media":0,"template":"","meta":{"_monsterinsights_skip_tracking":false,"_monsterinsights_sitenote_active":false,"_monsterinsights_sitenote_note":"","_monsterinsights_sitenote_category":0},"product_brand":[],"product_cat":[13590,12337],"product_tag":[],"class_list":{"0":"post-754516","1":"product","2":"type-product","3":"status-publish","5":"product_cat-arastirma-inceleme-politika-siyaset","6":"product_cat-politika-siyaset","7":"pa_cilt-ciltsiz","8":"pa_tur-kitap","9":"pa_yayinevi-kirmizi-kedi-yayinevi","10":"pa_yazar-aytunc-erkin","12":"first","13":"instock","14":"sale","15":"shipping-taxable","16":"purchasable","17":"product-type-simple"},"_links":{"self":[{"href":"https:\/\/roveyayinevi.com.tr\/index.php\/wp-json\/wp\/v2\/product\/754516","targetHints":{"allow":["GET"]}}],"collection":[{"href":"https:\/\/roveyayinevi.com.tr\/index.php\/wp-json\/wp\/v2\/product"}],"about":[{"href":"https:\/\/roveyayinevi.com.tr\/index.php\/wp-json\/wp\/v2\/types\/product"}],"wp:attachment":[{"href":"https:\/\/roveyayinevi.com.tr\/index.php\/wp-json\/wp\/v2\/media?parent=754516"}],"wp:term":[{"taxonomy":"product_brand","embeddable":true,"href":"https:\/\/roveyayinevi.com.tr\/index.php\/wp-json\/wp\/v2\/product_brand?post=754516"},{"taxonomy":"product_cat","embeddable":true,"href":"https:\/\/roveyayinevi.com.tr\/index.php\/wp-json\/wp\/v2\/product_cat?post=754516"},{"taxonomy":"product_tag","embeddable":true,"href":"https:\/\/roveyayinevi.com.tr\/index.php\/wp-json\/wp\/v2\/product_tag?post=754516"}],"curies":[{"name":"wp","href":"https:\/\/api.w.org\/{rel}","templated":true}]}}