{"id":754506,"date":"2025-08-28T06:12:54","date_gmt":"2025-08-28T03:12:54","guid":{"rendered":"https:\/\/roveyayinevi.com.tr\/index.php\/urun\/ikinci-yuzyilda-yeniden-ataturk\/"},"modified":"2026-04-16T03:07:51","modified_gmt":"2026-04-16T00:07:51","slug":"ikinci-yuzyilda-yeniden-ataturk","status":"publish","type":"product","link":"https:\/\/roveyayinevi.com.tr\/index.php\/urun\/ikinci-yuzyilda-yeniden-ataturk\/","title":{"rendered":"\u0130kinci Y\u00fczy\u0131lda Yeniden Atat\u00fcrk"},"content":{"rendered":"<p>Baz\u0131 \u015feyler vard\u0131r ki bir kanunla, bir emirle, bir d\u00fcd\u00fck \u00e7alarak d\u00fczeltilebilir. Ama baz\u0131 \u015feyler vard\u0131r ki, kanunla, emirle millet\u00e7e omuz omuza bo\u011fu\u015ftu\u011funuz halde d\u00fczelmezler. Fesi atar \u015fapkay\u0131 giyer; ama aln\u0131nda fesin izi vard\u0131r. Siz sar\u0131kla gezmeyi yasaklars\u0131n\u0131z, kimse sar\u0131kla dola\u015fmaz. Ama baz\u0131 insanlar\u0131n ba\u015f\u0131ndaki g\u00f6r\u00fcnmeyen sar\u0131klar\u0131 yok edemezsiniz. \u00c7\u00fcnk\u00fc onlar o zihniyetin i\u00e7indedir. Zihniyet, binlerce y\u0131l\u0131n birikimidir. O birikimi bir anda yok edemezsiniz, bo\u011fu\u015fursunuz onunla sadece. Yeni bir zihniyet, yeni bir ahlak yerle\u015ftirinceye kadar bo\u011fu\u015fursunuz ve sonunda muvaffak olursunuz\u2026   Bo\u011fu\u015fuyoruz ve bo\u011fu\u015fa bo\u011fu\u015fa yenece\u011fiz. \u00d6nemli olan buras\u0131d\u0131r. Yani, bo\u011fu\u015fmaktan yorulmamak, umutsuzlu\u011fa d\u00fc\u015fmemektir. Milletler bo\u011fu\u015fa bo\u011fu\u015fa ilerlerler, yorulan, umutsuzlu\u011fa d\u00fc\u015fen yenilir. Biz inan\u0131yoruz, inand\u0131\u011f\u0131m\u0131z \u015fey do\u011frudur, yenidir, ileridir. \u00d6yleyse eskiyi, geriyi, i\u015fe yaramaz\u0131 mutlaka yenece\u011fiz demektir. \u00c7\u00fcnk\u00fc bunun ba\u015fka \u00e7aresi yoktur. Ya\u015famak kanunu budur. Mustafa Kemal Atat\u00fcrk<\/p>\n","protected":false},"excerpt":{"rendered":"<p>Baz\u0131 \u015feyler vard\u0131r ki bir kanunla, bir emirle, bir d\u00fcd\u00fck \u00e7alarak d\u00fczeltilebilir. Ama baz\u0131 \u015feyler vard\u0131r ki, kanunla, emirle millet\u00e7e omuz omuza bo\u011fu\u015ftu\u011funuz halde d\u00fczelmezler. Fesi<span class=\"excerpt-hellip\"> [\u2026]<\/span><\/p>\n","protected":false},"featured_media":0,"template":"","meta":{"_monsterinsights_skip_tracking":false,"_monsterinsights_sitenote_active":false,"_monsterinsights_sitenote_note":"","_monsterinsights_sitenote_category":0},"product_brand":[],"product_cat":[12370,12304],"product_tag":[],"class_list":{"0":"post-754506","1":"product","2":"type-product","3":"status-publish","5":"product_cat-arastirma-inceleme","6":"product_cat-tarih","7":"pa_cilt-ciltsiz","8":"pa_tur-kitap","9":"pa_yayinevi-kirmizi-kedi-yayinevi","10":"pa_yazar-ahmet-yavuz","12":"first","13":"instock","14":"sale","15":"shipping-taxable","16":"purchasable","17":"product-type-simple"},"_links":{"self":[{"href":"https:\/\/roveyayinevi.com.tr\/index.php\/wp-json\/wp\/v2\/product\/754506","targetHints":{"allow":["GET"]}}],"collection":[{"href":"https:\/\/roveyayinevi.com.tr\/index.php\/wp-json\/wp\/v2\/product"}],"about":[{"href":"https:\/\/roveyayinevi.com.tr\/index.php\/wp-json\/wp\/v2\/types\/product"}],"wp:attachment":[{"href":"https:\/\/roveyayinevi.com.tr\/index.php\/wp-json\/wp\/v2\/media?parent=754506"}],"wp:term":[{"taxonomy":"product_brand","embeddable":true,"href":"https:\/\/roveyayinevi.com.tr\/index.php\/wp-json\/wp\/v2\/product_brand?post=754506"},{"taxonomy":"product_cat","embeddable":true,"href":"https:\/\/roveyayinevi.com.tr\/index.php\/wp-json\/wp\/v2\/product_cat?post=754506"},{"taxonomy":"product_tag","embeddable":true,"href":"https:\/\/roveyayinevi.com.tr\/index.php\/wp-json\/wp\/v2\/product_tag?post=754506"}],"curies":[{"name":"wp","href":"https:\/\/api.w.org\/{rel}","templated":true}]}}