{"id":754488,"date":"2025-08-28T06:12:24","date_gmt":"2025-08-28T03:12:24","guid":{"rendered":"https:\/\/roveyayinevi.com.tr\/index.php\/urun\/yalnizca-cocuklar-uzaklara-bakar\/"},"modified":"2026-04-16T03:07:51","modified_gmt":"2026-04-16T00:07:51","slug":"yalnizca-cocuklar-uzaklara-bakar","status":"publish","type":"product","link":"https:\/\/roveyayinevi.com.tr\/index.php\/urun\/yalnizca-cocuklar-uzaklara-bakar\/","title":{"rendered":"Yaln\u0131zca \u00c7ocuklar Uzaklara Bakar"},"content":{"rendered":"<p>\u201cKe\u015fke insan hi\u00e7 b\u00fcy\u00fcmeseydi. Ke\u015fke her \u015feyi bilmeseydi. Oyuncaklar\u0131n\u0131 k\u0131rmasayd\u0131. \u00c7ocuklu\u011funu hi\u00e7 unutmasayd\u0131. Sevgisini b\u00fct\u00fcn ya\u015flar\u0131nda ayn\u0131 i\u00e7tenlikle s\u00f6ylemeyi s\u00fcrd\u00fcrseydi. Ne yaz\u0131k ki do\u011fa, hayvanlara ba\u011f\u0131\u015flad\u0131\u011f\u0131 o masumiyeti insanlardan esirgemi\u015f. Ya da insan, do\u011fas\u0131na ihanet etmi\u015f.(\u2026) Sonra kendi \u00e7ocuklu\u011fuma \u00e7evirdim g\u00f6zlerimi. Ara sokaklardaki \u00e7ocuklara, \u0131\u015f\u0131kl\u0131 caddelerdeki \u00e7ocuklara, bu\u011fday tarlalar\u0131ndaki \u00e7ocuklara\u2026 yazd\u0131k\u00e7a, d\u00fcnyan\u0131n nas\u0131l bir cehenneme nas\u0131l bir cehenneme yuvarland\u0131\u011f\u0131n\u0131 yeniden anlad\u0131m. B\u00fct\u00fcn b\u00fcy\u00fck yarat\u0131c\u0131lar \u00e7ocuktu. D\u00fcnya edebiyat\u0131n\u0131 \u00e7ocuklar yaratm\u0131\u015ft\u0131. B\u00fct\u00fctn a\u011f\u0131tlar\u0131, \u015fark\u0131lar\u0131 \u00e7ocuklar s\u00f6ylemi\u015fti. B\u00fct\u00fcn bilim insanlar\u0131 merak\u0131n\u0131 hi\u00e7 yitirmemi\u015f \u00e7ocuklard\u0131. Tanr\u0131 \u00e7ocuktu. .\u201d   <\/p>\n","protected":false},"excerpt":{"rendered":"<p>\u201cKe\u015fke insan hi\u00e7 b\u00fcy\u00fcmeseydi. Ke\u015fke her \u015feyi bilmeseydi. Oyuncaklar\u0131n\u0131 k\u0131rmasayd\u0131. \u00c7ocuklu\u011funu hi\u00e7 unutmasayd\u0131. Sevgisini b\u00fct\u00fcn ya\u015flar\u0131nda ayn\u0131 i\u00e7tenlikle s\u00f6ylemeyi s\u00fcrd\u00fcrseydi. Ne yaz\u0131k ki do\u011fa, hayvanlara ba\u011f\u0131\u015flad\u0131\u011f\u0131<span class=\"excerpt-hellip\"> [\u2026]<\/span><\/p>\n","protected":false},"featured_media":0,"template":"","meta":{"_monsterinsights_skip_tracking":false,"_monsterinsights_sitenote_active":false,"_monsterinsights_sitenote_note":"","_monsterinsights_sitenote_category":0},"product_brand":[],"product_cat":[12291,12509],"product_tag":[],"class_list":{"0":"post-754488","1":"product","2":"type-product","3":"status-publish","5":"product_cat-edebiyat","6":"product_cat-siir","7":"pa_cilt-ciltsiz","8":"pa_tur-kitap","9":"pa_yayinevi-kirmizi-kedi-yayinevi","10":"pa_yazar-sukru-erbas","12":"first","13":"instock","14":"sale","15":"shipping-taxable","16":"purchasable","17":"product-type-simple"},"_links":{"self":[{"href":"https:\/\/roveyayinevi.com.tr\/index.php\/wp-json\/wp\/v2\/product\/754488","targetHints":{"allow":["GET"]}}],"collection":[{"href":"https:\/\/roveyayinevi.com.tr\/index.php\/wp-json\/wp\/v2\/product"}],"about":[{"href":"https:\/\/roveyayinevi.com.tr\/index.php\/wp-json\/wp\/v2\/types\/product"}],"wp:attachment":[{"href":"https:\/\/roveyayinevi.com.tr\/index.php\/wp-json\/wp\/v2\/media?parent=754488"}],"wp:term":[{"taxonomy":"product_brand","embeddable":true,"href":"https:\/\/roveyayinevi.com.tr\/index.php\/wp-json\/wp\/v2\/product_brand?post=754488"},{"taxonomy":"product_cat","embeddable":true,"href":"https:\/\/roveyayinevi.com.tr\/index.php\/wp-json\/wp\/v2\/product_cat?post=754488"},{"taxonomy":"product_tag","embeddable":true,"href":"https:\/\/roveyayinevi.com.tr\/index.php\/wp-json\/wp\/v2\/product_tag?post=754488"}],"curies":[{"name":"wp","href":"https:\/\/api.w.org\/{rel}","templated":true}]}}