{"id":754481,"date":"2025-08-28T06:12:12","date_gmt":"2025-08-28T03:12:12","guid":{"rendered":"https:\/\/roveyayinevi.com.tr\/index.php\/urun\/bedenimiz-hakkinda-bilmen-gereken-100-sey-fleksi-kapak\/"},"modified":"2026-04-16T03:07:51","modified_gmt":"2026-04-16T00:07:51","slug":"bedenimiz-hakkinda-bilmen-gereken-100-sey-fleksi-kapak","status":"publish","type":"product","link":"https:\/\/roveyayinevi.com.tr\/index.php\/urun\/bedenimiz-hakkinda-bilmen-gereken-100-sey-fleksi-kapak\/","title":{"rendered":"Bedenimiz Hakk\u0131nda Bilmen Gereken 100 \u015eey (Fleksi Kapak)"},"content":{"rendered":"<p>\u201cDi\u015fleriniz kemiklerinizden daha serttir.\u201d\u201cSa\u00e7\u0131n\u0131z bir orduyu ta\u015f\u0131yabilir.\u201d\u201cYa\u015fland\u0131k\u00e7a 94 kemi\u011finizi kaybedersiniz.\u201d\u201c\u0130ki t\u00fcr g\u00f6zya\u015f\u0131 vard\u0131r.\u201dBunun gibi daha bir\u00e7ok ilgin\u00e7 bilgi bu kitapta sizi bekliyor. Renkli, g\u00f6z al\u0131c\u0131 ill\u00fcstrasyonlar\u0131yla Bedenimiz Hakk\u0131nda Bilmen Gereken 100 \u015eey, sizi e\u011flendirirken d\u00fc\u015f\u00fcnd\u00fcr\u00fcyor, \u015fa\u015f\u0131rt\u0131rken bir \u015feyler \u00f6\u011fretiyor.<\/p>\n","protected":false},"excerpt":{"rendered":"<p>\u201cDi\u015fleriniz kemiklerinizden daha serttir.\u201d\u201cSa\u00e7\u0131n\u0131z bir orduyu ta\u015f\u0131yabilir.\u201d\u201cYa\u015fland\u0131k\u00e7a 94 kemi\u011finizi kaybedersiniz.\u201d\u201c\u0130ki t\u00fcr g\u00f6zya\u015f\u0131 vard\u0131r.\u201dBunun gibi daha bir\u00e7ok ilgin\u00e7 bilgi bu kitapta sizi bekliyor. Renkli, g\u00f6z al\u0131c\u0131 ill\u00fcstrasyonlar\u0131yla<span class=\"excerpt-hellip\"> [\u2026]<\/span><\/p>\n","protected":false},"featured_media":0,"template":"","meta":{"_monsterinsights_skip_tracking":false,"_monsterinsights_sitenote_active":false,"_monsterinsights_sitenote_note":"","_monsterinsights_sitenote_category":0},"product_brand":[],"product_cat":[13005,13006],"product_tag":[],"class_list":{"0":"post-754481","1":"product","2":"type-product","3":"status-publish","5":"product_cat-bilim-muhendislik","6":"product_cat-populer-bilim","7":"pa_cilt-ciltsiz","8":"pa_tur-kitap","9":"pa_yayinevi-epsilon-yayinlari","10":"pa_yazar-kolektif","12":"first","13":"instock","14":"sale","15":"shipping-taxable","16":"purchasable","17":"product-type-simple"},"_links":{"self":[{"href":"https:\/\/roveyayinevi.com.tr\/index.php\/wp-json\/wp\/v2\/product\/754481","targetHints":{"allow":["GET"]}}],"collection":[{"href":"https:\/\/roveyayinevi.com.tr\/index.php\/wp-json\/wp\/v2\/product"}],"about":[{"href":"https:\/\/roveyayinevi.com.tr\/index.php\/wp-json\/wp\/v2\/types\/product"}],"wp:attachment":[{"href":"https:\/\/roveyayinevi.com.tr\/index.php\/wp-json\/wp\/v2\/media?parent=754481"}],"wp:term":[{"taxonomy":"product_brand","embeddable":true,"href":"https:\/\/roveyayinevi.com.tr\/index.php\/wp-json\/wp\/v2\/product_brand?post=754481"},{"taxonomy":"product_cat","embeddable":true,"href":"https:\/\/roveyayinevi.com.tr\/index.php\/wp-json\/wp\/v2\/product_cat?post=754481"},{"taxonomy":"product_tag","embeddable":true,"href":"https:\/\/roveyayinevi.com.tr\/index.php\/wp-json\/wp\/v2\/product_tag?post=754481"}],"curies":[{"name":"wp","href":"https:\/\/api.w.org\/{rel}","templated":true}]}}