{"id":754479,"date":"2025-08-28T06:12:10","date_gmt":"2025-08-28T03:12:10","guid":{"rendered":"https:\/\/roveyayinevi.com.tr\/index.php\/urun\/kendine-engel-olma\/"},"modified":"2026-04-11T14:23:32","modified_gmt":"2026-04-11T11:23:32","slug":"kendine-engel-olma","status":"publish","type":"product","link":"https:\/\/roveyayinevi.com.tr\/index.php\/urun\/kendine-engel-olma\/","title":{"rendered":"Kendine Engel Olma"},"content":{"rendered":"<p>\u201cHer \u015fey d\u00fc\u015f\u00fcncede ba\u015flar\u2026\u201d     \u201cNe istedi\u011fimi bilmiyorum. Hi\u00e7bir \u015feye motivasyonum kalmad\u0131. Buralardan ka\u00e7\u0131p gidesim var&#8230;\u201d gibi c\u00fcmleleri zaman zaman hepimiz kuruyoruz. Ama bir yerlere ka\u00e7\u0131\u015f \u00e7are de\u011fil dostum, inan bana. \u00c7\u00fcnk\u00fc insan nereye giderse i\u00e7indekileri de yan\u0131nda g\u00f6t\u00fcr\u00fcr. S\u0131f\u0131rdan ba\u015flayarak, geli\u015fim ve de\u011fi\u015fime a\u00e7\u0131k bir hayat ya\u015famak ister misin? Bu sana kalm\u0131\u015f! Unutma ki hayat senin, kendi hayat\u0131ndan sadece sen sorumlusun. O zaman haydi tut kendinin ellerinden!.. Bu kitap senin ya\u015fam sevincin olacak. <\/p>\n","protected":false},"excerpt":{"rendered":"<p>\u201cHer \u015fey d\u00fc\u015f\u00fcncede ba\u015flar\u2026\u201d \u201cNe istedi\u011fimi bilmiyorum. Hi\u00e7bir \u015feye motivasyonum kalmad\u0131. Buralardan ka\u00e7\u0131p gidesim var&#8230;\u201d gibi c\u00fcmleleri zaman zaman hepimiz kuruyoruz. Ama bir yerlere ka\u00e7\u0131\u015f \u00e7are<span class=\"excerpt-hellip\"> [\u2026]<\/span><\/p>\n","protected":false},"featured_media":0,"template":"","meta":{"_monsterinsights_skip_tracking":false,"_monsterinsights_sitenote_active":false,"_monsterinsights_sitenote_note":"","_monsterinsights_sitenote_category":0},"product_brand":[],"product_cat":[12364,12376],"product_tag":[],"class_list":{"0":"post-754479","1":"product","2":"type-product","3":"status-publish","5":"product_cat-genel-konular","6":"product_cat-kisisel-gelisim","7":"pa_cilt-ciltsiz","8":"pa_tur-kitap","9":"pa_yayinevi-hayat-yayinlari","10":"pa_yazar-safiye-cetinkaya","12":"first","13":"instock","14":"sale","15":"shipping-taxable","16":"purchasable","17":"product-type-simple"},"_links":{"self":[{"href":"https:\/\/roveyayinevi.com.tr\/index.php\/wp-json\/wp\/v2\/product\/754479","targetHints":{"allow":["GET"]}}],"collection":[{"href":"https:\/\/roveyayinevi.com.tr\/index.php\/wp-json\/wp\/v2\/product"}],"about":[{"href":"https:\/\/roveyayinevi.com.tr\/index.php\/wp-json\/wp\/v2\/types\/product"}],"wp:attachment":[{"href":"https:\/\/roveyayinevi.com.tr\/index.php\/wp-json\/wp\/v2\/media?parent=754479"}],"wp:term":[{"taxonomy":"product_brand","embeddable":true,"href":"https:\/\/roveyayinevi.com.tr\/index.php\/wp-json\/wp\/v2\/product_brand?post=754479"},{"taxonomy":"product_cat","embeddable":true,"href":"https:\/\/roveyayinevi.com.tr\/index.php\/wp-json\/wp\/v2\/product_cat?post=754479"},{"taxonomy":"product_tag","embeddable":true,"href":"https:\/\/roveyayinevi.com.tr\/index.php\/wp-json\/wp\/v2\/product_tag?post=754479"}],"curies":[{"name":"wp","href":"https:\/\/api.w.org\/{rel}","templated":true}]}}