{"id":754476,"date":"2025-08-28T06:12:06","date_gmt":"2025-08-28T03:12:06","guid":{"rendered":"https:\/\/roveyayinevi.com.tr\/index.php\/urun\/cilgin-cem-ile-bilim-fen-treni\/"},"modified":"2026-04-16T03:07:50","modified_gmt":"2026-04-16T00:07:50","slug":"cilgin-cem-ile-bilim-fen-treni","status":"publish","type":"product","link":"https:\/\/roveyayinevi.com.tr\/index.php\/urun\/cilgin-cem-ile-bilim-fen-treni\/","title":{"rendered":"\u00c7\u0131lg\u0131n Cem \u0130le Bilim &#8211; Fen Treni"},"content":{"rendered":"<p>Cem, bilime merakl\u0131; \u00f6\u011frenmeyi \u00e7ok seven bir \u00e7ocuk&#8230; \u00c7\u0131lg\u0131n m\u0131 \u00e7\u0131lg\u0131n&#8230; Hayal g\u00fcc\u00fc bilimin ilk anahtar\u0131! Ancak do\u011fru sorular, bulur do\u011fru yan\u0131tlar\u0131. \u00c7ILGIN CEM ile macera dolu bir bilim yolculu\u011fu&#8230; Biletler t\u00fckeniyor&#8230; Sen de yeti\u015f! Nefes nefese, ger\u00e7ek bir macera seni bekliyor!<\/p>\n","protected":false},"excerpt":{"rendered":"<p>Cem, bilime merakl\u0131; \u00f6\u011frenmeyi \u00e7ok seven bir \u00e7ocuk&#8230; \u00c7\u0131lg\u0131n m\u0131 \u00e7\u0131lg\u0131n&#8230; Hayal g\u00fcc\u00fc bilimin ilk anahtar\u0131! Ancak do\u011fru sorular, bulur do\u011fru yan\u0131tlar\u0131. \u00c7ILGIN CEM ile macera<span class=\"excerpt-hellip\"> [\u2026]<\/span><\/p>\n","protected":false},"featured_media":0,"template":"","meta":{"_monsterinsights_skip_tracking":false,"_monsterinsights_sitenote_active":false,"_monsterinsights_sitenote_note":"","_monsterinsights_sitenote_category":0},"product_brand":[],"product_cat":[13829,12274],"product_tag":[],"class_list":{"0":"post-754476","1":"product","2":"type-product","3":"status-publish","5":"product_cat-bilimsel-kitaplar","6":"product_cat-cocuk-ve-genclik-kitaplari","7":"pa_cilt-ciltsiz","8":"pa_tur-kitap","9":"pa_yayinevi-yagmur-cocuk-yayinlari","10":"pa_yazar-sultan-serdar-doksoz","12":"first","13":"instock","14":"sale","15":"shipping-taxable","16":"purchasable","17":"product-type-simple"},"_links":{"self":[{"href":"https:\/\/roveyayinevi.com.tr\/index.php\/wp-json\/wp\/v2\/product\/754476","targetHints":{"allow":["GET"]}}],"collection":[{"href":"https:\/\/roveyayinevi.com.tr\/index.php\/wp-json\/wp\/v2\/product"}],"about":[{"href":"https:\/\/roveyayinevi.com.tr\/index.php\/wp-json\/wp\/v2\/types\/product"}],"wp:attachment":[{"href":"https:\/\/roveyayinevi.com.tr\/index.php\/wp-json\/wp\/v2\/media?parent=754476"}],"wp:term":[{"taxonomy":"product_brand","embeddable":true,"href":"https:\/\/roveyayinevi.com.tr\/index.php\/wp-json\/wp\/v2\/product_brand?post=754476"},{"taxonomy":"product_cat","embeddable":true,"href":"https:\/\/roveyayinevi.com.tr\/index.php\/wp-json\/wp\/v2\/product_cat?post=754476"},{"taxonomy":"product_tag","embeddable":true,"href":"https:\/\/roveyayinevi.com.tr\/index.php\/wp-json\/wp\/v2\/product_tag?post=754476"}],"curies":[{"name":"wp","href":"https:\/\/api.w.org\/{rel}","templated":true}]}}