{"id":754463,"date":"2025-08-28T06:11:47","date_gmt":"2025-08-28T03:11:47","guid":{"rendered":"https:\/\/roveyayinevi.com.tr\/index.php\/urun\/ataturkun-kalemi\/"},"modified":"2026-04-16T03:07:50","modified_gmt":"2026-04-16T00:07:50","slug":"ataturkun-kalemi","status":"publish","type":"product","link":"https:\/\/roveyayinevi.com.tr\/index.php\/urun\/ataturkun-kalemi\/","title":{"rendered":"Atat\u00fcrk\u2019\u00fcn Kalemi"},"content":{"rendered":"<p>\u201cEN MESUT T\u00dcRKLER, ATAT\u00dcRK YA\u015eARKEN \u00d6LM\u00dc\u015e OLANLARDIR.\u201d \u2013 FAL\u0130H RIFKI ATAY   Falih R\u0131fk\u0131 Atay gizemliydi, Atat\u00fcrk\u2019\u00fcn kalem\u015foru, her daim bir kara kutuydu.   Atat\u00fcrk\u2019\u00fcn sofras\u0131nda en \u00e7ok bulunan insanlardand\u0131. Usta bir gazeteci, sad\u0131k bir dost, g\u00fcvenilir bir s\u0131rda\u015f, iyi bir baba, iyi bir e\u015fti. Ayn\u0131 zamanda Mina Urgan\u2019\u0131n da \u00fcvey babas\u0131yd\u0131.   Bu kitapta Falih R\u0131fk\u0131\u2019n\u0131n hayat\u0131ndan kesitler okurken, ayn\u0131 zamanda T\u00fcrkiye Cumhuriyeti Devleti\u2019nin ge\u00e7irdi\u011fi evrelere de tan\u0131kl\u0131k edip tarihe yolculuk edeceksiniz. \u00d6zellikle Turgut \u00d6zal ve Adnan Menderes\u2019li ve hatta Erdo\u011fan\u2019l\u0131 g\u00fcnlerin benzerlikleri g\u00f6zler \u00f6n\u00fcne serildi\u011finde, tarihin ger\u00e7ekten de tekerr\u00fcrden ibaret oldu\u011funu anlayacaks\u0131n\u0131z. <\/p>\n","protected":false},"excerpt":{"rendered":"<p>\u201cEN MESUT T\u00dcRKLER, ATAT\u00dcRK YA\u015eARKEN \u00d6LM\u00dc\u015e OLANLARDIR.\u201d \u2013 FAL\u0130H RIFKI ATAY Falih R\u0131fk\u0131 Atay gizemliydi, Atat\u00fcrk\u2019\u00fcn kalem\u015foru, her daim bir kara kutuydu. Atat\u00fcrk\u2019\u00fcn sofras\u0131nda en \u00e7ok<span class=\"excerpt-hellip\"> [\u2026]<\/span><\/p>\n","protected":false},"featured_media":0,"template":"","meta":{"_monsterinsights_skip_tracking":false,"_monsterinsights_sitenote_active":false,"_monsterinsights_sitenote_note":"","_monsterinsights_sitenote_category":0},"product_brand":[],"product_cat":[12370,12304],"product_tag":[],"class_list":{"0":"post-754463","1":"product","2":"type-product","3":"status-publish","5":"product_cat-arastirma-inceleme","6":"product_cat-tarih","7":"pa_cilt-ciltsiz","8":"pa_tur-kitap","9":"pa_yayinevi-destek-yayinlari","10":"pa_yazar-yasar-gursoy","12":"first","13":"instock","14":"sale","15":"shipping-taxable","16":"purchasable","17":"product-type-simple"},"_links":{"self":[{"href":"https:\/\/roveyayinevi.com.tr\/index.php\/wp-json\/wp\/v2\/product\/754463","targetHints":{"allow":["GET"]}}],"collection":[{"href":"https:\/\/roveyayinevi.com.tr\/index.php\/wp-json\/wp\/v2\/product"}],"about":[{"href":"https:\/\/roveyayinevi.com.tr\/index.php\/wp-json\/wp\/v2\/types\/product"}],"wp:attachment":[{"href":"https:\/\/roveyayinevi.com.tr\/index.php\/wp-json\/wp\/v2\/media?parent=754463"}],"wp:term":[{"taxonomy":"product_brand","embeddable":true,"href":"https:\/\/roveyayinevi.com.tr\/index.php\/wp-json\/wp\/v2\/product_brand?post=754463"},{"taxonomy":"product_cat","embeddable":true,"href":"https:\/\/roveyayinevi.com.tr\/index.php\/wp-json\/wp\/v2\/product_cat?post=754463"},{"taxonomy":"product_tag","embeddable":true,"href":"https:\/\/roveyayinevi.com.tr\/index.php\/wp-json\/wp\/v2\/product_tag?post=754463"}],"curies":[{"name":"wp","href":"https:\/\/api.w.org\/{rel}","templated":true}]}}