{"id":754457,"date":"2025-08-28T06:11:38","date_gmt":"2025-08-28T03:11:38","guid":{"rendered":"https:\/\/roveyayinevi.com.tr\/index.php\/urun\/deprem-umutsuzluga-yolculuk\/"},"modified":"2026-04-08T03:15:17","modified_gmt":"2026-04-08T00:15:17","slug":"deprem-umutsuzluga-yolculuk","status":"publish","type":"product","link":"https:\/\/roveyayinevi.com.tr\/index.php\/urun\/deprem-umutsuzluga-yolculuk\/","title":{"rendered":"Deprem Umutsuzlu\u011fa Yolculuk"},"content":{"rendered":"<p>&#8220;Kad\u0131nlar\u0131n \u00f6rselenmesi bitmiyor. Hayata tutunmak i\u00e7in daha fazla g\u00fc\u00e7 sarf eden kad\u0131nlar asl\u0131nda daha g\u00fc\u00e7l\u00fc. Kar\u015f\u0131la\u015ft\u0131klar\u0131 her zorlu\u011fa g\u00f6\u011f\u00fcs germekle yeterince y\u0131pran\u0131yorlar. Evet, hata da yap\u0131yorlar hayat\u0131n hengamesi karma\u015fas\u0131 i\u00e7inde. Yine de y\u0131lmayan kad\u0131nlar\u0131m\u0131za selam olsun.&#8221;   Yazar ve \u015eair Bet\u00fcl FIRAT <\/p>\n","protected":false},"excerpt":{"rendered":"<p>&#8220;Kad\u0131nlar\u0131n \u00f6rselenmesi bitmiyor. Hayata tutunmak i\u00e7in daha fazla g\u00fc\u00e7 sarf eden kad\u0131nlar asl\u0131nda daha g\u00fc\u00e7l\u00fc. Kar\u015f\u0131la\u015ft\u0131klar\u0131 her zorlu\u011fa g\u00f6\u011f\u00fcs germekle yeterince y\u0131pran\u0131yorlar. Evet, hata da yap\u0131yorlar<span class=\"excerpt-hellip\"> [\u2026]<\/span><\/p>\n","protected":false},"featured_media":0,"template":"","meta":{"_monsterinsights_skip_tracking":false,"_monsterinsights_sitenote_active":false,"_monsterinsights_sitenote_note":"","_monsterinsights_sitenote_category":0},"product_brand":[],"product_cat":[12291,12711],"product_tag":[],"class_list":{"0":"post-754457","1":"product","2":"type-product","3":"status-publish","5":"product_cat-edebiyat","6":"product_cat-roman-oyku","7":"pa_cilt-ciltsiz","8":"pa_tur-kitap","9":"pa_yayinevi-gulnar-yayinlari","10":"pa_yazar-hakan-dincay","12":"first","13":"instock","14":"sale","15":"shipping-taxable","16":"purchasable","17":"product-type-simple"},"_links":{"self":[{"href":"https:\/\/roveyayinevi.com.tr\/index.php\/wp-json\/wp\/v2\/product\/754457","targetHints":{"allow":["GET"]}}],"collection":[{"href":"https:\/\/roveyayinevi.com.tr\/index.php\/wp-json\/wp\/v2\/product"}],"about":[{"href":"https:\/\/roveyayinevi.com.tr\/index.php\/wp-json\/wp\/v2\/types\/product"}],"wp:attachment":[{"href":"https:\/\/roveyayinevi.com.tr\/index.php\/wp-json\/wp\/v2\/media?parent=754457"}],"wp:term":[{"taxonomy":"product_brand","embeddable":true,"href":"https:\/\/roveyayinevi.com.tr\/index.php\/wp-json\/wp\/v2\/product_brand?post=754457"},{"taxonomy":"product_cat","embeddable":true,"href":"https:\/\/roveyayinevi.com.tr\/index.php\/wp-json\/wp\/v2\/product_cat?post=754457"},{"taxonomy":"product_tag","embeddable":true,"href":"https:\/\/roveyayinevi.com.tr\/index.php\/wp-json\/wp\/v2\/product_tag?post=754457"}],"curies":[{"name":"wp","href":"https:\/\/api.w.org\/{rel}","templated":true}]}}