{"id":754451,"date":"2025-08-28T06:11:29","date_gmt":"2025-08-28T03:11:29","guid":{"rendered":"https:\/\/roveyayinevi.com.tr\/index.php\/urun\/efendi-ile-usak-2\/"},"modified":"2026-04-13T03:13:56","modified_gmt":"2026-04-13T00:13:56","slug":"efendi-ile-usak-2","status":"publish","type":"product","link":"https:\/\/roveyayinevi.com.tr\/index.php\/urun\/efendi-ile-usak-2\/","title":{"rendered":"Efendi ile U\u015fak"},"content":{"rendered":"<p>T\u00fcm zamanlar\u0131n en iyi yazarlar\u0131ndan olan Tolstoy, insan\u0131n bitmek bilmez h\u0131rslar\u0131n\u0131, paraya kar\u015f\u0131 olan tutkusunu ve doyumsuzlu\u011funu, insan ihtiras\u0131n\u0131n ne denli dizginlenemez bir \u015fey oldu\u011funu anlatt\u0131\u011f\u0131 Efendi ile U\u015fak\u2019ta ayn\u0131 zamanda s\u0131n\u0131fsal fark konusunu sars\u0131c\u0131 bir hik\u00e2yeyle anlat\u0131yor.<\/p>\n","protected":false},"excerpt":{"rendered":"<p>T\u00fcm zamanlar\u0131n en iyi yazarlar\u0131ndan olan Tolstoy, insan\u0131n bitmek bilmez h\u0131rslar\u0131n\u0131, paraya kar\u015f\u0131 olan tutkusunu ve doyumsuzlu\u011funu, insan ihtiras\u0131n\u0131n ne denli dizginlenemez bir \u015fey oldu\u011funu anlatt\u0131\u011f\u0131<span class=\"excerpt-hellip\"> [\u2026]<\/span><\/p>\n","protected":false},"featured_media":0,"template":"","meta":{"_monsterinsights_skip_tracking":false,"_monsterinsights_sitenote_active":false,"_monsterinsights_sitenote_note":"","_monsterinsights_sitenote_category":0},"product_brand":[],"product_cat":[12291,12711],"product_tag":[],"class_list":{"0":"post-754451","1":"product","2":"type-product","3":"status-publish","5":"product_cat-edebiyat","6":"product_cat-roman-oyku","7":"pa_cilt-ciltsiz","8":"pa_tur-kitap","9":"pa_yayinevi-turkuvaz-kitap","10":"pa_yazar-lev-nikolayevic-tolstoy","12":"first","13":"instock","14":"sale","15":"shipping-taxable","16":"purchasable","17":"product-type-simple"},"_links":{"self":[{"href":"https:\/\/roveyayinevi.com.tr\/index.php\/wp-json\/wp\/v2\/product\/754451","targetHints":{"allow":["GET"]}}],"collection":[{"href":"https:\/\/roveyayinevi.com.tr\/index.php\/wp-json\/wp\/v2\/product"}],"about":[{"href":"https:\/\/roveyayinevi.com.tr\/index.php\/wp-json\/wp\/v2\/types\/product"}],"wp:attachment":[{"href":"https:\/\/roveyayinevi.com.tr\/index.php\/wp-json\/wp\/v2\/media?parent=754451"}],"wp:term":[{"taxonomy":"product_brand","embeddable":true,"href":"https:\/\/roveyayinevi.com.tr\/index.php\/wp-json\/wp\/v2\/product_brand?post=754451"},{"taxonomy":"product_cat","embeddable":true,"href":"https:\/\/roveyayinevi.com.tr\/index.php\/wp-json\/wp\/v2\/product_cat?post=754451"},{"taxonomy":"product_tag","embeddable":true,"href":"https:\/\/roveyayinevi.com.tr\/index.php\/wp-json\/wp\/v2\/product_tag?post=754451"}],"curies":[{"name":"wp","href":"https:\/\/api.w.org\/{rel}","templated":true}]}}