{"id":754450,"date":"2025-08-28T06:11:27","date_gmt":"2025-08-28T03:11:27","guid":{"rendered":"https:\/\/roveyayinevi.com.tr\/index.php\/urun\/dogadaki-aile\/"},"modified":"2026-01-28T03:43:43","modified_gmt":"2026-01-28T00:43:43","slug":"dogadaki-aile","status":"publish","type":"product","link":"https:\/\/roveyayinevi.com.tr\/index.php\/urun\/dogadaki-aile\/","title":{"rendered":"Do\u011fadaki Aile"},"content":{"rendered":"<p>Psikiyatrik hastal\u0131klar\u0131n kat kat artt\u0131\u011f\u0131, hareketsizli\u011fe ba\u011fl\u0131 obezitenin \u00e7ocukluk \u00e7a\u011f\u0131na indi\u011fi, bo\u015fanma oranlar\u0131n\u0131n h\u0131zla y\u00fckseldi\u011fi, aile i\u00e7i ileti\u015fimsizli\u011fi ayyuka \u00e7\u0131kt\u0131\u011f\u0131 bir \u00e7a\u011fda, ekran ba\u015f\u0131ndan zengin kalk\u0131\u015f\u0131 yap\u0131p telefon tutan ellerimizi ailemizin eline uzatman\u0131n, dizi izledi\u011fimiz dikkatle e\u015flerimizin ve \u00e7ocuklar\u0131m\u0131z\u0131n g\u00f6zlerine bakman\u0131n, \u00f6z\u00fcm\u00fcz\u00fc bulmak i\u00e7in topra\u011fa ve suya ko\u015fman\u0131n, k\u0131sacas\u0131 \u201cDo\u011fadaki Aile\u201d olman\u0131n zaman\u0131 geldi de ge\u00e7iyor! Y\u0131llard\u0131r y\u00fczlerce aileye tefekk\u00fcr y\u00fcr\u00fcy\u00fc\u015fleri, kamplar ve do\u011fa etkinlikleri d\u00fczenleyen Elif-Ey\u00fcp G\u00fcvere \u00e7ifti, bu defa aileleri bir kitab\u0131n sat\u0131rlar\u0131nda gezintiye \u00e7\u0131kar\u0131yor, aileler Do\u011fadaki Aile arac\u0131l\u0131\u011f\u0131yla \u00f6z\u00fcne d\u00f6n\u00fcyor. \u201cDo\u011fada olmak ne demek? Ailece do\u011fal ya\u015fam\u0131n form\u00fclleri nelerdir? AVM k\u00fclt\u00fcr\u00fcnden nas\u0131l kurtuluruz? Gen\u00e7leri ekran ba\u015f\u0131ndan nas\u0131l kald\u0131r\u0131r\u0131z? Ormanda mangal d\u0131\u015f\u0131nda neler yap\u0131l\u0131r? Ailece tatil ve ke\u015fif yapman\u0131n pratik yollar\u0131 nelerdir?\u201d gibi onlarca sorunun cevab\u0131n\u0131 bu kitapta bulacaks\u0131n\u0131z <\/p>\n","protected":false},"excerpt":{"rendered":"<p>Psikiyatrik hastal\u0131klar\u0131n kat kat artt\u0131\u011f\u0131, hareketsizli\u011fe ba\u011fl\u0131 obezitenin \u00e7ocukluk \u00e7a\u011f\u0131na indi\u011fi, bo\u015fanma oranlar\u0131n\u0131n h\u0131zla y\u00fckseldi\u011fi, aile i\u00e7i ileti\u015fimsizli\u011fi ayyuka \u00e7\u0131kt\u0131\u011f\u0131 bir \u00e7a\u011fda, ekran ba\u015f\u0131ndan zengin kalk\u0131\u015f\u0131<span class=\"excerpt-hellip\"> [\u2026]<\/span><\/p>\n","protected":false},"featured_media":0,"template":"","meta":{"_monsterinsights_skip_tracking":false,"_monsterinsights_sitenote_active":false,"_monsterinsights_sitenote_note":"","_monsterinsights_sitenote_category":0},"product_brand":[],"product_cat":[18545,12291],"product_tag":[],"class_list":{"0":"post-754450","1":"product","2":"type-product","3":"status-publish","5":"product_cat-anlati","6":"product_cat-edebiyat","7":"pa_cilt-ciltsiz","8":"pa_tur-kitap","9":"pa_yayinevi-aile-yayinlari","10":"pa_yazar-elif-guvere-eyup-guvere","12":"first","13":"instock","14":"sale","15":"shipping-taxable","16":"purchasable","17":"product-type-simple"},"_links":{"self":[{"href":"https:\/\/roveyayinevi.com.tr\/index.php\/wp-json\/wp\/v2\/product\/754450","targetHints":{"allow":["GET"]}}],"collection":[{"href":"https:\/\/roveyayinevi.com.tr\/index.php\/wp-json\/wp\/v2\/product"}],"about":[{"href":"https:\/\/roveyayinevi.com.tr\/index.php\/wp-json\/wp\/v2\/types\/product"}],"wp:attachment":[{"href":"https:\/\/roveyayinevi.com.tr\/index.php\/wp-json\/wp\/v2\/media?parent=754450"}],"wp:term":[{"taxonomy":"product_brand","embeddable":true,"href":"https:\/\/roveyayinevi.com.tr\/index.php\/wp-json\/wp\/v2\/product_brand?post=754450"},{"taxonomy":"product_cat","embeddable":true,"href":"https:\/\/roveyayinevi.com.tr\/index.php\/wp-json\/wp\/v2\/product_cat?post=754450"},{"taxonomy":"product_tag","embeddable":true,"href":"https:\/\/roveyayinevi.com.tr\/index.php\/wp-json\/wp\/v2\/product_tag?post=754450"}],"curies":[{"name":"wp","href":"https:\/\/api.w.org\/{rel}","templated":true}]}}