{"id":754440,"date":"2025-08-28T06:11:12","date_gmt":"2025-08-28T03:11:12","guid":{"rendered":"https:\/\/roveyayinevi.com.tr\/index.php\/urun\/ataturk-anadoluda-1919-1921\/"},"modified":"2026-04-16T03:07:50","modified_gmt":"2026-04-16T00:07:50","slug":"ataturk-anadoluda-1919-1921","status":"publish","type":"product","link":"https:\/\/roveyayinevi.com.tr\/index.php\/urun\/ataturk-anadoluda-1919-1921\/","title":{"rendered":"Atat\u00fcrk Anadolu\u2019da 1919-1921"},"content":{"rendered":"<p>\u201cAtat\u00fcrk Anadolu\u2019da adl\u0131 bu k\u00fc\u00e7\u00fck kitap Milli M\u00fccadelemizin, ba\u015f\u0131ndan sonuna kadar eksiksiz bir tarihi de\u011fildir. Bununla beraber, bu k\u00fc\u00e7\u00fck incelemede, Milli M\u00fccadelemizin ba\u015fl\u0131ca olaylar\u0131 \u00fczerinde, g\u00fc\u00e7l\u00fckle bulabildi\u011fim resmi ve \u00f6zel belgelerin \u0131\u015f\u0131\u011f\u0131 alt\u0131nda, dikkatle durulmu\u015ftur. Milli M\u00fccadele tarihimizin her bak\u0131mdan ayd\u0131nlat\u0131labilmesi i\u00e7in, herkesin her \u015feyden \u00fcmit kesmi\u015f bulundu\u011fu m\u00fctarekenin ilk alt\u0131 ay\u0131nda bir kahraman\u0131n neye dayanarak m\u00fccadeleye ba\u015flam\u0131\u015f oldu\u011fu, \u00fczerinde durulmas\u0131 gereken bir problemdir. Samsun\u2019a \u00e7\u0131kan Mustafa Kemal Pa\u015fa\u2019n\u0131n bir \u2018milli mukavemet\u2019 cephesi kurabilmesi ise Anadolu\u2019ya ge\u00e7mesinden daha kolay olmam\u0131\u015ft\u0131r.\u201d T\u00fcrk Tarih Kurumu\u2019nun ilk ba\u015fkan\u0131 Tevfik B\u0131y\u0131kl\u0131o\u011flu, ilk kez 1959\u2019da bas\u0131lan \u00e7al\u0131\u015fmas\u0131nda Kurtulu\u015f Sava\u015f\u0131\u2019n\u0131n ba\u015flang\u0131\u00e7 a\u015famas\u0131n\u0131, Alman tarih\u00e7i Gotthard Jaeschke\u2019nin \u2018T\u00fcrk Milletinin H\u00fcrriyet M\u00fccadelesi\u2019 adl\u0131 makalesinden hareket ederek, m\u00fcdafaa-i hukuk cemiyetlerinin kurulmas\u0131, Mustafa Kemal Pa\u015fa\u2019n\u0131n Anadolu\u2019ya ge\u00e7i\u015fi, Sovyet Rusya ile i\u015fbirli\u011fi, \u0130stanbul h\u00fck\u00fcmetlerinin Milli M\u00fccadeleye kar\u015f\u0131 tutumu ve di\u011fer geli\u015fmeler \u00e7er\u00e7evesinde ele al\u0131yor.<\/p>\n","protected":false},"excerpt":{"rendered":"<p>\u201cAtat\u00fcrk Anadolu\u2019da adl\u0131 bu k\u00fc\u00e7\u00fck kitap Milli M\u00fccadelemizin, ba\u015f\u0131ndan sonuna kadar eksiksiz bir tarihi de\u011fildir. Bununla beraber, bu k\u00fc\u00e7\u00fck incelemede, Milli M\u00fccadelemizin ba\u015fl\u0131ca olaylar\u0131 \u00fczerinde, g\u00fc\u00e7l\u00fckle<span class=\"excerpt-hellip\"> [\u2026]<\/span><\/p>\n","protected":false},"featured_media":0,"template":"","meta":{"_monsterinsights_skip_tracking":false,"_monsterinsights_sitenote_active":false,"_monsterinsights_sitenote_note":"","_monsterinsights_sitenote_category":0},"product_brand":[],"product_cat":[12370,12304],"product_tag":[],"class_list":{"0":"post-754440","1":"product","2":"type-product","3":"status-publish","5":"product_cat-arastirma-inceleme","6":"product_cat-tarih","7":"pa_cilt-ciltsiz","8":"pa_tur-kitap","9":"pa_yayinevi-is-bankasi-kultur-yayinlari","10":"pa_yazar-tevfik-biyiklioglu","12":"first","13":"instock","14":"sale","15":"shipping-taxable","16":"purchasable","17":"product-type-simple"},"_links":{"self":[{"href":"https:\/\/roveyayinevi.com.tr\/index.php\/wp-json\/wp\/v2\/product\/754440","targetHints":{"allow":["GET"]}}],"collection":[{"href":"https:\/\/roveyayinevi.com.tr\/index.php\/wp-json\/wp\/v2\/product"}],"about":[{"href":"https:\/\/roveyayinevi.com.tr\/index.php\/wp-json\/wp\/v2\/types\/product"}],"wp:attachment":[{"href":"https:\/\/roveyayinevi.com.tr\/index.php\/wp-json\/wp\/v2\/media?parent=754440"}],"wp:term":[{"taxonomy":"product_brand","embeddable":true,"href":"https:\/\/roveyayinevi.com.tr\/index.php\/wp-json\/wp\/v2\/product_brand?post=754440"},{"taxonomy":"product_cat","embeddable":true,"href":"https:\/\/roveyayinevi.com.tr\/index.php\/wp-json\/wp\/v2\/product_cat?post=754440"},{"taxonomy":"product_tag","embeddable":true,"href":"https:\/\/roveyayinevi.com.tr\/index.php\/wp-json\/wp\/v2\/product_tag?post=754440"}],"curies":[{"name":"wp","href":"https:\/\/api.w.org\/{rel}","templated":true}]}}

Atatürk Anadolu’da 1919-1921

<p>“Atatürk Anadolu’da adlı bu küçük kitap Milli Mücadelemizin, başından sonuna kadar eksiksiz bir tarihi değildir. Bununla beraber, bu küçük incelemede, Milli Mücadelemizin başlıca olayları üzerinde, güçlükle bulabildiğim resmi ve özel belgelerin ışığı altında, dikkatle durulmuştur. Milli Mücadele tarihimizin her bakımdan aydınlatılabilmesi için, herkesin her şeyden ümit kesmiş bulunduğu mütarekenin ilk altı ayında bir kahramanın neye dayanarak mücadeleye başlamış olduğu, üzerinde durulması gereken bir problemdir. Samsun’a çıkan Mustafa Kemal Paşa’nın bir ‘milli mukavemet’ cephesi kurabilmesi ise Anadolu’ya geçmesinden daha kolay olmamıştır.” Türk Tarih Kurumu’nun ilk başkanı Tevfik Bıyıklıoğlu, ilk kez 1959’da basılan çalışmasında Kurtuluş Savaşı’nın başlangıç aşamasını, Alman tarihçi Gotthard Jaeschke’nin ‘Türk Milletinin Hürriyet Mücadelesi’ adlı makalesinden hareket ederek, müdafaa-i hukuk cemiyetlerinin kurulması, Mustafa Kemal Paşa’nın Anadolu’ya geçişi, Sovyet Rusya ile işbirliği, İstanbul hükümetlerinin Milli Mücadeleye karşı tutumu ve diğer gelişmeler çerçevesinde ele alıyor.</p>

<p>“Atatürk Anadolu’da adlı bu küçük kitap Milli Mücadelemizin, başından sonuna kadar eksiksiz bir tarihi değildir. Bununla beraber, bu küçük incelemede, Milli Mücadelemizin başlıca olayları üzerinde, güçlükle<span class="excerpt-hellip"> […]</span></p>
