{"id":754409,"date":"2025-08-28T06:09:44","date_gmt":"2025-08-28T03:09:44","guid":{"rendered":"https:\/\/roveyayinevi.com.tr\/index.php\/urun\/saha-yakut-turkcesi\/"},"modified":"2026-04-16T03:07:49","modified_gmt":"2026-04-16T00:07:49","slug":"saha-yakut-turkcesi","status":"publish","type":"product","link":"https:\/\/roveyayinevi.com.tr\/index.php\/urun\/saha-yakut-turkcesi\/","title":{"rendered":"Saha (Yakut) T\u00fcrk\u00e7esi"},"content":{"rendered":"<p>T\u00fcrk d\u00fcnyas\u0131 co\u011frafyas\u0131n\u0131n uzak bir b\u00f6lgesinde, so\u011fuk bir iklim ku\u015fa\u011f\u0131nda ya\u015fayan Saha (Yakut) T\u00fcrkleri s\u00f6zl\u00fc edebiyat \u00fcr\u00fcnleri a\u00e7\u0131s\u0131ndan olduk\u00e7a zengin bir birikime sahiptirler. Bu zenginli\u011fin \u00f6nemli \u00f6\u011felerinden biri olan masallar, Sahalar\u0131n k\u00fclt\u00fcrel haf\u0131zas\u0131nda \u00f6nemli bir yer tutar. Bu \u00e7al\u0131\u015fmada yer alan masallar Saha k\u00fclt\u00fcr\u00fcne, geleneksel inan\u0131\u015f ve uygulamalar\u0131na ait pek \u00e7ok \u00f6\u011fe bar\u0131nd\u0131rmaktad\u0131r. Saha k\u00fclt\u00fcr\u00fcnde \u00f6nemli yer tutan bal\u0131k\u00e7\u0131l\u0131k, avc\u0131l\u0131k, demircilik, \u00e7ift\u00e7ilik gibi meslekler masallarda yer alm\u0131\u015ft\u0131r. Bunun d\u0131\u015f\u0131nda hayvanlar, Saha k\u00fclt\u00fcr\u00fcndeki \u015fekliyle masallar\u0131n \u015fah\u0131s kadrosuna girmi\u015f ve belirgin y\u00f6nleriyle ele al\u0131nm\u0131\u015ft\u0131r. Ay\u0131lar g\u00fc\u00e7l\u00fc, kartallar cesur, y\u0131lanlar bilge, aslanlar emsalsiz olarak anlat\u0131lmaktad\u0131r. Masallarda genel olarak \u00e7al\u0131\u015fkanl\u0131k, ak\u0131ll\u0131 ve adaletli olmak, eme\u011fe k\u0131ymet vermek iyi \u00f6zellikler olarak \u00f6ne \u00e7\u0131karken; bencillik, kibir, yalan s\u00f6ylemek gibi davran\u0131\u015flar ise k\u00f6t\u00fc olarak i\u015flenmi\u015ftir. Masallar\u0131n sonunda her zaman iyilikten ve adaletten yana olanlar kazanm\u0131\u015f; insanlara k\u00f6t\u00fcl\u00fck yapanlar kaybetmi\u015ftir. <\/p>\n","protected":false},"excerpt":{"rendered":"<p>T\u00fcrk d\u00fcnyas\u0131 co\u011frafyas\u0131n\u0131n uzak bir b\u00f6lgesinde, so\u011fuk bir iklim ku\u015fa\u011f\u0131nda ya\u015fayan Saha (Yakut) T\u00fcrkleri s\u00f6zl\u00fc edebiyat \u00fcr\u00fcnleri a\u00e7\u0131s\u0131ndan olduk\u00e7a zengin bir birikime sahiptirler. Bu zenginli\u011fin \u00f6nemli<span class=\"excerpt-hellip\"> [\u2026]<\/span><\/p>\n","protected":false},"featured_media":0,"template":"","meta":{"_monsterinsights_skip_tracking":false,"_monsterinsights_sitenote_active":false,"_monsterinsights_sitenote_note":"","_monsterinsights_sitenote_category":0},"product_brand":[],"product_cat":[12291,13706],"product_tag":[],"class_list":{"0":"post-754409","1":"product","2":"type-product","3":"status-publish","5":"product_cat-edebiyat","6":"product_cat-efsane-destan-masal","7":"pa_cilt-ciltsiz","8":"pa_tur-kitap","9":"pa_yayinevi-soncag-akademik-kitaplar","10":"pa_yazar-mehtap-solak-saglam","12":"first","13":"instock","14":"sale","15":"shipping-taxable","16":"purchasable","17":"product-type-simple"},"_links":{"self":[{"href":"https:\/\/roveyayinevi.com.tr\/index.php\/wp-json\/wp\/v2\/product\/754409","targetHints":{"allow":["GET"]}}],"collection":[{"href":"https:\/\/roveyayinevi.com.tr\/index.php\/wp-json\/wp\/v2\/product"}],"about":[{"href":"https:\/\/roveyayinevi.com.tr\/index.php\/wp-json\/wp\/v2\/types\/product"}],"wp:attachment":[{"href":"https:\/\/roveyayinevi.com.tr\/index.php\/wp-json\/wp\/v2\/media?parent=754409"}],"wp:term":[{"taxonomy":"product_brand","embeddable":true,"href":"https:\/\/roveyayinevi.com.tr\/index.php\/wp-json\/wp\/v2\/product_brand?post=754409"},{"taxonomy":"product_cat","embeddable":true,"href":"https:\/\/roveyayinevi.com.tr\/index.php\/wp-json\/wp\/v2\/product_cat?post=754409"},{"taxonomy":"product_tag","embeddable":true,"href":"https:\/\/roveyayinevi.com.tr\/index.php\/wp-json\/wp\/v2\/product_tag?post=754409"}],"curies":[{"name":"wp","href":"https:\/\/api.w.org\/{rel}","templated":true}]}}