{"id":754404,"date":"2025-08-28T06:09:37","date_gmt":"2025-08-28T03:09:37","guid":{"rendered":"https:\/\/roveyayinevi.com.tr\/index.php\/urun\/tur-kirim-1\/"},"modified":"2026-04-16T03:07:49","modified_gmt":"2026-04-16T00:07:49","slug":"tur-kirim-1","status":"publish","type":"product","link":"https:\/\/roveyayinevi.com.tr\/index.php\/urun\/tur-kirim-1\/","title":{"rendered":"T\u00fcr K\u0131r\u0131m &#8211; 1"},"content":{"rendered":"<p>Modern d\u00fcnya tasar\u0131m\u0131; tarihte e\u015fi benzeri daha \u00f6nce hi\u00e7 g\u00f6r\u00fclmemi\u015f ve insanl\u0131\u011fa kar\u015f\u0131 kurulmu\u015f olan \u00f6l\u00fcmc\u00fcl bir komplodur. Bu tasar\u0131m\u0131n ana amac\u0131ysa; gezegeni geri d\u00f6n\u00fc\u015f\u00fc olmayacak \u015fekilde tahrip etmek ve insanl\u0131\u011fa kendini a\u015fama a\u015fama yok ettirmektir. Binlerce y\u0131l ya\u015f\u0131nda olan bu \u201ckadim niyet\u201d insanl\u0131k durumun ve tehlikenin fark\u0131nda olmad\u0131\u011f\u0131 i\u00e7in, g\u00fcn\u00fcm\u00fczde ne yaz\u0131k ki amac\u0131na ula\u015fmak \u00fczere. Gezegenden insan t\u00fcr\u00fcn\u00fc yok etmek i\u00e7in kullan\u0131labilecek en etkili silah hi\u00e7 \u015f\u00fcphesiz ki cinselliktir. Cinselli\u011fin programlanabilmesi ve insanl\u0131\u011fa kar\u015f\u0131 \u00f6l\u00fcmc\u00fcl bir silah olarak kullan\u0131labilmesi i\u00e7in, binlerce y\u0131ll\u0131k bir alt yap\u0131 \u00e7al\u0131\u015fmas\u0131 gerekmi\u015ftir. Bu kadim \u00e7al\u0131\u015fman\u0131n izlerini s\u00fcren yakla\u015f\u0131k 30 y\u0131ll\u0131k bir ara\u015ft\u0131rman\u0131n ve g\u00f6zlemin \u00fcr\u00fcn\u00fc olan bu kitap; anlay\u0131\u015f\u0131n\u0131z\u0131 derinle\u015ftirecek, idrakinizi a\u00e7acak, perspektifinizi geni\u015fletecek, alg\u0131lar\u0131n\u0131z\u0131 yeni bir bilin\u00e7 seviyesine \u00e7\u0131kartacak, cinselli\u011fe bak\u0131\u015f a\u00e7\u0131n\u0131z\u0131 de\u011fi\u015ftirecek, hayat\u0131 ve d\u00fcnyay\u0131 daha derinden anlaman\u0131z i\u00e7in fark\u0131ndal\u0131\u011f\u0131n\u0131z\u0131 y\u00fckseltecek ve sizi bilgiye doyuracakt\u0131r. G\u00fcn\u00fcm\u00fczde kaba, ha\u015fin, sert, hoyrat, sevgisiz, sayg\u0131s\u0131z, anlay\u0131\u015fs\u0131z, \u015fefkatsiz, merhametsiz, \u015fiddet dolu ve insaniyetlikten son derece uzakla\u015farak \u00f6z benli\u011fini ve \u00f6z niteli\u011fini nerdeyse tamamen kaybetmi\u015f olan insanl\u0131\u011f\u0131n; hangi \u00e7al\u0131\u015fmalar\u0131n neticesinde kendini t\u00fcketme noktas\u0131na getirildi\u011fini kitab\u0131 okuduk\u00e7a daha net anlayacaks\u0131n\u0131z. \u015e\u00fcphesiz ki insanl\u0131\u011f\u0131n gezegen \u00fczerindeki varl\u0131\u011f\u0131 d\u00fcnya kuruldu\u011fundan bu yana hi\u00e7 bu kadar tehdit ve tehlike alt\u0131nda olmam\u0131\u015ft\u0131r. \u0130nsanl\u0131k i\u00e7ine itildi\u011fi bu kadim tehlikenin fark\u0131na varmazsa e\u011fer hi\u00e7 de uzak olmayan \u00e7ok yak\u0131n bir gelecekte, t\u00fcr\u00fcn\u00fcn devam\u0131n\u0131 sa\u011flayamad\u0131\u011f\u0131 i\u00e7in gezegenden yok olup gidecektir. Bu kitap tehlikenin fark\u0131na var\u0131ld\u0131\u011f\u0131 i\u00e7in, insanl\u0131\u011fa kar\u015f\u0131 hissedilen merhamet, \u015fefkat, sevgi ve a\u011f\u0131r bir sorumluluk duygusuyla, onlarca y\u0131ll\u0131k ara\u015ft\u0131rma, g\u00f6zlem, okuma, bilgi birikimi ve vaka \u00e7al\u0131\u015fmalar\u0131 neticesinde \u00e7ok yo\u011fun bir eme\u011fin sonucu olarak ortaya \u00e7\u0131kt\u0131. <\/p>\n","protected":false},"excerpt":{"rendered":"<p>Modern d\u00fcnya tasar\u0131m\u0131; tarihte e\u015fi benzeri daha \u00f6nce hi\u00e7 g\u00f6r\u00fclmemi\u015f ve insanl\u0131\u011fa kar\u015f\u0131 kurulmu\u015f olan \u00f6l\u00fcmc\u00fcl bir komplodur. Bu tasar\u0131m\u0131n ana amac\u0131ysa; gezegeni geri d\u00f6n\u00fc\u015f\u00fc olmayacak<span class=\"excerpt-hellip\"> [\u2026]<\/span><\/p>\n","protected":false},"featured_media":0,"template":"","meta":{"_monsterinsights_skip_tracking":false,"_monsterinsights_sitenote_active":false,"_monsterinsights_sitenote_note":"","_monsterinsights_sitenote_category":0},"product_brand":[],"product_cat":[12325,12324],"product_tag":[],"class_list":{"0":"post-754404","1":"product","2":"type-product","3":"status-publish","5":"product_cat-diger-sosyoloji","6":"product_cat-sosyoloji","7":"pa_cilt-ciltsiz","8":"pa_tur-kitap","9":"pa_yayinevi-psikostrateji-yayinevi","10":"pa_yazar-elif-bayraktar","12":"first","13":"instock","14":"sale","15":"shipping-taxable","16":"purchasable","17":"product-type-simple"},"_links":{"self":[{"href":"https:\/\/roveyayinevi.com.tr\/index.php\/wp-json\/wp\/v2\/product\/754404","targetHints":{"allow":["GET"]}}],"collection":[{"href":"https:\/\/roveyayinevi.com.tr\/index.php\/wp-json\/wp\/v2\/product"}],"about":[{"href":"https:\/\/roveyayinevi.com.tr\/index.php\/wp-json\/wp\/v2\/types\/product"}],"wp:attachment":[{"href":"https:\/\/roveyayinevi.com.tr\/index.php\/wp-json\/wp\/v2\/media?parent=754404"}],"wp:term":[{"taxonomy":"product_brand","embeddable":true,"href":"https:\/\/roveyayinevi.com.tr\/index.php\/wp-json\/wp\/v2\/product_brand?post=754404"},{"taxonomy":"product_cat","embeddable":true,"href":"https:\/\/roveyayinevi.com.tr\/index.php\/wp-json\/wp\/v2\/product_cat?post=754404"},{"taxonomy":"product_tag","embeddable":true,"href":"https:\/\/roveyayinevi.com.tr\/index.php\/wp-json\/wp\/v2\/product_tag?post=754404"}],"curies":[{"name":"wp","href":"https:\/\/api.w.org\/{rel}","templated":true}]}}