{"id":754401,"date":"2025-08-28T06:09:32","date_gmt":"2025-08-28T03:09:32","guid":{"rendered":"https:\/\/roveyayinevi.com.tr\/index.php\/urun\/kafkas-irkinin-yukselisi-ve-dususu\/"},"modified":"2026-04-16T03:07:48","modified_gmt":"2026-04-16T00:07:48","slug":"kafkas-irkinin-yukselisi-ve-dususu","status":"publish","type":"product","link":"https:\/\/roveyayinevi.com.tr\/index.php\/urun\/kafkas-irkinin-yukselisi-ve-dususu\/","title":{"rendered":"Kafkas Irk\u0131n\u0131n Y\u00fckseli\u015fi ve D\u00fc\u015f\u00fc\u015f\u00fc"},"content":{"rendered":"<p>\u201cKafkas\u201d terimi modern \u00e7a\u011f\u0131n ilgin\u00e7 bir icad\u0131d\u0131r. 1795 y\u0131l\u0131nda ortaya \u00e7\u0131kan terim, hem Kafkas Da\u011flar\u0131n\u0131 \u00e7evreleyen b\u00f6lge halklar\u0131n\u0131 hem de \u0131rksal olarak \u201cKafkas\u201d oldu\u011fu d\u00fc\u015f\u00fcn\u00fclen halklar\u0131 tan\u0131mlamak i\u00e7in kullan\u0131l\u0131r. Bruce Baum, bu kitapta de\u011fi\u015fen \u0131rksal teori ve \u0131rksal kimlik siyaseti \u0131\u015f\u0131\u011f\u0131nda, \u201cKafkas \u0131rk\u0131\u201d teriminin ve kategorisinin tarihini irdeliyor. Ayr\u0131ca kapsaml\u0131 bir literat\u00fcr taramas\u0131yla Orta \u00c7a\u011f\u2019dan g\u00fcn\u00fcm\u00fcze kadar bilimsel ve entelekt\u00fcel \u201c\u0131rk\u201d anlay\u0131\u015f\u0131ndaki ba\u015fl\u0131ca e\u011filimlerin izini s\u00fcr\u00fcyor. Baum bu benzersiz giri\u015fimle, \u0131rk anlay\u0131\u015f\u0131m\u0131za ve tarih boyunca \u201cKafkas \u0131rk\u0131n\u0131n\u201d nas\u0131l icat edildi\u011fine, benimsendi\u011fine ve g\u00f6zden d\u00fc\u015ft\u00fc\u011f\u00fcne dair \u00f6nemli bilgiler sunuyor.<\/p>\n","protected":false},"excerpt":{"rendered":"<p>\u201cKafkas\u201d terimi modern \u00e7a\u011f\u0131n ilgin\u00e7 bir icad\u0131d\u0131r. 1795 y\u0131l\u0131nda ortaya \u00e7\u0131kan terim, hem Kafkas Da\u011flar\u0131n\u0131 \u00e7evreleyen b\u00f6lge halklar\u0131n\u0131 hem de \u0131rksal olarak \u201cKafkas\u201d oldu\u011fu d\u00fc\u015f\u00fcn\u00fclen halklar\u0131<span class=\"excerpt-hellip\"> [\u2026]<\/span><\/p>\n","protected":false},"featured_media":0,"template":"","meta":{"_monsterinsights_skip_tracking":false,"_monsterinsights_sitenote_active":false,"_monsterinsights_sitenote_note":"","_monsterinsights_sitenote_category":0},"product_brand":[],"product_cat":[13590,12337],"product_tag":[],"class_list":{"0":"post-754401","1":"product","2":"type-product","3":"status-publish","5":"product_cat-arastirma-inceleme-politika-siyaset","6":"product_cat-politika-siyaset","7":"pa_cilt-ciltsiz","8":"pa_tur-kitap","9":"pa_yayinevi-koyusiyah-kitap","10":"pa_yazar-bruce-baum","12":"first","13":"instock","14":"sale","15":"shipping-taxable","16":"purchasable","17":"product-type-simple"},"_links":{"self":[{"href":"https:\/\/roveyayinevi.com.tr\/index.php\/wp-json\/wp\/v2\/product\/754401","targetHints":{"allow":["GET"]}}],"collection":[{"href":"https:\/\/roveyayinevi.com.tr\/index.php\/wp-json\/wp\/v2\/product"}],"about":[{"href":"https:\/\/roveyayinevi.com.tr\/index.php\/wp-json\/wp\/v2\/types\/product"}],"wp:attachment":[{"href":"https:\/\/roveyayinevi.com.tr\/index.php\/wp-json\/wp\/v2\/media?parent=754401"}],"wp:term":[{"taxonomy":"product_brand","embeddable":true,"href":"https:\/\/roveyayinevi.com.tr\/index.php\/wp-json\/wp\/v2\/product_brand?post=754401"},{"taxonomy":"product_cat","embeddable":true,"href":"https:\/\/roveyayinevi.com.tr\/index.php\/wp-json\/wp\/v2\/product_cat?post=754401"},{"taxonomy":"product_tag","embeddable":true,"href":"https:\/\/roveyayinevi.com.tr\/index.php\/wp-json\/wp\/v2\/product_tag?post=754401"}],"curies":[{"name":"wp","href":"https:\/\/api.w.org\/{rel}","templated":true}]}}