{"id":754382,"date":"2025-08-28T06:09:04","date_gmt":"2025-08-28T03:09:04","guid":{"rendered":"https:\/\/roveyayinevi.com.tr\/index.php\/urun\/kose-basinda-bulusalim\/"},"modified":"2026-04-16T03:07:48","modified_gmt":"2026-04-16T00:07:48","slug":"kose-basinda-bulusalim","status":"publish","type":"product","link":"https:\/\/roveyayinevi.com.tr\/index.php\/urun\/kose-basinda-bulusalim\/","title":{"rendered":"K\u00f6\u015fe Ba\u015f\u0131nda Bulu\u015fal\u0131m"},"content":{"rendered":"<p>Par\u00e7a par\u00e7a d\u00f6k\u00fcld\u00fc binan\u0131n camlar\u0131. Zaman durdu. Yaln\u0131z sen, ben ve bo\u015f oda Par\u00e7a par\u00e7a d\u00f6k\u00fcld\u00fc ortaya. B\u00fct\u00fcn saatler, farkl\u0131 dakika g\u00f6steriyordu. B\u00fct\u00fcn takvimler, farkl\u0131 g\u00fcn, Biz seninle farkl\u0131 d\u00fcnya&#8230; Par\u00e7a par\u00e7a d\u00f6k\u00fcld\u00fc duvarlar \u00dcst\u00fcm\u00fcze y\u0131k\u0131l\u0131rcas\u0131na. Ne d\u00fc\u015f kald\u0131 ne r\u00fcya, Yaln\u0131z sen, ben ve bo\u015f oda&#8230; Par\u00e7a par\u00e7a d\u00f6k\u00fcld\u00fc bu bina, Sen \u00e7\u0131kt\u0131n Ben kald\u0131m enkazda. <\/p>\n","protected":false},"excerpt":{"rendered":"<p>Par\u00e7a par\u00e7a d\u00f6k\u00fcld\u00fc binan\u0131n camlar\u0131. Zaman durdu. Yaln\u0131z sen, ben ve bo\u015f oda Par\u00e7a par\u00e7a d\u00f6k\u00fcld\u00fc ortaya. B\u00fct\u00fcn saatler, farkl\u0131 dakika g\u00f6steriyordu. B\u00fct\u00fcn takvimler, farkl\u0131 g\u00fcn,<span class=\"excerpt-hellip\"> [\u2026]<\/span><\/p>\n","protected":false},"featured_media":0,"template":"","meta":{"_monsterinsights_skip_tracking":false,"_monsterinsights_sitenote_active":false,"_monsterinsights_sitenote_note":"","_monsterinsights_sitenote_category":0},"product_brand":[],"product_cat":[12291,12509],"product_tag":[],"class_list":{"0":"post-754382","1":"product","2":"type-product","3":"status-publish","5":"product_cat-edebiyat","6":"product_cat-siir","7":"pa_cilt-ciltsiz","8":"pa_tur-kitap","9":"pa_yayinevi-luna-yayinlari","10":"pa_yazar-beliz-hasat-erguven","12":"first","13":"instock","14":"sale","15":"shipping-taxable","16":"purchasable","17":"product-type-simple"},"_links":{"self":[{"href":"https:\/\/roveyayinevi.com.tr\/index.php\/wp-json\/wp\/v2\/product\/754382","targetHints":{"allow":["GET"]}}],"collection":[{"href":"https:\/\/roveyayinevi.com.tr\/index.php\/wp-json\/wp\/v2\/product"}],"about":[{"href":"https:\/\/roveyayinevi.com.tr\/index.php\/wp-json\/wp\/v2\/types\/product"}],"wp:attachment":[{"href":"https:\/\/roveyayinevi.com.tr\/index.php\/wp-json\/wp\/v2\/media?parent=754382"}],"wp:term":[{"taxonomy":"product_brand","embeddable":true,"href":"https:\/\/roveyayinevi.com.tr\/index.php\/wp-json\/wp\/v2\/product_brand?post=754382"},{"taxonomy":"product_cat","embeddable":true,"href":"https:\/\/roveyayinevi.com.tr\/index.php\/wp-json\/wp\/v2\/product_cat?post=754382"},{"taxonomy":"product_tag","embeddable":true,"href":"https:\/\/roveyayinevi.com.tr\/index.php\/wp-json\/wp\/v2\/product_tag?post=754382"}],"curies":[{"name":"wp","href":"https:\/\/api.w.org\/{rel}","templated":true}]}}